{"id":8815,"date":"2025-05-07T13:40:56","date_gmt":"2025-05-07T11:40:56","guid":{"rendered":"https:\/\/uniwersytetotwarty.us.edu.pl\/utw\/?page_id=8815"},"modified":"2025-11-05T08:52:45","modified_gmt":"2025-11-05T07:52:45","slug":"malarstwo","status":"publish","type":"page","link":"https:\/\/uniwersytetotwarty.us.edu.pl\/utw\/katowice\/tworczosc-sluchaczy\/malarstwo\/","title":{"rendered":"Malarstwo"},"content":{"rendered":"\t\t<div data-elementor-type=\"wp-page\" data-elementor-id=\"8815\" class=\"elementor elementor-8815\" data-elementor-post-type=\"page\">\n\t\t\t\t\t\t<section class=\"elementor-section elementor-top-section elementor-element elementor-element-7805962 elementor-section-boxed elementor-section-height-default elementor-section-height-default\" data-id=\"7805962\" data-element_type=\"section\" data-e-type=\"section\">\n\t\t\t\t\t\t<div class=\"elementor-container elementor-column-gap-default\">\n\t\t\t\t\t<div class=\"elementor-column elementor-col-100 elementor-top-column elementor-element elementor-element-9e0e68f\" data-id=\"9e0e68f\" data-element_type=\"column\" data-e-type=\"column\">\n\t\t\t<div class=\"elementor-widget-wrap elementor-element-populated\">\n\t\t\t\t\t\t<div class=\"elementor-element elementor-element-131fcda elementor-widget elementor-widget-text-editor\" data-id=\"131fcda\" data-element_type=\"widget\" data-e-type=\"widget\" data-widget_type=\"text-editor.default\">\n\t\t\t\t<div class=\"elementor-widget-container\">\n\t\t\t\t\t\t\t\t\t<p>Prowadz\u0105ca zaj\u0119cia<br \/><strong>mgr Marta Szyma\u0144da-Wita\u0144ska<\/strong><\/p>\t\t\t\t\t\t\t\t<\/div>\n\t\t\t\t<\/div>\n\t\t\t\t\t<\/div>\n\t\t<\/div>\n\t\t\t\t\t<\/div>\n\t\t<\/section>\n\t\t\t\t<section class=\"elementor-section elementor-top-section elementor-element elementor-element-d915d37 elementor-section-boxed elementor-section-height-default elementor-section-height-default\" data-id=\"d915d37\" data-element_type=\"section\" data-e-type=\"section\">\n\t\t\t\t\t\t<div class=\"elementor-container elementor-column-gap-default\">\n\t\t\t\t\t<div class=\"elementor-column elementor-col-50 elementor-top-column elementor-element elementor-element-7aa83af\" data-id=\"7aa83af\" data-element_type=\"column\" data-e-type=\"column\">\n\t\t\t<div class=\"elementor-widget-wrap elementor-element-populated\">\n\t\t\t\t\t\t<div class=\"elementor-element elementor-element-5c16852 elementor-widget elementor-widget-image\" data-id=\"5c16852\" data-element_type=\"widget\" data-e-type=\"widget\" data-widget_type=\"image.default\">\n\t\t\t\t<div class=\"elementor-widget-container\">\n\t\t\t\t\t\t\t\t\t\t\t\t\t\t\t<img fetchpriority=\"high\" decoding=\"async\" width=\"400\" height=\"500\" src=\"https:\/\/uniwersytetotwarty.us.edu.pl\/utw\/wp-content\/uploads\/sites\/15\/2025\/10\/Marta-Szymanda-Witanska.png\" class=\"attachment-large size-large wp-image-10495\" alt=\"\" srcset=\"https:\/\/uniwersytetotwarty.us.edu.pl\/utw\/wp-content\/uploads\/sites\/15\/2025\/10\/Marta-Szymanda-Witanska.png 400w, https:\/\/uniwersytetotwarty.us.edu.pl\/utw\/wp-content\/uploads\/sites\/15\/2025\/10\/Marta-Szymanda-Witanska-240x300.png 240w\" sizes=\"(max-width: 400px) 100vw, 400px\" \/>\t\t\t\t\t\t\t\t\t\t\t\t\t\t\t<\/div>\n\t\t\t\t<\/div>\n\t\t\t\t\t<\/div>\n\t\t<\/div>\n\t\t\t\t<div class=\"elementor-column elementor-col-50 elementor-top-column elementor-element elementor-element-a842619\" data-id=\"a842619\" data-element_type=\"column\" data-e-type=\"column\">\n\t\t\t<div class=\"elementor-widget-wrap elementor-element-populated\">\n\t\t\t\t\t\t<div class=\"elementor-element elementor-element-8181eb9 elementor-widget elementor-widget-text-editor\" data-id=\"8181eb9\" data-element_type=\"widget\" data-e-type=\"widget\" data-widget_type=\"text-editor.default\">\n\t\t\t\t<div class=\"elementor-widget-container\">\n\t\t\t\t\t\t\t\t\t<p>Z wykszta\u0142cenia projektantka komunikacji wizualnej (studia na krakowskiej ASP, dyplom 1977) oraz pedagog i nauczyciel w zakresie plastyki (studia podyplomowe) a tak\u017ce licencjonowana srebrniczka (obecnie niepraktykuj\u0105ca).<\/p><p>Wieloletnia szefowa i projektantka firmy projektowo-realizacyjnej STUDIO ID (wraz z m\u0119\u017cem). Przez kilkana\u015bcie lat w swojej pracowni uczy\u0142a rysunku i malarstwa licealist\u00f3w przygotowuj\u0105cych si\u0119 do egzaminu na ASP. Nauczyciel plastyki w Pa\u0142acu M\u0142odzie\u017cy w Katowicach, Prywatnej Szkole Podstawowej \u201e Szko\u0142a jak Dom\u201d, M\u0142odzie\u017cowym Domu Kultury w Katowicach, a nawet w przedszkolu. Wsp\u00f3\u0142pracowa\u0142a z inicjatyw\u0105 \u201eSkrzydlarnia\u201d maj\u0105c\u0105 na celu aktywizacj\u0119 kobiet &#8211; prowadz\u0105c zaj\u0119cia z malarstwa i rysunku z doros\u0142ymi kobietami w r\u00f3\u017cnym wieku. Od 2008 roku wsp\u00f3\u0142pracuje z UTW U\u015a. W ostatnich latach, ze wzgl\u0119du na rosn\u0105ce zainteresowanie zaj\u0119ciami, ma pod opiek\u0105 dwie grupy \u201dRysunku i Malarstwa\u201d, kt\u00f3re spotykaj\u0105 si\u0119 raz w tygodniu. Poza przyswajaniem wiedzy, nabywaniem umiej\u0119tno\u015bci warsztatowych i \u015bwiadomo\u015bci artystycznej, uczestnicy tych spotka\u0144 tworz\u0105 relacje przyja\u017ani, wsparcia i wzajemnej stymulacji, co uwa\u017ca za najwi\u0119kszy sw\u00f3j sukces. Sama tworzy w technikach: suchy pastel, akryl i olej, rysuje, fotografuje. Na swoim koncie ma kilka wystaw indywidualnych, ale nie zabiega o nie. Natomiast dok\u0142ada\u0142a i dok\u0142ada stara\u0144, aby organizowa\u0107 wystawy zbiorowe cz\u0142onkom prowadzonych przez siebie grup. Prywatnie matka doros\u0142ych dzieci, babcia wspania\u0142ych wnuk\u00f3w, opiekunka kot\u00f3w i pasjonatka ogrodu.<\/p>\t\t\t\t\t\t\t\t<\/div>\n\t\t\t\t<\/div>\n\t\t\t\t\t<\/div>\n\t\t<\/div>\n\t\t\t\t\t<\/div>\n\t\t<\/section>\n\t\t\t\t<section class=\"elementor-section elementor-top-section elementor-element elementor-element-80f8359 elementor-section-boxed elementor-section-height-default elementor-section-height-default\" data-id=\"80f8359\" data-element_type=\"section\" data-e-type=\"section\">\n\t\t\t\t\t\t<div class=\"elementor-container elementor-column-gap-default\">\n\t\t\t\t\t<div class=\"elementor-column elementor-col-100 elementor-top-column elementor-element elementor-element-b81f1ea\" data-id=\"b81f1ea\" data-element_type=\"column\" data-e-type=\"column\">\n\t\t\t<div class=\"elementor-widget-wrap elementor-element-populated\">\n\t\t\t\t\t\t<div class=\"elementor-element elementor-element-5713a12 elementor-widget elementor-widget-spacer\" data-id=\"5713a12\" data-element_type=\"widget\" data-e-type=\"widget\" data-widget_type=\"spacer.default\">\n\t\t\t\t<div class=\"elementor-widget-container\">\n\t\t\t\t\t\t\t<div class=\"elementor-spacer\">\n\t\t\t<div class=\"elementor-spacer-inner\"><\/div>\n\t\t<\/div>\n\t\t\t\t\t\t<\/div>\n\t\t\t\t<\/div>\n\t\t\t\t<section class=\"elementor-section elementor-inner-section elementor-element elementor-element-cece279 elementor-section-boxed elementor-section-height-default elementor-section-height-default\" data-id=\"cece279\" data-element_type=\"section\" data-e-type=\"section\">\n\t\t\t\t\t\t<div class=\"elementor-container elementor-column-gap-default\">\n\t\t\t\t\t<div class=\"elementor-column elementor-col-50 elementor-inner-column elementor-element elementor-element-781703c\" data-id=\"781703c\" data-element_type=\"column\" data-e-type=\"column\">\n\t\t\t<div class=\"elementor-widget-wrap elementor-element-populated\">\n\t\t\t\t\t\t<div data-ra-url=\"https:\/\/uniwersytetotwarty.us.edu.pl\/utw\/katowice\/tworczosc-sluchaczy\/malarstwo\/grupa-1\/\" data-ra-target=\"_self\" class=\"ra-clickable-wrapper elementor-element elementor-element-05a37ed elementor-align-center elementor-widget elementor-widget-button\" style=\"cursor:pointer;\" data-id=\"05a37ed\" data-element_type=\"widget\" data-e-type=\"widget\" data-widget_type=\"button.default\">\n\t\t\t\t<div class=\"elementor-widget-container\">\n\t\t\t\t\t\t\t\t\t<div class=\"elementor-button-wrapper\">\n\t\t\t\t\t<a class=\"elementor-button elementor-button-link elementor-size-sm\" href=\"#\">\n\t\t\t\t\t\t<span class=\"elementor-button-content-wrapper\">\n\t\t\t\t\t\t\t\t\t<span class=\"elementor-button-text\">GRUPA 1<\/span>\n\t\t\t\t\t<\/span>\n\t\t\t\t\t<\/a>\n\t\t\t\t<\/div>\n\t\t\t\t\t\t\t\t<\/div>\n\t\t\t\t<\/div>\n\t\t\t\t\t<\/div>\n\t\t<\/div>\n\t\t\t\t<div class=\"elementor-column elementor-col-50 elementor-inner-column elementor-element elementor-element-ddc5b6b\" data-id=\"ddc5b6b\" data-element_type=\"column\" data-e-type=\"column\">\n\t\t\t<div class=\"elementor-widget-wrap elementor-element-populated\">\n\t\t\t\t\t\t<div data-ra-url=\"https:\/\/uniwersytetotwarty.us.edu.pl\/utw\/katowice\/tworczosc-sluchaczy\/malarstwo\/grupa-2\/\" data-ra-target=\"_self\" class=\"ra-clickable-wrapper elementor-element elementor-element-67f712d elementor-align-center elementor-widget elementor-widget-button\" style=\"cursor:pointer;\" data-id=\"67f712d\" data-element_type=\"widget\" data-e-type=\"widget\" data-widget_type=\"button.default\">\n\t\t\t\t<div class=\"elementor-widget-container\">\n\t\t\t\t\t\t\t\t\t<div class=\"elementor-button-wrapper\">\n\t\t\t\t\t<a class=\"elementor-button elementor-button-link elementor-size-sm\" href=\"#\">\n\t\t\t\t\t\t<span class=\"elementor-button-content-wrapper\">\n\t\t\t\t\t\t\t\t\t<span class=\"elementor-button-text\">GRUPA 2<\/span>\n\t\t\t\t\t<\/span>\n\t\t\t\t\t<\/a>\n\t\t\t\t<\/div>\n\t\t\t\t\t\t\t\t<\/div>\n\t\t\t\t<\/div>\n\t\t\t\t\t<\/div>\n\t\t<\/div>\n\t\t\t\t\t<\/div>\n\t\t<\/section>\n\t\t\t\t<div class=\"elementor-element elementor-element-dda1b88 elementor-widget elementor-widget-spacer\" data-id=\"dda1b88\" data-element_type=\"widget\" data-e-type=\"widget\" data-widget_type=\"spacer.default\">\n\t\t\t\t<div class=\"elementor-widget-container\">\n\t\t\t\t\t\t\t<div class=\"elementor-spacer\">\n\t\t\t<div class=\"elementor-spacer-inner\"><\/div>\n\t\t<\/div>\n\t\t\t\t\t\t<\/div>\n\t\t\t\t<\/div>\n\t\t\t\t\t<\/div>\n\t\t<\/div>\n\t\t\t\t\t<\/div>\n\t\t<\/section>\n\t\t\t\t<\/div>\n\t\t","protected":false},"excerpt":{"rendered":"<p>Prowadz\u0105ca zaj\u0119ciamgr Marta Szyma\u0144da-Wita\u0144ska Z wykszta\u0142cenia projektantka komunikacji wizualnej (studia na krakowskiej ASP, dyplom 1977) oraz pedagog i nauczyciel w zakresie plastyki (studia podyplomowe) a tak\u017ce licencjonowana srebrniczka (obecnie niepraktykuj\u0105ca). Wieloletnia szefowa i projektantka firmy projektowo-realizacyjnej STUDIO ID (wraz z m\u0119\u017cem). Przez kilkana\u015bcie lat w swojej pracowni uczy\u0142a rysunku i malarstwa licealist\u00f3w przygotowuj\u0105cych si\u0119 do [&hellip;]<\/p>\n","protected":false},"author":2,"featured_media":0,"parent":382,"menu_order":0,"comment_status":"closed","ping_status":"closed","template":"","meta":{"footnotes":""},"class_list":["post-8815","page","type-page","status-publish","hentry"],"yoast_head":"<!-- This site is optimized with the Yoast SEO plugin v27.4 - https:\/\/yoast.com\/product\/yoast-seo-wordpress\/ -->\n<title>Malarstwo - UTW<\/title>\n<meta name=\"robots\" content=\"noindex, follow, max-snippet:-1, max-image-preview:large, max-video-preview:-1\" \/>\n<meta property=\"og:locale\" content=\"pl_PL\" \/>\n<meta property=\"og:type\" content=\"article\" \/>\n<meta property=\"og:title\" content=\"Malarstwo - UTW\" \/>\n<meta property=\"og:description\" content=\"Prowadz\u0105ca zaj\u0119ciamgr Marta Szyma\u0144da-Wita\u0144ska Z wykszta\u0142cenia projektantka komunikacji wizualnej (studia na krakowskiej ASP, dyplom 1977) oraz pedagog i nauczyciel w zakresie plastyki (studia podyplomowe) a tak\u017ce licencjonowana srebrniczka (obecnie niepraktykuj\u0105ca). Wieloletnia szefowa i projektantka firmy projektowo-realizacyjnej STUDIO ID (wraz z m\u0119\u017cem). Przez kilkana\u015bcie lat w swojej pracowni uczy\u0142a rysunku i malarstwa licealist\u00f3w przygotowuj\u0105cych si\u0119 do [&hellip;]\" \/>\n<meta property=\"og:url\" content=\"https:\/\/uniwersytetotwarty.us.edu.pl\/utw\/katowice\/tworczosc-sluchaczy\/malarstwo\/\" \/>\n<meta property=\"og:site_name\" content=\"UTW\" \/>\n<meta property=\"article:modified_time\" content=\"2025-11-05T07:52:45+00:00\" \/>\n<meta property=\"og:image\" content=\"https:\/\/uniwersytetotwarty.us.edu.pl\/utw\/wp-content\/uploads\/sites\/15\/2025\/10\/Marta-Szymanda-Witanska.png\" \/>\n\t<meta property=\"og:image:width\" content=\"400\" \/>\n\t<meta property=\"og:image:height\" content=\"500\" \/>\n\t<meta property=\"og:image:type\" content=\"image\/png\" \/>\n<meta name=\"twitter:card\" content=\"summary_large_image\" \/>\n<meta name=\"twitter:label1\" content=\"Szacowany czas czytania\" \/>\n\t<meta name=\"twitter:data1\" content=\"2 minuty\" \/>\n<script type=\"application\/ld+json\" class=\"yoast-schema-graph\">{\"@context\":\"https:\\\/\\\/schema.org\",\"@graph\":[{\"@type\":\"WebPage\",\"@id\":\"https:\\\/\\\/uniwersytetotwarty.us.edu.pl\\\/utw\\\/katowice\\\/tworczosc-sluchaczy\\\/malarstwo\\\/\",\"url\":\"https:\\\/\\\/uniwersytetotwarty.us.edu.pl\\\/utw\\\/katowice\\\/tworczosc-sluchaczy\\\/malarstwo\\\/\",\"name\":\"Malarstwo - UTW\",\"isPartOf\":{\"@id\":\"https:\\\/\\\/uniwersytetotwarty.us.edu.pl\\\/utw\\\/#website\"},\"primaryImageOfPage\":{\"@id\":\"https:\\\/\\\/uniwersytetotwarty.us.edu.pl\\\/utw\\\/katowice\\\/tworczosc-sluchaczy\\\/malarstwo\\\/#primaryimage\"},\"image\":{\"@id\":\"https:\\\/\\\/uniwersytetotwarty.us.edu.pl\\\/utw\\\/katowice\\\/tworczosc-sluchaczy\\\/malarstwo\\\/#primaryimage\"},\"thumbnailUrl\":\"https:\\\/\\\/uniwersytetotwarty.us.edu.pl\\\/utw\\\/wp-content\\\/uploads\\\/sites\\\/15\\\/2025\\\/10\\\/Marta-Szymanda-Witanska.png\",\"datePublished\":\"2025-05-07T11:40:56+00:00\",\"dateModified\":\"2025-11-05T07:52:45+00:00\",\"breadcrumb\":{\"@id\":\"https:\\\/\\\/uniwersytetotwarty.us.edu.pl\\\/utw\\\/katowice\\\/tworczosc-sluchaczy\\\/malarstwo\\\/#breadcrumb\"},\"inLanguage\":\"pl-PL\",\"potentialAction\":[{\"@type\":\"ReadAction\",\"target\":[\"https:\\\/\\\/uniwersytetotwarty.us.edu.pl\\\/utw\\\/katowice\\\/tworczosc-sluchaczy\\\/malarstwo\\\/\"]}]},{\"@type\":\"ImageObject\",\"inLanguage\":\"pl-PL\",\"@id\":\"https:\\\/\\\/uniwersytetotwarty.us.edu.pl\\\/utw\\\/katowice\\\/tworczosc-sluchaczy\\\/malarstwo\\\/#primaryimage\",\"url\":\"https:\\\/\\\/uniwersytetotwarty.us.edu.pl\\\/utw\\\/wp-content\\\/uploads\\\/sites\\\/15\\\/2025\\\/10\\\/Marta-Szymanda-Witanska.png\",\"contentUrl\":\"https:\\\/\\\/uniwersytetotwarty.us.edu.pl\\\/utw\\\/wp-content\\\/uploads\\\/sites\\\/15\\\/2025\\\/10\\\/Marta-Szymanda-Witanska.png\",\"width\":400,\"height\":500},{\"@type\":\"BreadcrumbList\",\"@id\":\"https:\\\/\\\/uniwersytetotwarty.us.edu.pl\\\/utw\\\/katowice\\\/tworczosc-sluchaczy\\\/malarstwo\\\/#breadcrumb\",\"itemListElement\":[{\"@type\":\"ListItem\",\"position\":1,\"name\":\"UTW\",\"item\":\"https:\\\/\\\/uniwersytetotwarty.us.edu.pl\\\/utw\\\/\"},{\"@type\":\"ListItem\",\"position\":2,\"name\":\"Katowice\",\"item\":\"https:\\\/\\\/uniwersytetotwarty.us.edu.pl\\\/utw\\\/katowice\\\/\"},{\"@type\":\"ListItem\",\"position\":3,\"name\":\"Tw\u00f3rczo\u015b\u0107 S\u0142uchaczy\",\"item\":\"https:\\\/\\\/uniwersytetotwarty.us.edu.pl\\\/utw\\\/katowice\\\/tworczosc-sluchaczy\\\/\"},{\"@type\":\"ListItem\",\"position\":4,\"name\":\"Malarstwo\"}]},{\"@type\":\"WebSite\",\"@id\":\"https:\\\/\\\/uniwersytetotwarty.us.edu.pl\\\/utw\\\/#website\",\"url\":\"https:\\\/\\\/uniwersytetotwarty.us.edu.pl\\\/utw\\\/\",\"name\":\"UTW\",\"description\":\"\",\"publisher\":{\"@id\":\"https:\\\/\\\/uniwersytetotwarty.us.edu.pl\\\/utw\\\/#organization\"},\"potentialAction\":[{\"@type\":\"SearchAction\",\"target\":{\"@type\":\"EntryPoint\",\"urlTemplate\":\"https:\\\/\\\/uniwersytetotwarty.us.edu.pl\\\/utw\\\/?s={search_term_string}\"},\"query-input\":{\"@type\":\"PropertyValueSpecification\",\"valueRequired\":true,\"valueName\":\"search_term_string\"}}],\"inLanguage\":\"pl-PL\"},{\"@type\":\"Organization\",\"@id\":\"https:\\\/\\\/uniwersytetotwarty.us.edu.pl\\\/utw\\\/#organization\",\"name\":\"Uniwersytet \u015al\u0105ski\",\"url\":\"https:\\\/\\\/uniwersytetotwarty.us.edu.pl\\\/utw\\\/\",\"logo\":{\"@type\":\"ImageObject\",\"inLanguage\":\"pl-PL\",\"@id\":\"https:\\\/\\\/uniwersytetotwarty.us.edu.pl\\\/utw\\\/#\\\/schema\\\/logo\\\/image\\\/\",\"url\":\"https:\\\/\\\/uniwersytetotwarty.us.edu.pl\\\/utw\\\/wp-content\\\/uploads\\\/sites\\\/15\\\/2023\\\/10\\\/US_UO-biale.png\",\"contentUrl\":\"https:\\\/\\\/uniwersytetotwarty.us.edu.pl\\\/utw\\\/wp-content\\\/uploads\\\/sites\\\/15\\\/2023\\\/10\\\/US_UO-biale.png\",\"width\":1923,\"height\":326,\"caption\":\"Uniwersytet \u015al\u0105ski\"},\"image\":{\"@id\":\"https:\\\/\\\/uniwersytetotwarty.us.edu.pl\\\/utw\\\/#\\\/schema\\\/logo\\\/image\\\/\"}}]}<\/script>\n<!-- \/ Yoast SEO plugin. -->","yoast_head_json":{"title":"Malarstwo - UTW","robots":{"index":"noindex","follow":"follow","max-snippet":"max-snippet:-1","max-image-preview":"max-image-preview:large","max-video-preview":"max-video-preview:-1"},"og_locale":"pl_PL","og_type":"article","og_title":"Malarstwo - UTW","og_description":"Prowadz\u0105ca zaj\u0119ciamgr Marta Szyma\u0144da-Wita\u0144ska Z wykszta\u0142cenia projektantka komunikacji wizualnej (studia na krakowskiej ASP, dyplom 1977) oraz pedagog i nauczyciel w zakresie plastyki (studia podyplomowe) a tak\u017ce licencjonowana srebrniczka (obecnie niepraktykuj\u0105ca). Wieloletnia szefowa i projektantka firmy projektowo-realizacyjnej STUDIO ID (wraz z m\u0119\u017cem). Przez kilkana\u015bcie lat w swojej pracowni uczy\u0142a rysunku i malarstwa licealist\u00f3w przygotowuj\u0105cych si\u0119 do [&hellip;]","og_url":"https:\/\/uniwersytetotwarty.us.edu.pl\/utw\/katowice\/tworczosc-sluchaczy\/malarstwo\/","og_site_name":"UTW","article_modified_time":"2025-11-05T07:52:45+00:00","og_image":[{"width":400,"height":500,"url":"https:\/\/uniwersytetotwarty.us.edu.pl\/utw\/wp-content\/uploads\/sites\/15\/2025\/10\/Marta-Szymanda-Witanska.png","type":"image\/png"}],"twitter_card":"summary_large_image","twitter_misc":{"Szacowany czas czytania":"2 minuty"},"schema":{"@context":"https:\/\/schema.org","@graph":[{"@type":"WebPage","@id":"https:\/\/uniwersytetotwarty.us.edu.pl\/utw\/katowice\/tworczosc-sluchaczy\/malarstwo\/","url":"https:\/\/uniwersytetotwarty.us.edu.pl\/utw\/katowice\/tworczosc-sluchaczy\/malarstwo\/","name":"Malarstwo - UTW","isPartOf":{"@id":"https:\/\/uniwersytetotwarty.us.edu.pl\/utw\/#website"},"primaryImageOfPage":{"@id":"https:\/\/uniwersytetotwarty.us.edu.pl\/utw\/katowice\/tworczosc-sluchaczy\/malarstwo\/#primaryimage"},"image":{"@id":"https:\/\/uniwersytetotwarty.us.edu.pl\/utw\/katowice\/tworczosc-sluchaczy\/malarstwo\/#primaryimage"},"thumbnailUrl":"https:\/\/uniwersytetotwarty.us.edu.pl\/utw\/wp-content\/uploads\/sites\/15\/2025\/10\/Marta-Szymanda-Witanska.png","datePublished":"2025-05-07T11:40:56+00:00","dateModified":"2025-11-05T07:52:45+00:00","breadcrumb":{"@id":"https:\/\/uniwersytetotwarty.us.edu.pl\/utw\/katowice\/tworczosc-sluchaczy\/malarstwo\/#breadcrumb"},"inLanguage":"pl-PL","potentialAction":[{"@type":"ReadAction","target":["https:\/\/uniwersytetotwarty.us.edu.pl\/utw\/katowice\/tworczosc-sluchaczy\/malarstwo\/"]}]},{"@type":"ImageObject","inLanguage":"pl-PL","@id":"https:\/\/uniwersytetotwarty.us.edu.pl\/utw\/katowice\/tworczosc-sluchaczy\/malarstwo\/#primaryimage","url":"https:\/\/uniwersytetotwarty.us.edu.pl\/utw\/wp-content\/uploads\/sites\/15\/2025\/10\/Marta-Szymanda-Witanska.png","contentUrl":"https:\/\/uniwersytetotwarty.us.edu.pl\/utw\/wp-content\/uploads\/sites\/15\/2025\/10\/Marta-Szymanda-Witanska.png","width":400,"height":500},{"@type":"BreadcrumbList","@id":"https:\/\/uniwersytetotwarty.us.edu.pl\/utw\/katowice\/tworczosc-sluchaczy\/malarstwo\/#breadcrumb","itemListElement":[{"@type":"ListItem","position":1,"name":"UTW","item":"https:\/\/uniwersytetotwarty.us.edu.pl\/utw\/"},{"@type":"ListItem","position":2,"name":"Katowice","item":"https:\/\/uniwersytetotwarty.us.edu.pl\/utw\/katowice\/"},{"@type":"ListItem","position":3,"name":"Tw\u00f3rczo\u015b\u0107 S\u0142uchaczy","item":"https:\/\/uniwersytetotwarty.us.edu.pl\/utw\/katowice\/tworczosc-sluchaczy\/"},{"@type":"ListItem","position":4,"name":"Malarstwo"}]},{"@type":"WebSite","@id":"https:\/\/uniwersytetotwarty.us.edu.pl\/utw\/#website","url":"https:\/\/uniwersytetotwarty.us.edu.pl\/utw\/","name":"UTW","description":"","publisher":{"@id":"https:\/\/uniwersytetotwarty.us.edu.pl\/utw\/#organization"},"potentialAction":[{"@type":"SearchAction","target":{"@type":"EntryPoint","urlTemplate":"https:\/\/uniwersytetotwarty.us.edu.pl\/utw\/?s={search_term_string}"},"query-input":{"@type":"PropertyValueSpecification","valueRequired":true,"valueName":"search_term_string"}}],"inLanguage":"pl-PL"},{"@type":"Organization","@id":"https:\/\/uniwersytetotwarty.us.edu.pl\/utw\/#organization","name":"Uniwersytet \u015al\u0105ski","url":"https:\/\/uniwersytetotwarty.us.edu.pl\/utw\/","logo":{"@type":"ImageObject","inLanguage":"pl-PL","@id":"https:\/\/uniwersytetotwarty.us.edu.pl\/utw\/#\/schema\/logo\/image\/","url":"https:\/\/uniwersytetotwarty.us.edu.pl\/utw\/wp-content\/uploads\/sites\/15\/2023\/10\/US_UO-biale.png","contentUrl":"https:\/\/uniwersytetotwarty.us.edu.pl\/utw\/wp-content\/uploads\/sites\/15\/2023\/10\/US_UO-biale.png","width":1923,"height":326,"caption":"Uniwersytet \u015al\u0105ski"},"image":{"@id":"https:\/\/uniwersytetotwarty.us.edu.pl\/utw\/#\/schema\/logo\/image\/"}}]}},"_links":{"self":[{"href":"https:\/\/uniwersytetotwarty.us.edu.pl\/utw\/wp-json\/wp\/v2\/pages\/8815","targetHints":{"allow":["GET"]}}],"collection":[{"href":"https:\/\/uniwersytetotwarty.us.edu.pl\/utw\/wp-json\/wp\/v2\/pages"}],"about":[{"href":"https:\/\/uniwersytetotwarty.us.edu.pl\/utw\/wp-json\/wp\/v2\/types\/page"}],"author":[{"embeddable":true,"href":"https:\/\/uniwersytetotwarty.us.edu.pl\/utw\/wp-json\/wp\/v2\/users\/2"}],"replies":[{"embeddable":true,"href":"https:\/\/uniwersytetotwarty.us.edu.pl\/utw\/wp-json\/wp\/v2\/comments?post=8815"}],"version-history":[{"count":10,"href":"https:\/\/uniwersytetotwarty.us.edu.pl\/utw\/wp-json\/wp\/v2\/pages\/8815\/revisions"}],"predecessor-version":[{"id":10745,"href":"https:\/\/uniwersytetotwarty.us.edu.pl\/utw\/wp-json\/wp\/v2\/pages\/8815\/revisions\/10745"}],"up":[{"embeddable":true,"href":"https:\/\/uniwersytetotwarty.us.edu.pl\/utw\/wp-json\/wp\/v2\/pages\/382"}],"wp:attachment":[{"href":"https:\/\/uniwersytetotwarty.us.edu.pl\/utw\/wp-json\/wp\/v2\/media?parent=8815"}],"curies":[{"name":"wp","href":"https:\/\/api.w.org\/{rel}","templated":true}]}}