{"id":400,"date":"2025-01-21T12:08:06","date_gmt":"2025-01-21T11:08:06","guid":{"rendered":"https:\/\/uniwersytetotwarty.us.edu.pl\/utw\/?page_id=400"},"modified":"2026-03-07T17:13:36","modified_gmt":"2026-03-07T16:13:36","slug":"wyklady","status":"publish","type":"page","link":"https:\/\/uniwersytetotwarty.us.edu.pl\/utw\/jastrzebie-zdroj\/wyklady\/","title":{"rendered":"Wyk\u0142ady"},"content":{"rendered":"\t\t<div data-elementor-type=\"wp-page\" data-elementor-id=\"400\" class=\"elementor elementor-400\" data-elementor-post-type=\"page\">\n\t\t\t\t\t\t<section class=\"elementor-section elementor-top-section elementor-element elementor-element-7e71fda elementor-section-boxed elementor-section-height-default elementor-section-height-default\" data-id=\"7e71fda\" data-element_type=\"section\" data-e-type=\"section\">\n\t\t\t\t\t\t<div class=\"elementor-container elementor-column-gap-default\">\n\t\t\t\t\t<div class=\"elementor-column elementor-col-100 elementor-top-column elementor-element elementor-element-09ddcad\" data-id=\"09ddcad\" data-element_type=\"column\" data-e-type=\"column\">\n\t\t\t<div class=\"elementor-widget-wrap elementor-element-populated\">\n\t\t\t\t\t\t<div class=\"elementor-element elementor-element-fcbd1d1 elementor-widget elementor-widget-text-editor\" data-id=\"fcbd1d1\" data-element_type=\"widget\" data-e-type=\"widget\" data-widget_type=\"text-editor.default\">\n\t\t\t\t<div class=\"elementor-widget-container\">\n\t\t\t\t\t\t\t\t\t<p>Semestr letni 2025\/2026<\/p>\t\t\t\t\t\t\t\t<\/div>\n\t\t\t\t<\/div>\n\t\t\t\t<div class=\"elementor-element elementor-element-ddba9a5 elementor-grid-1 elementor-posts--thumbnail-none elementor-grid-tablet-2 elementor-grid-mobile-1 elementor-card-shadow-yes elementor-posts__hover-gradient elementor-widget elementor-widget-posts\" data-id=\"ddba9a5\" data-element_type=\"widget\" data-e-type=\"widget\" data-settings=\"{&quot;cards_columns&quot;:&quot;1&quot;,&quot;cards_columns_tablet&quot;:&quot;2&quot;,&quot;cards_columns_mobile&quot;:&quot;1&quot;,&quot;cards_row_gap&quot;:{&quot;unit&quot;:&quot;px&quot;,&quot;size&quot;:35,&quot;sizes&quot;:[]},&quot;cards_row_gap_tablet&quot;:{&quot;unit&quot;:&quot;px&quot;,&quot;size&quot;:&quot;&quot;,&quot;sizes&quot;:[]},&quot;cards_row_gap_mobile&quot;:{&quot;unit&quot;:&quot;px&quot;,&quot;size&quot;:&quot;&quot;,&quot;sizes&quot;:[]}}\" data-widget_type=\"posts.cards\">\n\t\t\t\t<div class=\"elementor-widget-container\">\n\t\t\t\t\t\t\t<div class=\"elementor-posts-container elementor-posts elementor-posts--skin-cards elementor-grid\" role=\"list\">\n\t\t\t\t<article class=\"elementor-post elementor-grid-item post-12506 post type-post status-publish format-standard hentry category-jastrzebie-zdroj category-wyklady\" role=\"listitem\">\n\t\t\t<div class=\"elementor-post__card\">\n\t\t\t\t<div class=\"elementor-post__text\">\n\t\t\t\t<h3 class=\"elementor-post__title\">\n\t\t\t<a href=\"https:\/\/uniwersytetotwarty.us.edu.pl\/utw\/jastrzebie-zdroj\/po-dobrej-stronie-stresu-jak-wykorzystac-napiecie-na-swoja-korzysc-2\/\" >\n\t\t\t\tPo dobrej stronie stresu: jak wykorzysta\u0107 napi\u0119cie na swoj\u0105 korzy\u015b\u0107?\t\t\t<\/a>\n\t\t<\/h3>\n\t\t\t\t<div class=\"elementor-post__excerpt\">\n\t\t\t<p>Data: 04.03.2026r. \u00a0(\u015broda) w godzinach: 13.30 &#8211; ROK: I \u2013 IV;\u00a0 \u00a015.00 &#8211; ROK: V \u2013 XXIV\u00a0 \u00a0 \u00a0Witczaka 5; Prowadz\u0105ca: dr hab. Barbara Grabowska<\/p>\n\t\t<\/div>\n\t\t\t\t<\/div>\n\t\t\t\t\t<\/div>\n\t\t<\/article>\n\t\t\t\t<article class=\"elementor-post elementor-grid-item post-12515 post type-post status-publish format-standard hentry category-jastrzebie-zdroj category-wyklady\" role=\"listitem\">\n\t\t\t<div class=\"elementor-post__card\">\n\t\t\t\t<div class=\"elementor-post__text\">\n\t\t\t\t<h3 class=\"elementor-post__title\">\n\t\t\t<a href=\"https:\/\/uniwersytetotwarty.us.edu.pl\/utw\/jastrzebie-zdroj\/bedziesz-moja-pania-bukiet-melodii-w-holdzie-kobietom\/\" >\n\t\t\t\t\u201eB\u0118DZIESZ MOJ\u0104 PANI\u0104\u201d. BUKIET MELODII W HO\u0141DZIE KOBIETOM\t\t\t<\/a>\n\t\t<\/h3>\n\t\t\t\t<div class=\"elementor-post__excerpt\">\n\t\t\t<p>Data: 11.03.2026r. \u00a0(\u015broda) w godzinach: 13.30 &#8211; ROK: I \u2013 IV;\u00a0 \u00a015.00 &#8211; ROK: V \u2013 XXIV\u00a0 \u00a0 \u00a0Witczaka 5; KONCERT NA SKRZYPCE I FORTEPIAN<\/p>\n\t\t<\/div>\n\t\t\t\t<\/div>\n\t\t\t\t\t<\/div>\n\t\t<\/article>\n\t\t\t\t<article class=\"elementor-post elementor-grid-item post-12520 post type-post status-publish format-standard hentry category-jastrzebie-zdroj category-wyklady\" role=\"listitem\">\n\t\t\t<div class=\"elementor-post__card\">\n\t\t\t\t<div class=\"elementor-post__text\">\n\t\t\t\t<h3 class=\"elementor-post__title\">\n\t\t\t<a href=\"https:\/\/uniwersytetotwarty.us.edu.pl\/utw\/jastrzebie-zdroj\/dlaczego-tak-trudno-zrozumiec-wspolczesna-telewizje-2\/\" >\n\t\t\t\tDlaczego tak trudno zrozumie\u0107 wsp\u00f3\u0142czesn\u0105 telewizj\u0119?\t\t\t<\/a>\n\t\t<\/h3>\n\t\t\t\t<div class=\"elementor-post__excerpt\">\n\t\t\t<p>Data: 18.03.2026r. \u00a0(\u015broda) w godzinach: 13.30 &#8211; ROK: I \u2013 IV;\u00a0 \u00a015.00 &#8211; ROK: V \u2013 XXIV\u00a0 \u00a0 \u00a0Witczaka 5; Prowadz\u0105cy: mgr Jacek Stefaniak<\/p>\n\t\t<\/div>\n\t\t\t\t<\/div>\n\t\t\t\t\t<\/div>\n\t\t<\/article>\n\t\t\t\t<article class=\"elementor-post elementor-grid-item post-12525 post type-post status-publish format-standard hentry category-jastrzebie-zdroj category-wyklady\" role=\"listitem\">\n\t\t\t<div class=\"elementor-post__card\">\n\t\t\t\t<div class=\"elementor-post__text\">\n\t\t\t\t<h3 class=\"elementor-post__title\">\n\t\t\t<a href=\"https:\/\/uniwersytetotwarty.us.edu.pl\/utw\/jastrzebie-zdroj\/co-na-temat-religii-mowi-wspolczesna-socjologia-czy-mlodzi-polacy-przestali-wierzyc-w-boga\/\" >\n\t\t\t\tCo na temat religii m\u00f3wi wsp\u00f3\u0142czesna socjologia? Czy m\u0142odzi Polacy przestali wierzy\u0107 w Boga?\t\t\t<\/a>\n\t\t<\/h3>\n\t\t\t\t<div class=\"elementor-post__excerpt\">\n\t\t\t<p>Data: 25.03.2026r. \u00a0(\u015broda) w godzinach: 13.30 &#8211; ROK: I \u2013 IV;\u00a0 \u00a015.00 &#8211; ROK: V \u2013 XXIV\u00a0 \u00a0 \u00a0Witczaka 5; Prowadz\u0105cy: dr hab. Andrzej Kasperek<\/p>\n\t\t<\/div>\n\t\t\t\t<\/div>\n\t\t\t\t\t<\/div>\n\t\t<\/article>\n\t\t\t\t<article class=\"elementor-post elementor-grid-item post-12530 post type-post status-publish format-standard hentry category-jastrzebie-zdroj category-wyklady\" role=\"listitem\">\n\t\t\t<div class=\"elementor-post__card\">\n\t\t\t\t<div class=\"elementor-post__text\">\n\t\t\t\t<h3 class=\"elementor-post__title\">\n\t\t\t<a href=\"https:\/\/uniwersytetotwarty.us.edu.pl\/utw\/jastrzebie-zdroj\/przerwa-swiateczna-od-30-marca-do-7-kwietnia\/\" >\n\t\t\t\tPRZERWA \u015aWI\u0104TECZNA  OD 30 MARCA DO 7 KWIETNIA\t\t\t<\/a>\n\t\t<\/h3>\n\t\t\t\t<div class=\"elementor-post__excerpt\">\n\t\t\t<p>PRZERWA \u015aWI\u0104TECZNA\u00a0OD 30 MARCA DO 7 KWIETNIA<\/p>\n\t\t<\/div>\n\t\t\t\t<\/div>\n\t\t\t\t\t<\/div>\n\t\t<\/article>\n\t\t\t\t<article class=\"elementor-post elementor-grid-item post-12547 post type-post status-publish format-standard hentry category-jastrzebie-zdroj category-wyklady\" role=\"listitem\">\n\t\t\t<div class=\"elementor-post__card\">\n\t\t\t\t<div class=\"elementor-post__text\">\n\t\t\t\t<h3 class=\"elementor-post__title\">\n\t\t\t<a href=\"https:\/\/uniwersytetotwarty.us.edu.pl\/utw\/jastrzebie-zdroj\/wszedzie-dobrze-gdzie-nas-nie-ma-gospodarka-polski-a-niemcy-i-usa-2\/\" >\n\t\t\t\tWsz\u0119dzie dobrze gdzie nas nie ma.  Gospodarka Polski a Niemcy i USA\t\t\t<\/a>\n\t\t<\/h3>\n\t\t\t\t<div class=\"elementor-post__excerpt\">\n\t\t\t<p>Data: 08.04.2026r. \u00a0(\u015broda) w godzinach: 13.30 &#8211; ROK: I \u2013 IV;\u00a0 \u00a015.00 &#8211; ROK: V \u2013 XXIV\u00a0 \u00a0 \u00a0Witczaka 5; Prowadz\u0105cy: Prodziekan dr in\u017c. Tomasz<\/p>\n\t\t<\/div>\n\t\t\t\t<\/div>\n\t\t\t\t\t<\/div>\n\t\t<\/article>\n\t\t\t\t<article class=\"elementor-post elementor-grid-item post-12552 post type-post status-publish format-standard hentry category-jastrzebie-zdroj category-wyklady\" role=\"listitem\">\n\t\t\t<div class=\"elementor-post__card\">\n\t\t\t\t<div class=\"elementor-post__text\">\n\t\t\t\t<h3 class=\"elementor-post__title\">\n\t\t\t<a href=\"https:\/\/uniwersytetotwarty.us.edu.pl\/utw\/jastrzebie-zdroj\/szlakiem-krolewskim-z-psem-zima-w-gorach-polnocnej-szwecji\/\" >\n\t\t\t\tSzlakiem kr\u00f3lewskim z psem zim\u0105- w g\u00f3rach P\u00f3\u0142nocnej Szwecji\t\t\t<\/a>\n\t\t<\/h3>\n\t\t\t\t<div class=\"elementor-post__excerpt\">\n\t\t\t<p>Data: 15.04.2026r. \u00a0(\u015broda) w godzinach: 13.30 &#8211; ROK: I \u2013 IV;\u00a0 \u00a015.00 &#8211; ROK: V \u2013 XXIV\u00a0 \u00a0 \u00a0Witczaka 5; Prowadz\u0105cy:\u00a0Krzysztof Lewicki\u00a0 &#8211; Podr\u00f3\u017cnik<\/p>\n\t\t<\/div>\n\t\t\t\t<\/div>\n\t\t\t\t\t<\/div>\n\t\t<\/article>\n\t\t\t\t<article class=\"elementor-post elementor-grid-item post-12557 post type-post status-publish format-standard hentry category-jastrzebie-zdroj category-wyklady\" role=\"listitem\">\n\t\t\t<div class=\"elementor-post__card\">\n\t\t\t\t<div class=\"elementor-post__text\">\n\t\t\t\t<h3 class=\"elementor-post__title\">\n\t\t\t<a href=\"https:\/\/uniwersytetotwarty.us.edu.pl\/utw\/jastrzebie-zdroj\/zygmunt-august-ostatni-z-jagiellonow-i-barbara-radziwillowna\/\" >\n\t\t\t\tZygmunt August, ostatni z Jagiellon\u00f3w i Barbara Radziwi\u0142\u0142\u00f3wna\t\t\t<\/a>\n\t\t<\/h3>\n\t\t\t\t<div class=\"elementor-post__excerpt\">\n\t\t\t<p>Data: 22.04.2026r. \u00a0(\u015broda) w godzinach: 13.30 &#8211; ROK: I \u2013 IV;\u00a0 \u00a015.00 &#8211; ROK: V \u2013 XXIV\u00a0 \u00a0 \u00a0Witczaka 5; Prowadz\u0105ca: dr Joanna Zdzieb\u0142o<\/p>\n\t\t<\/div>\n\t\t\t\t<\/div>\n\t\t\t\t\t<\/div>\n\t\t<\/article>\n\t\t\t\t<article class=\"elementor-post elementor-grid-item post-12822 post type-post status-publish format-standard hentry category-jastrzebie-zdroj category-wyklady\" role=\"listitem\">\n\t\t\t<div class=\"elementor-post__card\">\n\t\t\t\t<div class=\"elementor-post__text\">\n\t\t\t\t<h3 class=\"elementor-post__title\">\n\t\t\t<a href=\"https:\/\/uniwersytetotwarty.us.edu.pl\/utw\/jastrzebie-zdroj\/szlakiem-krolewskim-z-psem-zima-w-gorach-polnocnej-szwecji-2\/\" >\n\t\t\t\tKo\u015bci\u00f3\u0142 katolicki w Polsce od fundamentu to\u017csamo\u015bci do wyzwa\u0144\t\t\t<\/a>\n\t\t<\/h3>\n\t\t\t\t<div class=\"elementor-post__excerpt\">\n\t\t\t<p>Data: 29.04.2026r. \u00a0(\u015broda) w godzinach: 13.30 &#8211; ROK: I \u2013 IV;\u00a0 \u00a015.00 &#8211; ROK: V \u2013 XXIV\u00a0 \u00a0 \u00a0Witczaka 5; Prowadz\u0105cy: dr Dawid Tatarczyk prof.<\/p>\n\t\t<\/div>\n\t\t\t\t<\/div>\n\t\t\t\t\t<\/div>\n\t\t<\/article>\n\t\t\t\t<article class=\"elementor-post elementor-grid-item post-12829 post type-post status-publish format-standard hentry category-jastrzebie-zdroj category-wyklady\" role=\"listitem\">\n\t\t\t<div class=\"elementor-post__card\">\n\t\t\t\t<div class=\"elementor-post__text\">\n\t\t\t\t<h3 class=\"elementor-post__title\">\n\t\t\t<a href=\"https:\/\/uniwersytetotwarty.us.edu.pl\/utw\/jastrzebie-zdroj\/nudne-czy-atrakcyjne-muzea-w-nowych-odslonach\/\" >\n\t\t\t\tNudne czy atrakcyjne? Muzea w nowych ods\u0142onach\t\t\t<\/a>\n\t\t<\/h3>\n\t\t\t\t<div class=\"elementor-post__excerpt\">\n\t\t\t<p>Data: 06.05.2026r. \u00a0(\u015broda) w godzinach: 13.30 &#8211; ROK: I \u2013 IV;\u00a0 \u00a015.00 &#8211; ROK: V \u2013 XXIV\u00a0 \u00a0 \u00a0Witczaka 5; Prowadz\u0105ca: dr Agata Caba\u0142a<\/p>\n\t\t<\/div>\n\t\t\t\t<\/div>\n\t\t\t\t\t<\/div>\n\t\t<\/article>\n\t\t\t\t<article class=\"elementor-post elementor-grid-item post-12834 post type-post status-publish format-standard hentry category-jastrzebie-zdroj category-wyklady\" role=\"listitem\">\n\t\t\t<div class=\"elementor-post__card\">\n\t\t\t\t<div class=\"elementor-post__text\">\n\t\t\t\t<h3 class=\"elementor-post__title\">\n\t\t\t<a href=\"https:\/\/uniwersytetotwarty.us.edu.pl\/utw\/jastrzebie-zdroj\/kulisy-z-zycia-marii-konopnickiej-i-dzialalnosc-ruchu-konopniczan\/\" >\n\t\t\t\tKulisy z \u017cycia Marii Konopnickiej i dzia\u0142alno\u015b\u0107 ruchu Konopniczan\t\t\t<\/a>\n\t\t<\/h3>\n\t\t\t\t<div class=\"elementor-post__excerpt\">\n\t\t\t<p>Data: 13.05.2026r. \u00a0(\u015broda) w godzinach: 13.30 &#8211; ROK: I \u2013 IV;\u00a0 \u00a015.00 &#8211; ROK: V \u2013 XXIV\u00a0 \u00a0 \u00a0Witczaka 5; Prowadz\u0105cy: dr Tadeusz Kania<\/p>\n\t\t<\/div>\n\t\t\t\t<\/div>\n\t\t\t\t\t<\/div>\n\t\t<\/article>\n\t\t\t\t<\/div>\n\t\t\n\t\t\t\t\t\t<\/div>\n\t\t\t\t<\/div>\n\t\t\t\t<div class=\"elementor-element elementor-element-597eedd elementor-widget elementor-widget-spacer\" data-id=\"597eedd\" data-element_type=\"widget\" data-e-type=\"widget\" data-widget_type=\"spacer.default\">\n\t\t\t\t<div class=\"elementor-widget-container\">\n\t\t\t\t\t\t\t<div class=\"elementor-spacer\">\n\t\t\t<div class=\"elementor-spacer-inner\"><\/div>\n\t\t<\/div>\n\t\t\t\t\t\t<\/div>\n\t\t\t\t<\/div>\n\t\t\t\t\t<\/div>\n\t\t<\/div>\n\t\t\t\t\t<\/div>\n\t\t<\/section>\n\t\t\t\t<\/div>\n\t\t","protected":false},"excerpt":{"rendered":"<p>Semestr letni 2025\/2026<\/p>\n","protected":false},"author":2,"featured_media":0,"parent":250,"menu_order":0,"comment_status":"closed","ping_status":"closed","template":"","meta":{"footnotes":""},"class_list":["post-400","page","type-page","status-publish","hentry"],"yoast_head":"<!-- This site is optimized with the Yoast SEO plugin v27.4 - https:\/\/yoast.com\/product\/yoast-seo-wordpress\/ -->\n<title>Wyk\u0142ady - UTW<\/title>\n<meta name=\"robots\" content=\"noindex, follow, max-snippet:-1, max-image-preview:large, max-video-preview:-1\" \/>\n<meta property=\"og:locale\" content=\"pl_PL\" \/>\n<meta property=\"og:type\" content=\"article\" \/>\n<meta property=\"og:title\" content=\"Wyk\u0142ady - UTW\" \/>\n<meta property=\"og:description\" content=\"Semestr letni 2025\/2026\" \/>\n<meta property=\"og:url\" content=\"https:\/\/uniwersytetotwarty.us.edu.pl\/utw\/jastrzebie-zdroj\/wyklady\/\" \/>\n<meta property=\"og:site_name\" content=\"UTW\" \/>\n<meta property=\"article:modified_time\" content=\"2026-03-07T16:13:36+00:00\" \/>\n<meta name=\"twitter:card\" content=\"summary_large_image\" \/>\n<meta name=\"twitter:label1\" content=\"Szacowany czas czytania\" \/>\n\t<meta name=\"twitter:data1\" content=\"1 minuta\" \/>\n<script type=\"application\/ld+json\" class=\"yoast-schema-graph\">{\"@context\":\"https:\\\/\\\/schema.org\",\"@graph\":[{\"@type\":\"WebPage\",\"@id\":\"https:\\\/\\\/uniwersytetotwarty.us.edu.pl\\\/utw\\\/jastrzebie-zdroj\\\/wyklady\\\/\",\"url\":\"https:\\\/\\\/uniwersytetotwarty.us.edu.pl\\\/utw\\\/jastrzebie-zdroj\\\/wyklady\\\/\",\"name\":\"Wyk\u0142ady - UTW\",\"isPartOf\":{\"@id\":\"https:\\\/\\\/uniwersytetotwarty.us.edu.pl\\\/utw\\\/#website\"},\"datePublished\":\"2025-01-21T11:08:06+00:00\",\"dateModified\":\"2026-03-07T16:13:36+00:00\",\"breadcrumb\":{\"@id\":\"https:\\\/\\\/uniwersytetotwarty.us.edu.pl\\\/utw\\\/jastrzebie-zdroj\\\/wyklady\\\/#breadcrumb\"},\"inLanguage\":\"pl-PL\",\"potentialAction\":[{\"@type\":\"ReadAction\",\"target\":[\"https:\\\/\\\/uniwersytetotwarty.us.edu.pl\\\/utw\\\/jastrzebie-zdroj\\\/wyklady\\\/\"]}]},{\"@type\":\"BreadcrumbList\",\"@id\":\"https:\\\/\\\/uniwersytetotwarty.us.edu.pl\\\/utw\\\/jastrzebie-zdroj\\\/wyklady\\\/#breadcrumb\",\"itemListElement\":[{\"@type\":\"ListItem\",\"position\":1,\"name\":\"UTW\",\"item\":\"https:\\\/\\\/uniwersytetotwarty.us.edu.pl\\\/utw\\\/\"},{\"@type\":\"ListItem\",\"position\":2,\"name\":\"Jastrz\u0119bie-Zdr\u00f3j\",\"item\":\"https:\\\/\\\/uniwersytetotwarty.us.edu.pl\\\/utw\\\/jastrzebie-zdroj\\\/\"},{\"@type\":\"ListItem\",\"position\":3,\"name\":\"Wyk\u0142ady\"}]},{\"@type\":\"WebSite\",\"@id\":\"https:\\\/\\\/uniwersytetotwarty.us.edu.pl\\\/utw\\\/#website\",\"url\":\"https:\\\/\\\/uniwersytetotwarty.us.edu.pl\\\/utw\\\/\",\"name\":\"UTW\",\"description\":\"\",\"publisher\":{\"@id\":\"https:\\\/\\\/uniwersytetotwarty.us.edu.pl\\\/utw\\\/#organization\"},\"potentialAction\":[{\"@type\":\"SearchAction\",\"target\":{\"@type\":\"EntryPoint\",\"urlTemplate\":\"https:\\\/\\\/uniwersytetotwarty.us.edu.pl\\\/utw\\\/?s={search_term_string}\"},\"query-input\":{\"@type\":\"PropertyValueSpecification\",\"valueRequired\":true,\"valueName\":\"search_term_string\"}}],\"inLanguage\":\"pl-PL\"},{\"@type\":\"Organization\",\"@id\":\"https:\\\/\\\/uniwersytetotwarty.us.edu.pl\\\/utw\\\/#organization\",\"name\":\"Uniwersytet \u015al\u0105ski\",\"url\":\"https:\\\/\\\/uniwersytetotwarty.us.edu.pl\\\/utw\\\/\",\"logo\":{\"@type\":\"ImageObject\",\"inLanguage\":\"pl-PL\",\"@id\":\"https:\\\/\\\/uniwersytetotwarty.us.edu.pl\\\/utw\\\/#\\\/schema\\\/logo\\\/image\\\/\",\"url\":\"https:\\\/\\\/uniwersytetotwarty.us.edu.pl\\\/utw\\\/wp-content\\\/uploads\\\/sites\\\/15\\\/2023\\\/10\\\/US_UO-biale.png\",\"contentUrl\":\"https:\\\/\\\/uniwersytetotwarty.us.edu.pl\\\/utw\\\/wp-content\\\/uploads\\\/sites\\\/15\\\/2023\\\/10\\\/US_UO-biale.png\",\"width\":1923,\"height\":326,\"caption\":\"Uniwersytet \u015al\u0105ski\"},\"image\":{\"@id\":\"https:\\\/\\\/uniwersytetotwarty.us.edu.pl\\\/utw\\\/#\\\/schema\\\/logo\\\/image\\\/\"}}]}<\/script>\n<!-- \/ Yoast SEO plugin. -->","yoast_head_json":{"title":"Wyk\u0142ady - UTW","robots":{"index":"noindex","follow":"follow","max-snippet":"max-snippet:-1","max-image-preview":"max-image-preview:large","max-video-preview":"max-video-preview:-1"},"og_locale":"pl_PL","og_type":"article","og_title":"Wyk\u0142ady - UTW","og_description":"Semestr letni 2025\/2026","og_url":"https:\/\/uniwersytetotwarty.us.edu.pl\/utw\/jastrzebie-zdroj\/wyklady\/","og_site_name":"UTW","article_modified_time":"2026-03-07T16:13:36+00:00","twitter_card":"summary_large_image","twitter_misc":{"Szacowany czas czytania":"1 minuta"},"schema":{"@context":"https:\/\/schema.org","@graph":[{"@type":"WebPage","@id":"https:\/\/uniwersytetotwarty.us.edu.pl\/utw\/jastrzebie-zdroj\/wyklady\/","url":"https:\/\/uniwersytetotwarty.us.edu.pl\/utw\/jastrzebie-zdroj\/wyklady\/","name":"Wyk\u0142ady - UTW","isPartOf":{"@id":"https:\/\/uniwersytetotwarty.us.edu.pl\/utw\/#website"},"datePublished":"2025-01-21T11:08:06+00:00","dateModified":"2026-03-07T16:13:36+00:00","breadcrumb":{"@id":"https:\/\/uniwersytetotwarty.us.edu.pl\/utw\/jastrzebie-zdroj\/wyklady\/#breadcrumb"},"inLanguage":"pl-PL","potentialAction":[{"@type":"ReadAction","target":["https:\/\/uniwersytetotwarty.us.edu.pl\/utw\/jastrzebie-zdroj\/wyklady\/"]}]},{"@type":"BreadcrumbList","@id":"https:\/\/uniwersytetotwarty.us.edu.pl\/utw\/jastrzebie-zdroj\/wyklady\/#breadcrumb","itemListElement":[{"@type":"ListItem","position":1,"name":"UTW","item":"https:\/\/uniwersytetotwarty.us.edu.pl\/utw\/"},{"@type":"ListItem","position":2,"name":"Jastrz\u0119bie-Zdr\u00f3j","item":"https:\/\/uniwersytetotwarty.us.edu.pl\/utw\/jastrzebie-zdroj\/"},{"@type":"ListItem","position":3,"name":"Wyk\u0142ady"}]},{"@type":"WebSite","@id":"https:\/\/uniwersytetotwarty.us.edu.pl\/utw\/#website","url":"https:\/\/uniwersytetotwarty.us.edu.pl\/utw\/","name":"UTW","description":"","publisher":{"@id":"https:\/\/uniwersytetotwarty.us.edu.pl\/utw\/#organization"},"potentialAction":[{"@type":"SearchAction","target":{"@type":"EntryPoint","urlTemplate":"https:\/\/uniwersytetotwarty.us.edu.pl\/utw\/?s={search_term_string}"},"query-input":{"@type":"PropertyValueSpecification","valueRequired":true,"valueName":"search_term_string"}}],"inLanguage":"pl-PL"},{"@type":"Organization","@id":"https:\/\/uniwersytetotwarty.us.edu.pl\/utw\/#organization","name":"Uniwersytet \u015al\u0105ski","url":"https:\/\/uniwersytetotwarty.us.edu.pl\/utw\/","logo":{"@type":"ImageObject","inLanguage":"pl-PL","@id":"https:\/\/uniwersytetotwarty.us.edu.pl\/utw\/#\/schema\/logo\/image\/","url":"https:\/\/uniwersytetotwarty.us.edu.pl\/utw\/wp-content\/uploads\/sites\/15\/2023\/10\/US_UO-biale.png","contentUrl":"https:\/\/uniwersytetotwarty.us.edu.pl\/utw\/wp-content\/uploads\/sites\/15\/2023\/10\/US_UO-biale.png","width":1923,"height":326,"caption":"Uniwersytet \u015al\u0105ski"},"image":{"@id":"https:\/\/uniwersytetotwarty.us.edu.pl\/utw\/#\/schema\/logo\/image\/"}}]}},"_links":{"self":[{"href":"https:\/\/uniwersytetotwarty.us.edu.pl\/utw\/wp-json\/wp\/v2\/pages\/400","targetHints":{"allow":["GET"]}}],"collection":[{"href":"https:\/\/uniwersytetotwarty.us.edu.pl\/utw\/wp-json\/wp\/v2\/pages"}],"about":[{"href":"https:\/\/uniwersytetotwarty.us.edu.pl\/utw\/wp-json\/wp\/v2\/types\/page"}],"author":[{"embeddable":true,"href":"https:\/\/uniwersytetotwarty.us.edu.pl\/utw\/wp-json\/wp\/v2\/users\/2"}],"replies":[{"embeddable":true,"href":"https:\/\/uniwersytetotwarty.us.edu.pl\/utw\/wp-json\/wp\/v2\/comments?post=400"}],"version-history":[{"count":10,"href":"https:\/\/uniwersytetotwarty.us.edu.pl\/utw\/wp-json\/wp\/v2\/pages\/400\/revisions"}],"predecessor-version":[{"id":12510,"href":"https:\/\/uniwersytetotwarty.us.edu.pl\/utw\/wp-json\/wp\/v2\/pages\/400\/revisions\/12510"}],"up":[{"embeddable":true,"href":"https:\/\/uniwersytetotwarty.us.edu.pl\/utw\/wp-json\/wp\/v2\/pages\/250"}],"wp:attachment":[{"href":"https:\/\/uniwersytetotwarty.us.edu.pl\/utw\/wp-json\/wp\/v2\/media?parent=400"}],"curies":[{"name":"wp","href":"https:\/\/api.w.org\/{rel}","templated":true}]}}