{"id":287,"date":"2025-01-15T13:30:42","date_gmt":"2025-01-15T12:30:42","guid":{"rendered":"https:\/\/uniwersytetotwarty.us.edu.pl\/utw\/?page_id=287"},"modified":"2026-02-18T14:40:55","modified_gmt":"2026-02-18T13:40:55","slug":"biezace-zapisy","status":"publish","type":"page","link":"https:\/\/uniwersytetotwarty.us.edu.pl\/utw\/katowice\/biezace-zapisy\/","title":{"rendered":"Bie\u017c\u0105ce zapisy"},"content":{"rendered":"\t\t<div data-elementor-type=\"wp-page\" data-elementor-id=\"287\" class=\"elementor elementor-287\" data-elementor-post-type=\"page\">\n\t\t\t\t\t\t<section class=\"elementor-section elementor-top-section elementor-element elementor-element-d68a518 elementor-hidden-desktop elementor-hidden-tablet elementor-hidden-mobile elementor-section-boxed elementor-section-height-default elementor-section-height-default\" data-id=\"d68a518\" data-element_type=\"section\" data-e-type=\"section\">\n\t\t\t\t\t\t<div class=\"elementor-container elementor-column-gap-default\">\n\t\t\t\t\t<div class=\"elementor-column elementor-col-100 elementor-top-column elementor-element elementor-element-2030d45\" data-id=\"2030d45\" data-element_type=\"column\" data-e-type=\"column\">\n\t\t\t<div class=\"elementor-widget-wrap elementor-element-populated\">\n\t\t\t\t\t\t<div class=\"elementor-element elementor-element-cbd8a9e elementor-widget elementor-widget-text-editor\" data-id=\"cbd8a9e\" data-element_type=\"widget\" data-e-type=\"widget\" data-widget_type=\"text-editor.default\">\n\t\t\t\t<div class=\"elementor-widget-container\">\n\t\t\t\t\t\t\t\t\t<p>W tej chwili nie prowadzimy \u017cadnych zapis\u00f3w.\u00a0<\/p>\t\t\t\t\t\t\t\t<\/div>\n\t\t\t\t<\/div>\n\t\t\t\t\t<\/div>\n\t\t<\/div>\n\t\t\t\t\t<\/div>\n\t\t<\/section>\n\t\t\t\t<section class=\"elementor-section elementor-top-section elementor-element elementor-element-1c8c292 elementor-section-boxed elementor-section-height-default elementor-section-height-default\" data-id=\"1c8c292\" data-element_type=\"section\" data-e-type=\"section\">\n\t\t\t\t\t\t<div class=\"elementor-container elementor-column-gap-default\">\n\t\t\t\t\t<div class=\"elementor-column elementor-col-100 elementor-top-column elementor-element elementor-element-144fc66\" data-id=\"144fc66\" data-element_type=\"column\" data-e-type=\"column\">\n\t\t\t<div class=\"elementor-widget-wrap elementor-element-populated\">\n\t\t\t\t\t\t<div class=\"elementor-element elementor-element-1583cd4 elementor-widget elementor-widget-text-editor\" data-id=\"1583cd4\" data-element_type=\"widget\" data-e-type=\"widget\" data-widget_type=\"text-editor.default\">\n\t\t\t\t<div class=\"elementor-widget-container\">\n\t\t\t\t\t\t\t\t\t<p><strong>Zapisy na pilates w semestrze letnim 2025\/2026<\/strong><\/p><p>Wi\u0119cej informacji o wydarzeniu: <a href=\"https:\/\/uniwersytetotwarty.us.edu.pl\/utw\/katowice\/zajecia-ruchowe\/\">KLIKNIJ TUTAJ\u00a0<\/a><\/p><p>Zapisy trwaj\u0105 od <strong>13.02.2026 r.\u00a0<\/strong><\/p><p>Link do zapis\u00f3w: <a href=\"https:\/\/formularze.us.edu.pl\/form\/index\/6983\">KLIKNIJ TUTAJ<\/a><\/p>\t\t\t\t\t\t\t\t<\/div>\n\t\t\t\t<\/div>\n\t\t\t\t<div class=\"elementor-element elementor-element-d647328 elementor-widget elementor-widget-text-editor\" data-id=\"d647328\" data-element_type=\"widget\" data-e-type=\"widget\" data-widget_type=\"text-editor.default\">\n\t\t\t\t<div class=\"elementor-widget-container\">\n\t\t\t\t\t\t\t\t\t<p><strong>Zapisy na latino solo w semestrze letnim 2025\/2026<\/strong><\/p><p>Wi\u0119cej informacji o wydarzeniu: <a href=\"https:\/\/uniwersytetotwarty.us.edu.pl\/utw\/katowice\/zajecia-ruchowe\/\">KLIKNIJ TUTAJ\u00a0<\/a><\/p><p>Zapisy trwaj\u0105 od <strong>13.02.2026 r.\u00a0<\/strong><\/p><p>Link do zapis\u00f3w: <a href=\"https:\/\/formularze.us.edu.pl\/form\/index\/6985\">KLIKNIJ TUTAJ<\/a><\/p>\t\t\t\t\t\t\t\t<\/div>\n\t\t\t\t<\/div>\n\t\t\t\t<div class=\"elementor-element elementor-element-54143a1 elementor-widget elementor-widget-text-editor\" data-id=\"54143a1\" data-element_type=\"widget\" data-e-type=\"widget\" data-widget_type=\"text-editor.default\">\n\t\t\t\t<div class=\"elementor-widget-container\">\n\t\t\t\t\t\t\t\t\t<p><strong>Zapisy na jog\u0119 w semestrze letnim 2025\/2026<\/strong><\/p><p>Wi\u0119cej informacji o wydarzeniu: <a href=\"https:\/\/uniwersytetotwarty.us.edu.pl\/utw\/katowice\/zajecia-ruchowe\/\">KLIKNIJ TUTAJ\u00a0<\/a><\/p><p>Zapisy trwaj\u0105 od <strong>13.02.2026 r.\u00a0<\/strong><\/p><p>Link do zapis\u00f3w:<\/p><ul><li>grupa 10:30-12:00 <a href=\"https:\/\/formularze.us.edu.pl\/form\/index\/6981\">KLIKNIJ TUTAJ<\/a><\/li><li>grupa 12:00-13:30 <a href=\"https:\/\/formularze.us.edu.pl\/form\/index\/6981\">KLIKNIJ TUTAJ<\/a><\/li><\/ul>\t\t\t\t\t\t\t\t<\/div>\n\t\t\t\t<\/div>\n\t\t\t\t<div class=\"elementor-element elementor-element-ea1f20a elementor-widget elementor-widget-text-editor\" data-id=\"ea1f20a\" data-element_type=\"widget\" data-e-type=\"widget\" data-widget_type=\"text-editor.default\">\n\t\t\t\t<div class=\"elementor-widget-container\">\n\t\t\t\t\t\t\t\t\t<p><strong>Zapisy na zaj\u0119cia gimnastyka przy muzyce w semestrze letnim 2025\/2026<\/strong><\/p><p>Wi\u0119cej informacji o wydarzeniu: <a href=\"https:\/\/uniwersytetotwarty.us.edu.pl\/utw\/katowice\/zajecia-ruchowe\/\">KLIKNIJ TUTAJ\u00a0<\/a><\/p><p>Zapisy trwaj\u0105 od <strong>29.01.2026 r.\u00a0<\/strong><\/p><p>Link do zapis\u00f3w: <a href=\"https:\/\/formularze.us.edu.pl\/form\/index\/6962\">KLIKNIJ TUTAJ<\/a><\/p>\t\t\t\t\t\t\t\t<\/div>\n\t\t\t\t<\/div>\n\t\t\t\t<div class=\"elementor-element elementor-element-5b5d5ec elementor-widget elementor-widget-text-editor\" data-id=\"5b5d5ec\" data-element_type=\"widget\" data-e-type=\"widget\" data-widget_type=\"text-editor.default\">\n\t\t\t\t<div class=\"elementor-widget-container\">\n\t\t\t\t\t\t\t\t\t<p><strong>Zapisy na zaj\u0119cia ta\u0144ce europejskie w semestrze letnim 2025\/2026<\/strong><\/p><p>Wi\u0119cej informacji o wydarzeniu: <a href=\"https:\/\/uniwersytetotwarty.us.edu.pl\/utw\/katowice\/zajecia-ruchowe\/\">KLIKNIJ TUTAJ\u00a0<\/a><\/p><p>Zapisy trwaj\u0105 od <strong>29.01.2026 r.\u00a0<\/strong><\/p><p>Link do zapis\u00f3w: <a href=\"https:\/\/formularze.us.edu.pl\/form\/index\/6961\">KLIKNIJ TUTAJ<\/a><\/p>\t\t\t\t\t\t\t\t<\/div>\n\t\t\t\t<\/div>\n\t\t\t\t\t<\/div>\n\t\t<\/div>\n\t\t\t\t\t<\/div>\n\t\t<\/section>\n\t\t\t\t<section class=\"elementor-section elementor-top-section elementor-element elementor-element-3f67e2f elementor-section-boxed elementor-section-height-default elementor-section-height-default\" data-id=\"3f67e2f\" data-element_type=\"section\" data-e-type=\"section\">\n\t\t\t\t\t\t<div class=\"elementor-container elementor-column-gap-default\">\n\t\t\t\t\t<div class=\"elementor-column elementor-col-100 elementor-top-column elementor-element elementor-element-37970b2\" data-id=\"37970b2\" data-element_type=\"column\" data-e-type=\"column\">\n\t\t\t<div class=\"elementor-widget-wrap elementor-element-populated\">\n\t\t\t\t\t\t<div class=\"elementor-element elementor-element-46b85e7 elementor-widget elementor-widget-spacer\" data-id=\"46b85e7\" data-element_type=\"widget\" data-e-type=\"widget\" data-widget_type=\"spacer.default\">\n\t\t\t\t<div class=\"elementor-widget-container\">\n\t\t\t\t\t\t\t<div class=\"elementor-spacer\">\n\t\t\t<div class=\"elementor-spacer-inner\"><\/div>\n\t\t<\/div>\n\t\t\t\t\t\t<\/div>\n\t\t\t\t<\/div>\n\t\t\t\t\t<\/div>\n\t\t<\/div>\n\t\t\t\t\t<\/div>\n\t\t<\/section>\n\t\t\t\t<\/div>\n\t\t","protected":false},"excerpt":{"rendered":"<p>W tej chwili nie prowadzimy \u017cadnych zapis\u00f3w.\u00a0 Zapisy na pilates w semestrze letnim 2025\/2026 Wi\u0119cej informacji o wydarzeniu: KLIKNIJ TUTAJ\u00a0 Zapisy trwaj\u0105 od 13.02.2026 r.\u00a0 Link do zapis\u00f3w: KLIKNIJ TUTAJ Zapisy na latino solo w semestrze letnim 2025\/2026 Wi\u0119cej informacji o wydarzeniu: KLIKNIJ TUTAJ\u00a0 Zapisy trwaj\u0105 od 13.02.2026 r.\u00a0 Link do zapis\u00f3w: KLIKNIJ TUTAJ Zapisy [&hellip;]<\/p>\n","protected":false},"author":2,"featured_media":0,"parent":246,"menu_order":0,"comment_status":"closed","ping_status":"closed","template":"","meta":{"footnotes":""},"class_list":["post-287","page","type-page","status-publish","hentry"],"yoast_head":"<!-- This site is optimized with the Yoast SEO plugin v27.4 - https:\/\/yoast.com\/product\/yoast-seo-wordpress\/ -->\n<title>Bie\u017c\u0105ce zapisy - UTW<\/title>\n<meta name=\"robots\" content=\"noindex, follow, max-snippet:-1, max-image-preview:large, max-video-preview:-1\" \/>\n<meta property=\"og:locale\" content=\"pl_PL\" \/>\n<meta property=\"og:type\" content=\"article\" \/>\n<meta property=\"og:title\" content=\"Bie\u017c\u0105ce zapisy - UTW\" \/>\n<meta property=\"og:description\" content=\"W tej chwili nie prowadzimy \u017cadnych zapis\u00f3w.\u00a0 Zapisy na pilates w semestrze letnim 2025\/2026 Wi\u0119cej informacji o wydarzeniu: KLIKNIJ TUTAJ\u00a0 Zapisy trwaj\u0105 od 13.02.2026 r.\u00a0 Link do zapis\u00f3w: KLIKNIJ TUTAJ Zapisy na latino solo w semestrze letnim 2025\/2026 Wi\u0119cej informacji o wydarzeniu: KLIKNIJ TUTAJ\u00a0 Zapisy trwaj\u0105 od 13.02.2026 r.\u00a0 Link do zapis\u00f3w: KLIKNIJ TUTAJ Zapisy [&hellip;]\" \/>\n<meta property=\"og:url\" content=\"https:\/\/uniwersytetotwarty.us.edu.pl\/utw\/katowice\/biezace-zapisy\/\" \/>\n<meta property=\"og:site_name\" content=\"UTW\" \/>\n<meta property=\"article:modified_time\" content=\"2026-02-18T13:40:55+00:00\" \/>\n<meta name=\"twitter:card\" content=\"summary_large_image\" \/>\n<meta name=\"twitter:label1\" content=\"Szacowany czas czytania\" \/>\n\t<meta name=\"twitter:data1\" content=\"1 minuta\" \/>\n<script type=\"application\/ld+json\" class=\"yoast-schema-graph\">{\"@context\":\"https:\\\/\\\/schema.org\",\"@graph\":[{\"@type\":\"WebPage\",\"@id\":\"https:\\\/\\\/uniwersytetotwarty.us.edu.pl\\\/utw\\\/katowice\\\/biezace-zapisy\\\/\",\"url\":\"https:\\\/\\\/uniwersytetotwarty.us.edu.pl\\\/utw\\\/katowice\\\/biezace-zapisy\\\/\",\"name\":\"Bie\u017c\u0105ce zapisy - UTW\",\"isPartOf\":{\"@id\":\"https:\\\/\\\/uniwersytetotwarty.us.edu.pl\\\/utw\\\/#website\"},\"datePublished\":\"2025-01-15T12:30:42+00:00\",\"dateModified\":\"2026-02-18T13:40:55+00:00\",\"breadcrumb\":{\"@id\":\"https:\\\/\\\/uniwersytetotwarty.us.edu.pl\\\/utw\\\/katowice\\\/biezace-zapisy\\\/#breadcrumb\"},\"inLanguage\":\"pl-PL\",\"potentialAction\":[{\"@type\":\"ReadAction\",\"target\":[\"https:\\\/\\\/uniwersytetotwarty.us.edu.pl\\\/utw\\\/katowice\\\/biezace-zapisy\\\/\"]}]},{\"@type\":\"BreadcrumbList\",\"@id\":\"https:\\\/\\\/uniwersytetotwarty.us.edu.pl\\\/utw\\\/katowice\\\/biezace-zapisy\\\/#breadcrumb\",\"itemListElement\":[{\"@type\":\"ListItem\",\"position\":1,\"name\":\"UTW\",\"item\":\"https:\\\/\\\/uniwersytetotwarty.us.edu.pl\\\/utw\\\/\"},{\"@type\":\"ListItem\",\"position\":2,\"name\":\"Katowice\",\"item\":\"https:\\\/\\\/uniwersytetotwarty.us.edu.pl\\\/utw\\\/katowice\\\/\"},{\"@type\":\"ListItem\",\"position\":3,\"name\":\"Bie\u017c\u0105ce zapisy\"}]},{\"@type\":\"WebSite\",\"@id\":\"https:\\\/\\\/uniwersytetotwarty.us.edu.pl\\\/utw\\\/#website\",\"url\":\"https:\\\/\\\/uniwersytetotwarty.us.edu.pl\\\/utw\\\/\",\"name\":\"UTW\",\"description\":\"\",\"publisher\":{\"@id\":\"https:\\\/\\\/uniwersytetotwarty.us.edu.pl\\\/utw\\\/#organization\"},\"potentialAction\":[{\"@type\":\"SearchAction\",\"target\":{\"@type\":\"EntryPoint\",\"urlTemplate\":\"https:\\\/\\\/uniwersytetotwarty.us.edu.pl\\\/utw\\\/?s={search_term_string}\"},\"query-input\":{\"@type\":\"PropertyValueSpecification\",\"valueRequired\":true,\"valueName\":\"search_term_string\"}}],\"inLanguage\":\"pl-PL\"},{\"@type\":\"Organization\",\"@id\":\"https:\\\/\\\/uniwersytetotwarty.us.edu.pl\\\/utw\\\/#organization\",\"name\":\"Uniwersytet \u015al\u0105ski\",\"url\":\"https:\\\/\\\/uniwersytetotwarty.us.edu.pl\\\/utw\\\/\",\"logo\":{\"@type\":\"ImageObject\",\"inLanguage\":\"pl-PL\",\"@id\":\"https:\\\/\\\/uniwersytetotwarty.us.edu.pl\\\/utw\\\/#\\\/schema\\\/logo\\\/image\\\/\",\"url\":\"https:\\\/\\\/uniwersytetotwarty.us.edu.pl\\\/utw\\\/wp-content\\\/uploads\\\/sites\\\/15\\\/2023\\\/10\\\/US_UO-biale.png\",\"contentUrl\":\"https:\\\/\\\/uniwersytetotwarty.us.edu.pl\\\/utw\\\/wp-content\\\/uploads\\\/sites\\\/15\\\/2023\\\/10\\\/US_UO-biale.png\",\"width\":1923,\"height\":326,\"caption\":\"Uniwersytet \u015al\u0105ski\"},\"image\":{\"@id\":\"https:\\\/\\\/uniwersytetotwarty.us.edu.pl\\\/utw\\\/#\\\/schema\\\/logo\\\/image\\\/\"}}]}<\/script>\n<!-- \/ Yoast SEO plugin. -->","yoast_head_json":{"title":"Bie\u017c\u0105ce zapisy - UTW","robots":{"index":"noindex","follow":"follow","max-snippet":"max-snippet:-1","max-image-preview":"max-image-preview:large","max-video-preview":"max-video-preview:-1"},"og_locale":"pl_PL","og_type":"article","og_title":"Bie\u017c\u0105ce zapisy - UTW","og_description":"W tej chwili nie prowadzimy \u017cadnych zapis\u00f3w.\u00a0 Zapisy na pilates w semestrze letnim 2025\/2026 Wi\u0119cej informacji o wydarzeniu: KLIKNIJ TUTAJ\u00a0 Zapisy trwaj\u0105 od 13.02.2026 r.\u00a0 Link do zapis\u00f3w: KLIKNIJ TUTAJ Zapisy na latino solo w semestrze letnim 2025\/2026 Wi\u0119cej informacji o wydarzeniu: KLIKNIJ TUTAJ\u00a0 Zapisy trwaj\u0105 od 13.02.2026 r.\u00a0 Link do zapis\u00f3w: KLIKNIJ TUTAJ Zapisy [&hellip;]","og_url":"https:\/\/uniwersytetotwarty.us.edu.pl\/utw\/katowice\/biezace-zapisy\/","og_site_name":"UTW","article_modified_time":"2026-02-18T13:40:55+00:00","twitter_card":"summary_large_image","twitter_misc":{"Szacowany czas czytania":"1 minuta"},"schema":{"@context":"https:\/\/schema.org","@graph":[{"@type":"WebPage","@id":"https:\/\/uniwersytetotwarty.us.edu.pl\/utw\/katowice\/biezace-zapisy\/","url":"https:\/\/uniwersytetotwarty.us.edu.pl\/utw\/katowice\/biezace-zapisy\/","name":"Bie\u017c\u0105ce zapisy - UTW","isPartOf":{"@id":"https:\/\/uniwersytetotwarty.us.edu.pl\/utw\/#website"},"datePublished":"2025-01-15T12:30:42+00:00","dateModified":"2026-02-18T13:40:55+00:00","breadcrumb":{"@id":"https:\/\/uniwersytetotwarty.us.edu.pl\/utw\/katowice\/biezace-zapisy\/#breadcrumb"},"inLanguage":"pl-PL","potentialAction":[{"@type":"ReadAction","target":["https:\/\/uniwersytetotwarty.us.edu.pl\/utw\/katowice\/biezace-zapisy\/"]}]},{"@type":"BreadcrumbList","@id":"https:\/\/uniwersytetotwarty.us.edu.pl\/utw\/katowice\/biezace-zapisy\/#breadcrumb","itemListElement":[{"@type":"ListItem","position":1,"name":"UTW","item":"https:\/\/uniwersytetotwarty.us.edu.pl\/utw\/"},{"@type":"ListItem","position":2,"name":"Katowice","item":"https:\/\/uniwersytetotwarty.us.edu.pl\/utw\/katowice\/"},{"@type":"ListItem","position":3,"name":"Bie\u017c\u0105ce zapisy"}]},{"@type":"WebSite","@id":"https:\/\/uniwersytetotwarty.us.edu.pl\/utw\/#website","url":"https:\/\/uniwersytetotwarty.us.edu.pl\/utw\/","name":"UTW","description":"","publisher":{"@id":"https:\/\/uniwersytetotwarty.us.edu.pl\/utw\/#organization"},"potentialAction":[{"@type":"SearchAction","target":{"@type":"EntryPoint","urlTemplate":"https:\/\/uniwersytetotwarty.us.edu.pl\/utw\/?s={search_term_string}"},"query-input":{"@type":"PropertyValueSpecification","valueRequired":true,"valueName":"search_term_string"}}],"inLanguage":"pl-PL"},{"@type":"Organization","@id":"https:\/\/uniwersytetotwarty.us.edu.pl\/utw\/#organization","name":"Uniwersytet \u015al\u0105ski","url":"https:\/\/uniwersytetotwarty.us.edu.pl\/utw\/","logo":{"@type":"ImageObject","inLanguage":"pl-PL","@id":"https:\/\/uniwersytetotwarty.us.edu.pl\/utw\/#\/schema\/logo\/image\/","url":"https:\/\/uniwersytetotwarty.us.edu.pl\/utw\/wp-content\/uploads\/sites\/15\/2023\/10\/US_UO-biale.png","contentUrl":"https:\/\/uniwersytetotwarty.us.edu.pl\/utw\/wp-content\/uploads\/sites\/15\/2023\/10\/US_UO-biale.png","width":1923,"height":326,"caption":"Uniwersytet \u015al\u0105ski"},"image":{"@id":"https:\/\/uniwersytetotwarty.us.edu.pl\/utw\/#\/schema\/logo\/image\/"}}]}},"_links":{"self":[{"href":"https:\/\/uniwersytetotwarty.us.edu.pl\/utw\/wp-json\/wp\/v2\/pages\/287","targetHints":{"allow":["GET"]}}],"collection":[{"href":"https:\/\/uniwersytetotwarty.us.edu.pl\/utw\/wp-json\/wp\/v2\/pages"}],"about":[{"href":"https:\/\/uniwersytetotwarty.us.edu.pl\/utw\/wp-json\/wp\/v2\/types\/page"}],"author":[{"embeddable":true,"href":"https:\/\/uniwersytetotwarty.us.edu.pl\/utw\/wp-json\/wp\/v2\/users\/2"}],"replies":[{"embeddable":true,"href":"https:\/\/uniwersytetotwarty.us.edu.pl\/utw\/wp-json\/wp\/v2\/comments?post=287"}],"version-history":[{"count":10,"href":"https:\/\/uniwersytetotwarty.us.edu.pl\/utw\/wp-json\/wp\/v2\/pages\/287\/revisions"}],"predecessor-version":[{"id":12073,"href":"https:\/\/uniwersytetotwarty.us.edu.pl\/utw\/wp-json\/wp\/v2\/pages\/287\/revisions\/12073"}],"up":[{"embeddable":true,"href":"https:\/\/uniwersytetotwarty.us.edu.pl\/utw\/wp-json\/wp\/v2\/pages\/246"}],"wp:attachment":[{"href":"https:\/\/uniwersytetotwarty.us.edu.pl\/utw\/wp-json\/wp\/v2\/media?parent=287"}],"curies":[{"name":"wp","href":"https:\/\/api.w.org\/{rel}","templated":true}]}}