{"id":261,"date":"2023-10-31T11:07:18","date_gmt":"2023-10-31T10:07:18","guid":{"rendered":"https:\/\/uniwersytetotwarty.us.edu.pl\/nauczyciele-miedzy-kulturami\/?page_id=261"},"modified":"2023-10-31T11:17:07","modified_gmt":"2023-10-31T10:17:07","slug":"edukatorium-psychologiczno-pedagogiczne","status":"publish","type":"page","link":"https:\/\/uniwersytetotwarty.us.edu.pl\/nauczyciele-miedzy-kulturami\/edukatorium-psychologiczno-pedagogiczne\/","title":{"rendered":"Edukatorium pedagogiczno-psychologiczne"},"content":{"rendered":"\t\t<div data-elementor-type=\"wp-page\" data-elementor-id=\"261\" class=\"elementor elementor-261\" data-elementor-post-type=\"page\">\n\t\t\t\t\t\t<section class=\"elementor-section elementor-top-section elementor-element elementor-element-32c3540 elementor-section-boxed elementor-section-height-default elementor-section-height-default\" data-id=\"32c3540\" data-element_type=\"section\" data-e-type=\"section\">\n\t\t\t\t\t\t<div class=\"elementor-container elementor-column-gap-default\">\n\t\t\t\t\t<div class=\"elementor-column elementor-col-66 elementor-top-column elementor-element elementor-element-f381b65\" data-id=\"f381b65\" data-element_type=\"column\" data-e-type=\"column\">\n\t\t\t<div class=\"elementor-widget-wrap elementor-element-populated\">\n\t\t\t\t\t\t<div class=\"elementor-element elementor-element-f7e0871 elementor-widget elementor-widget-text-editor\" data-id=\"f7e0871\" data-element_type=\"widget\" data-e-type=\"widget\" data-widget_type=\"text-editor.default\">\n\t\t\t\t<div class=\"elementor-widget-container\">\n\t\t\t\t\t\t\t\t\t<div>R\u00f3\u017cnorodno\u015b\u0107 spo\u0142eczna w jej najrozmaitszych ods\u0142onach i perspektywach jest obecnie przedmiotem licznych bada\u0144 i dyskusji. Coraz cz\u0119\u015bciej zwraca si\u0119 uwag\u0119 na problem r\u00f3\u017cnorodno\u015bci i nier\u00f3wno\u015bci w kontek\u015bcie edukacji dzieci i m\u0142odzie\u017cy. Szko\u0142a jest przestrzeni\u0105, w kt\u00f3rej, jak w soczewce, ujawniaj\u0105 si\u0119 wyst\u0119puj\u0105ce w spo\u0142ecze\u0144stwie stereotypy, przes\u0105dy i praktyki dyskryminacyjne. Zwi\u0119kszenie si\u0119 r\u00f3\u017cnorodno\u015bci spo\u0142ecznej \u015brodowiska szkolnego jest konsekwencj\u0105 r\u00f3\u017cnych zjawisk spo\u0142eczno-kulturowych oraz politycznych, a tak\u017ce wynikaj\u0105cych z nich zjawisk migracji i uchod\u017actwa, w tym uchod\u017actwa wojennego. Migracja wywo\u0142ana dzia\u0142aniami wojennymi w Ukrainie spowodowa\u0142a, \u017ce tysi\u0105ce ukrai\u0144skich dzieci znalaz\u0142o si\u0119 w kr\u00f3tkim czasie na terenie Polski. Wiele z nich trafi\u0142o do polskich&nbsp; przedszkoli, szk\u00f3\u0142 czy innych plac\u00f3wek o\u015bwiatowych.&nbsp;<\/div>\n<div>&nbsp;<\/div>\n<div>Zachodz\u0105ce zmiany w spo\u0142ecznym krajobrazie szko\u0142y rodz\u0105 potrzeb\u0119 wspierania i rozwoju postaw tolerancji, zrozumienia oraz pomocy w\u015br\u00f3d nauczycieli oraz uczni\u00f3w, a w sensie og\u00f3lniejszym, rozumienia znaczenia inkluzji spo\u0142ecznej w rozwoju spo\u0142ecznym i indywidualnym.<\/div>\n<div>&nbsp;<\/div>\t\t\t\t\t\t\t\t<\/div>\n\t\t\t\t<\/div>\n\t\t\t\t\t<\/div>\n\t\t<\/div>\n\t\t\t\t<div class=\"elementor-column elementor-col-33 elementor-top-column elementor-element elementor-element-17dceca\" data-id=\"17dceca\" data-element_type=\"column\" data-e-type=\"column\">\n\t\t\t<div class=\"elementor-widget-wrap elementor-element-populated\">\n\t\t\t\t\t\t<div class=\"elementor-element elementor-element-f084acd elementor-widget elementor-widget-image\" data-id=\"f084acd\" data-element_type=\"widget\" data-e-type=\"widget\" data-widget_type=\"image.default\">\n\t\t\t\t<div class=\"elementor-widget-container\">\n\t\t\t\t\t\t\t\t\t\t\t\t\t\t\t<img fetchpriority=\"high\" decoding=\"async\" width=\"600\" height=\"600\" src=\"https:\/\/uniwersytetotwarty.us.edu.pl\/nauczyciele-miedzy-kulturami\/wp-content\/uploads\/sites\/11\/2023\/10\/edukatorium-pedagogiczne4.jpg\" class=\"attachment-large size-large wp-image-266\" alt=\"grafika Edukatorium\" srcset=\"https:\/\/uniwersytetotwarty.us.edu.pl\/nauczyciele-miedzy-kulturami\/wp-content\/uploads\/sites\/11\/2023\/10\/edukatorium-pedagogiczne4.jpg 600w, https:\/\/uniwersytetotwarty.us.edu.pl\/nauczyciele-miedzy-kulturami\/wp-content\/uploads\/sites\/11\/2023\/10\/edukatorium-pedagogiczne4-300x300.jpg 300w, https:\/\/uniwersytetotwarty.us.edu.pl\/nauczyciele-miedzy-kulturami\/wp-content\/uploads\/sites\/11\/2023\/10\/edukatorium-pedagogiczne4-150x150.jpg 150w\" sizes=\"(max-width: 600px) 100vw, 600px\" \/>\t\t\t\t\t\t\t\t\t\t\t\t\t\t\t<\/div>\n\t\t\t\t<\/div>\n\t\t\t\t\t<\/div>\n\t\t<\/div>\n\t\t\t\t\t<\/div>\n\t\t<\/section>\n\t\t\t\t<section class=\"elementor-section elementor-top-section elementor-element elementor-element-25e9fe5 elementor-section-boxed elementor-section-height-default elementor-section-height-default\" data-id=\"25e9fe5\" data-element_type=\"section\" data-e-type=\"section\">\n\t\t\t\t\t\t<div class=\"elementor-container elementor-column-gap-default\">\n\t\t\t\t\t<div class=\"elementor-column elementor-col-100 elementor-top-column elementor-element elementor-element-76053d5\" data-id=\"76053d5\" data-element_type=\"column\" data-e-type=\"column\">\n\t\t\t<div class=\"elementor-widget-wrap elementor-element-populated\">\n\t\t\t\t\t\t<div class=\"elementor-element elementor-element-dcd591f elementor-widget elementor-widget-text-editor\" data-id=\"dcd591f\" data-element_type=\"widget\" data-e-type=\"widget\" data-widget_type=\"text-editor.default\">\n\t\t\t\t<div class=\"elementor-widget-container\">\n\t\t\t\t\t\t\t\t\t<div>W ramach Edukatorium\u00a0 zaprezentowane zosta\u0142y wyniki bada\u0144 dotycz\u0105cych zachowa\u0144 i sytuacji dyskryminacyjnych oraz sposoby przeciwdzia\u0142ania temu zjawisku w katowickich szko\u0142ach. Badania, kt\u00f3re zosta\u0142y zrealizowane w\u015br\u00f3d nauczycieli i nauczycielek oraz uczennic i uczni\u00f3w na zlecenie Wydzia\u0142u Edukacji Urz\u0119du Miasta Katowice, zmierza\u0142y do diagnozy zjawisk dyskryminacji wobec uczni\u00f3w ze wzgl\u0119du na r\u00f3\u017cne cechy (rasa, narodowo\u015b\u0107, wygl\u0105d zewn\u0119trzny, w tym nadmierna masa cia\u0142a, orientacja seksualna, to\u017csamo\u015b\u0107 seksualna, religia, status materialny, indywidualne potrzeby rozwojowe, niepe\u0142nosprawno\u015b\u0107), jak i do rozpoznania potrzeb w zakresie reagowania i wspierania w sytuacjach nier\u00f3wnego traktowania, w tym potrzeb kompetencyjnych i szkoleniowych nauczycieli w tym zakresie.<\/div><div>\u00a0<\/div><div>Poza prezentacj\u0105 bada\u0144, w ramach Edukatorium uczestnicy mogli wzi\u0105\u0107 udzia\u0142 w interesuj\u0105cych warsztatach dotycz\u0105cych:<\/div><ul><li>przeciwdzia\u0142aniu dyskryminacji,<\/li><li>pracy i wspierania uczni\u00f3w \u2013 uchod\u017ac\u00f3w wojennych<\/li><li>pracy z uczniami neuror\u00f3\u017cnorodnymi \u2013 na temat ASD oraz grup czynnik\u00f3w (nie-)sprzyjaj\u0105cych uczeniu si\u0119 os\u00f3b ze spektrum,<\/li><li>alternatywnych sposob\u00f3w edukacji dzieci i m\u0142odzie\u017cy.<\/li><\/ul>\t\t\t\t\t\t\t\t<\/div>\n\t\t\t\t<\/div>\n\t\t\t\t\t<\/div>\n\t\t<\/div>\n\t\t\t\t\t<\/div>\n\t\t<\/section>\n\t\t\t\t<section class=\"elementor-section elementor-top-section elementor-element elementor-element-7a3b33c elementor-section-boxed elementor-section-height-default elementor-section-height-default\" data-id=\"7a3b33c\" data-element_type=\"section\" data-e-type=\"section\">\n\t\t\t\t\t\t<div class=\"elementor-container elementor-column-gap-default\">\n\t\t\t\t\t<div class=\"elementor-column elementor-col-100 elementor-top-column elementor-element elementor-element-eaef682\" data-id=\"eaef682\" data-element_type=\"column\" data-e-type=\"column\">\n\t\t\t<div class=\"elementor-widget-wrap elementor-element-populated\">\n\t\t\t\t\t\t<div class=\"elementor-element elementor-element-1fbc61f elementor-widget elementor-widget-image\" data-id=\"1fbc61f\" data-element_type=\"widget\" data-e-type=\"widget\" data-widget_type=\"image.default\">\n\t\t\t\t<div class=\"elementor-widget-container\">\n\t\t\t\t\t\t\t\t\t\t\t\t\t\t\t<img decoding=\"async\" width=\"800\" height=\"95\" src=\"https:\/\/uniwersytetotwarty.us.edu.pl\/nauczyciele-miedzy-kulturami\/wp-content\/uploads\/sites\/11\/2023\/10\/UNICEF-pasek-z-logotypami-2-1024x122.jpg\" class=\"attachment-large size-large wp-image-278\" alt=\"logotypy partner\u00f3w projektu\" srcset=\"https:\/\/uniwersytetotwarty.us.edu.pl\/nauczyciele-miedzy-kulturami\/wp-content\/uploads\/sites\/11\/2023\/10\/UNICEF-pasek-z-logotypami-2-1024x122.jpg 1024w, https:\/\/uniwersytetotwarty.us.edu.pl\/nauczyciele-miedzy-kulturami\/wp-content\/uploads\/sites\/11\/2023\/10\/UNICEF-pasek-z-logotypami-2-300x36.jpg 300w, https:\/\/uniwersytetotwarty.us.edu.pl\/nauczyciele-miedzy-kulturami\/wp-content\/uploads\/sites\/11\/2023\/10\/UNICEF-pasek-z-logotypami-2-768x92.jpg 768w, https:\/\/uniwersytetotwarty.us.edu.pl\/nauczyciele-miedzy-kulturami\/wp-content\/uploads\/sites\/11\/2023\/10\/UNICEF-pasek-z-logotypami-2-1536x183.jpg 1536w, https:\/\/uniwersytetotwarty.us.edu.pl\/nauczyciele-miedzy-kulturami\/wp-content\/uploads\/sites\/11\/2023\/10\/UNICEF-pasek-z-logotypami-2-2048x245.jpg 2048w\" sizes=\"(max-width: 800px) 100vw, 800px\" \/>\t\t\t\t\t\t\t\t\t\t\t\t\t\t\t<\/div>\n\t\t\t\t<\/div>\n\t\t\t\t\t<\/div>\n\t\t<\/div>\n\t\t\t\t\t<\/div>\n\t\t<\/section>\n\t\t\t\t<\/div>\n\t\t","protected":false},"excerpt":{"rendered":"<p>R\u00f3\u017cnorodno\u015b\u0107 spo\u0142eczna w jej najrozmaitszych ods\u0142onach i perspektywach jest obecnie przedmiotem licznych bada\u0144 i dyskusji. Coraz cz\u0119\u015bciej zwraca si\u0119 uwag\u0119 na problem r\u00f3\u017cnorodno\u015bci i nier\u00f3wno\u015bci w kontek\u015bcie edukacji dzieci i m\u0142odzie\u017cy. Szko\u0142a jest przestrzeni\u0105, w kt\u00f3rej, jak w soczewce, ujawniaj\u0105 si\u0119 wyst\u0119puj\u0105ce w spo\u0142ecze\u0144stwie stereotypy, przes\u0105dy i praktyki dyskryminacyjne. Zwi\u0119kszenie si\u0119 r\u00f3\u017cnorodno\u015bci spo\u0142ecznej \u015brodowiska szkolnego [&hellip;]<\/p>\n","protected":false},"author":5,"featured_media":0,"parent":0,"menu_order":0,"comment_status":"closed","ping_status":"closed","template":"","meta":{"footnotes":""},"class_list":["post-261","page","type-page","status-publish","hentry"],"yoast_head":"<!-- This site is optimized with the Yoast SEO plugin v27.4 - https:\/\/yoast.com\/product\/yoast-seo-wordpress\/ -->\n<title>Edukatorium pedagogiczno-psychologiczne - Nauczyciele miedzy kulturami<\/title>\n<meta name=\"robots\" content=\"index, follow, max-snippet:-1, max-image-preview:large, max-video-preview:-1\" \/>\n<link rel=\"canonical\" href=\"https:\/\/uniwersytetotwarty.us.edu.pl\/nauczyciele-miedzy-kulturami\/edukatorium-psychologiczno-pedagogiczne\/\" \/>\n<meta property=\"og:locale\" content=\"pl_PL\" \/>\n<meta property=\"og:type\" content=\"article\" \/>\n<meta property=\"og:title\" content=\"Edukatorium pedagogiczno-psychologiczne - Nauczyciele miedzy kulturami\" \/>\n<meta property=\"og:description\" content=\"R\u00f3\u017cnorodno\u015b\u0107 spo\u0142eczna w jej najrozmaitszych ods\u0142onach i perspektywach jest obecnie przedmiotem licznych bada\u0144 i dyskusji. Coraz cz\u0119\u015bciej zwraca si\u0119 uwag\u0119 na problem r\u00f3\u017cnorodno\u015bci i nier\u00f3wno\u015bci w kontek\u015bcie edukacji dzieci i m\u0142odzie\u017cy. Szko\u0142a jest przestrzeni\u0105, w kt\u00f3rej, jak w soczewce, ujawniaj\u0105 si\u0119 wyst\u0119puj\u0105ce w spo\u0142ecze\u0144stwie stereotypy, przes\u0105dy i praktyki dyskryminacyjne. Zwi\u0119kszenie si\u0119 r\u00f3\u017cnorodno\u015bci spo\u0142ecznej \u015brodowiska szkolnego [&hellip;]\" \/>\n<meta property=\"og:url\" content=\"https:\/\/uniwersytetotwarty.us.edu.pl\/nauczyciele-miedzy-kulturami\/edukatorium-psychologiczno-pedagogiczne\/\" \/>\n<meta property=\"og:site_name\" content=\"Nauczyciele miedzy kulturami\" \/>\n<meta property=\"article:modified_time\" content=\"2023-10-31T10:17:07+00:00\" \/>\n<meta property=\"og:image\" content=\"https:\/\/uniwersytetotwarty.us.edu.pl\/nauczyciele-miedzy-kulturami\/wp-content\/uploads\/sites\/11\/2023\/10\/edukatorium-pedagogiczne4.jpg\" \/>\n<meta name=\"twitter:card\" content=\"summary_large_image\" \/>\n<meta name=\"twitter:label1\" content=\"Szacowany czas czytania\" \/>\n\t<meta name=\"twitter:data1\" content=\"2 minuty\" \/>\n<script type=\"application\/ld+json\" class=\"yoast-schema-graph\">{\"@context\":\"https:\\\/\\\/schema.org\",\"@graph\":[{\"@type\":\"WebPage\",\"@id\":\"https:\\\/\\\/uniwersytetotwarty.us.edu.pl\\\/nauczyciele-miedzy-kulturami\\\/edukatorium-psychologiczno-pedagogiczne\\\/\",\"url\":\"https:\\\/\\\/uniwersytetotwarty.us.edu.pl\\\/nauczyciele-miedzy-kulturami\\\/edukatorium-psychologiczno-pedagogiczne\\\/\",\"name\":\"Edukatorium pedagogiczno-psychologiczne - Nauczyciele miedzy kulturami\",\"isPartOf\":{\"@id\":\"https:\\\/\\\/uniwersytetotwarty.us.edu.pl\\\/nauczyciele-miedzy-kulturami\\\/#website\"},\"primaryImageOfPage\":{\"@id\":\"https:\\\/\\\/uniwersytetotwarty.us.edu.pl\\\/nauczyciele-miedzy-kulturami\\\/edukatorium-psychologiczno-pedagogiczne\\\/#primaryimage\"},\"image\":{\"@id\":\"https:\\\/\\\/uniwersytetotwarty.us.edu.pl\\\/nauczyciele-miedzy-kulturami\\\/edukatorium-psychologiczno-pedagogiczne\\\/#primaryimage\"},\"thumbnailUrl\":\"https:\\\/\\\/uniwersytetotwarty.us.edu.pl\\\/nauczyciele-miedzy-kulturami\\\/wp-content\\\/uploads\\\/sites\\\/11\\\/2023\\\/10\\\/edukatorium-pedagogiczne4.jpg\",\"datePublished\":\"2023-10-31T10:07:18+00:00\",\"dateModified\":\"2023-10-31T10:17:07+00:00\",\"breadcrumb\":{\"@id\":\"https:\\\/\\\/uniwersytetotwarty.us.edu.pl\\\/nauczyciele-miedzy-kulturami\\\/edukatorium-psychologiczno-pedagogiczne\\\/#breadcrumb\"},\"inLanguage\":\"pl-PL\",\"potentialAction\":[{\"@type\":\"ReadAction\",\"target\":[\"https:\\\/\\\/uniwersytetotwarty.us.edu.pl\\\/nauczyciele-miedzy-kulturami\\\/edukatorium-psychologiczno-pedagogiczne\\\/\"]}]},{\"@type\":\"ImageObject\",\"inLanguage\":\"pl-PL\",\"@id\":\"https:\\\/\\\/uniwersytetotwarty.us.edu.pl\\\/nauczyciele-miedzy-kulturami\\\/edukatorium-psychologiczno-pedagogiczne\\\/#primaryimage\",\"url\":\"https:\\\/\\\/uniwersytetotwarty.us.edu.pl\\\/nauczyciele-miedzy-kulturami\\\/wp-content\\\/uploads\\\/sites\\\/11\\\/2023\\\/10\\\/edukatorium-pedagogiczne4.jpg\",\"contentUrl\":\"https:\\\/\\\/uniwersytetotwarty.us.edu.pl\\\/nauczyciele-miedzy-kulturami\\\/wp-content\\\/uploads\\\/sites\\\/11\\\/2023\\\/10\\\/edukatorium-pedagogiczne4.jpg\",\"width\":600,\"height\":600,\"caption\":\"grafika Edukatorium\"},{\"@type\":\"BreadcrumbList\",\"@id\":\"https:\\\/\\\/uniwersytetotwarty.us.edu.pl\\\/nauczyciele-miedzy-kulturami\\\/edukatorium-psychologiczno-pedagogiczne\\\/#breadcrumb\",\"itemListElement\":[{\"@type\":\"ListItem\",\"position\":1,\"name\":\"Nauczyciele miedzy kulturami\",\"item\":\"https:\\\/\\\/uniwersytetotwarty.us.edu.pl\\\/nauczyciele-miedzy-kulturami\\\/\"},{\"@type\":\"ListItem\",\"position\":2,\"name\":\"Edukatorium pedagogiczno-psychologiczne\"}]},{\"@type\":\"WebSite\",\"@id\":\"https:\\\/\\\/uniwersytetotwarty.us.edu.pl\\\/nauczyciele-miedzy-kulturami\\\/#website\",\"url\":\"https:\\\/\\\/uniwersytetotwarty.us.edu.pl\\\/nauczyciele-miedzy-kulturami\\\/\",\"name\":\"Nauczyciele miedzy kulturami\",\"description\":\"\",\"publisher\":{\"@id\":\"https:\\\/\\\/uniwersytetotwarty.us.edu.pl\\\/nauczyciele-miedzy-kulturami\\\/#organization\"},\"potentialAction\":[{\"@type\":\"SearchAction\",\"target\":{\"@type\":\"EntryPoint\",\"urlTemplate\":\"https:\\\/\\\/uniwersytetotwarty.us.edu.pl\\\/nauczyciele-miedzy-kulturami\\\/?s={search_term_string}\"},\"query-input\":{\"@type\":\"PropertyValueSpecification\",\"valueRequired\":true,\"valueName\":\"search_term_string\"}}],\"inLanguage\":\"pl-PL\"},{\"@type\":\"Organization\",\"@id\":\"https:\\\/\\\/uniwersytetotwarty.us.edu.pl\\\/nauczyciele-miedzy-kulturami\\\/#organization\",\"name\":\"Uniwersytet \u015al\u0105ski\",\"url\":\"https:\\\/\\\/uniwersytetotwarty.us.edu.pl\\\/nauczyciele-miedzy-kulturami\\\/\",\"logo\":{\"@type\":\"ImageObject\",\"inLanguage\":\"pl-PL\",\"@id\":\"https:\\\/\\\/uniwersytetotwarty.us.edu.pl\\\/nauczyciele-miedzy-kulturami\\\/#\\\/schema\\\/logo\\\/image\\\/\",\"url\":\"https:\\\/\\\/uniwersytetotwarty.us.edu.pl\\\/nauczyciele-miedzy-kulturami\\\/wp-content\\\/uploads\\\/sites\\\/11\\\/2023\\\/10\\\/logo-1.svg\",\"contentUrl\":\"https:\\\/\\\/uniwersytetotwarty.us.edu.pl\\\/nauczyciele-miedzy-kulturami\\\/wp-content\\\/uploads\\\/sites\\\/11\\\/2023\\\/10\\\/logo-1.svg\",\"width\":414,\"height\":71,\"caption\":\"Uniwersytet \u015al\u0105ski\"},\"image\":{\"@id\":\"https:\\\/\\\/uniwersytetotwarty.us.edu.pl\\\/nauczyciele-miedzy-kulturami\\\/#\\\/schema\\\/logo\\\/image\\\/\"}}]}<\/script>\n<!-- \/ Yoast SEO plugin. -->","yoast_head_json":{"title":"Edukatorium pedagogiczno-psychologiczne - Nauczyciele miedzy kulturami","robots":{"index":"index","follow":"follow","max-snippet":"max-snippet:-1","max-image-preview":"max-image-preview:large","max-video-preview":"max-video-preview:-1"},"canonical":"https:\/\/uniwersytetotwarty.us.edu.pl\/nauczyciele-miedzy-kulturami\/edukatorium-psychologiczno-pedagogiczne\/","og_locale":"pl_PL","og_type":"article","og_title":"Edukatorium pedagogiczno-psychologiczne - Nauczyciele miedzy kulturami","og_description":"R\u00f3\u017cnorodno\u015b\u0107 spo\u0142eczna w jej najrozmaitszych ods\u0142onach i perspektywach jest obecnie przedmiotem licznych bada\u0144 i dyskusji. Coraz cz\u0119\u015bciej zwraca si\u0119 uwag\u0119 na problem r\u00f3\u017cnorodno\u015bci i nier\u00f3wno\u015bci w kontek\u015bcie edukacji dzieci i m\u0142odzie\u017cy. Szko\u0142a jest przestrzeni\u0105, w kt\u00f3rej, jak w soczewce, ujawniaj\u0105 si\u0119 wyst\u0119puj\u0105ce w spo\u0142ecze\u0144stwie stereotypy, przes\u0105dy i praktyki dyskryminacyjne. Zwi\u0119kszenie si\u0119 r\u00f3\u017cnorodno\u015bci spo\u0142ecznej \u015brodowiska szkolnego [&hellip;]","og_url":"https:\/\/uniwersytetotwarty.us.edu.pl\/nauczyciele-miedzy-kulturami\/edukatorium-psychologiczno-pedagogiczne\/","og_site_name":"Nauczyciele miedzy kulturami","article_modified_time":"2023-10-31T10:17:07+00:00","og_image":[{"url":"https:\/\/uniwersytetotwarty.us.edu.pl\/nauczyciele-miedzy-kulturami\/wp-content\/uploads\/sites\/11\/2023\/10\/edukatorium-pedagogiczne4.jpg","type":"","width":"","height":""}],"twitter_card":"summary_large_image","twitter_misc":{"Szacowany czas czytania":"2 minuty"},"schema":{"@context":"https:\/\/schema.org","@graph":[{"@type":"WebPage","@id":"https:\/\/uniwersytetotwarty.us.edu.pl\/nauczyciele-miedzy-kulturami\/edukatorium-psychologiczno-pedagogiczne\/","url":"https:\/\/uniwersytetotwarty.us.edu.pl\/nauczyciele-miedzy-kulturami\/edukatorium-psychologiczno-pedagogiczne\/","name":"Edukatorium pedagogiczno-psychologiczne - Nauczyciele miedzy kulturami","isPartOf":{"@id":"https:\/\/uniwersytetotwarty.us.edu.pl\/nauczyciele-miedzy-kulturami\/#website"},"primaryImageOfPage":{"@id":"https:\/\/uniwersytetotwarty.us.edu.pl\/nauczyciele-miedzy-kulturami\/edukatorium-psychologiczno-pedagogiczne\/#primaryimage"},"image":{"@id":"https:\/\/uniwersytetotwarty.us.edu.pl\/nauczyciele-miedzy-kulturami\/edukatorium-psychologiczno-pedagogiczne\/#primaryimage"},"thumbnailUrl":"https:\/\/uniwersytetotwarty.us.edu.pl\/nauczyciele-miedzy-kulturami\/wp-content\/uploads\/sites\/11\/2023\/10\/edukatorium-pedagogiczne4.jpg","datePublished":"2023-10-31T10:07:18+00:00","dateModified":"2023-10-31T10:17:07+00:00","breadcrumb":{"@id":"https:\/\/uniwersytetotwarty.us.edu.pl\/nauczyciele-miedzy-kulturami\/edukatorium-psychologiczno-pedagogiczne\/#breadcrumb"},"inLanguage":"pl-PL","potentialAction":[{"@type":"ReadAction","target":["https:\/\/uniwersytetotwarty.us.edu.pl\/nauczyciele-miedzy-kulturami\/edukatorium-psychologiczno-pedagogiczne\/"]}]},{"@type":"ImageObject","inLanguage":"pl-PL","@id":"https:\/\/uniwersytetotwarty.us.edu.pl\/nauczyciele-miedzy-kulturami\/edukatorium-psychologiczno-pedagogiczne\/#primaryimage","url":"https:\/\/uniwersytetotwarty.us.edu.pl\/nauczyciele-miedzy-kulturami\/wp-content\/uploads\/sites\/11\/2023\/10\/edukatorium-pedagogiczne4.jpg","contentUrl":"https:\/\/uniwersytetotwarty.us.edu.pl\/nauczyciele-miedzy-kulturami\/wp-content\/uploads\/sites\/11\/2023\/10\/edukatorium-pedagogiczne4.jpg","width":600,"height":600,"caption":"grafika Edukatorium"},{"@type":"BreadcrumbList","@id":"https:\/\/uniwersytetotwarty.us.edu.pl\/nauczyciele-miedzy-kulturami\/edukatorium-psychologiczno-pedagogiczne\/#breadcrumb","itemListElement":[{"@type":"ListItem","position":1,"name":"Nauczyciele miedzy kulturami","item":"https:\/\/uniwersytetotwarty.us.edu.pl\/nauczyciele-miedzy-kulturami\/"},{"@type":"ListItem","position":2,"name":"Edukatorium pedagogiczno-psychologiczne"}]},{"@type":"WebSite","@id":"https:\/\/uniwersytetotwarty.us.edu.pl\/nauczyciele-miedzy-kulturami\/#website","url":"https:\/\/uniwersytetotwarty.us.edu.pl\/nauczyciele-miedzy-kulturami\/","name":"Nauczyciele miedzy kulturami","description":"","publisher":{"@id":"https:\/\/uniwersytetotwarty.us.edu.pl\/nauczyciele-miedzy-kulturami\/#organization"},"potentialAction":[{"@type":"SearchAction","target":{"@type":"EntryPoint","urlTemplate":"https:\/\/uniwersytetotwarty.us.edu.pl\/nauczyciele-miedzy-kulturami\/?s={search_term_string}"},"query-input":{"@type":"PropertyValueSpecification","valueRequired":true,"valueName":"search_term_string"}}],"inLanguage":"pl-PL"},{"@type":"Organization","@id":"https:\/\/uniwersytetotwarty.us.edu.pl\/nauczyciele-miedzy-kulturami\/#organization","name":"Uniwersytet \u015al\u0105ski","url":"https:\/\/uniwersytetotwarty.us.edu.pl\/nauczyciele-miedzy-kulturami\/","logo":{"@type":"ImageObject","inLanguage":"pl-PL","@id":"https:\/\/uniwersytetotwarty.us.edu.pl\/nauczyciele-miedzy-kulturami\/#\/schema\/logo\/image\/","url":"https:\/\/uniwersytetotwarty.us.edu.pl\/nauczyciele-miedzy-kulturami\/wp-content\/uploads\/sites\/11\/2023\/10\/logo-1.svg","contentUrl":"https:\/\/uniwersytetotwarty.us.edu.pl\/nauczyciele-miedzy-kulturami\/wp-content\/uploads\/sites\/11\/2023\/10\/logo-1.svg","width":414,"height":71,"caption":"Uniwersytet \u015al\u0105ski"},"image":{"@id":"https:\/\/uniwersytetotwarty.us.edu.pl\/nauczyciele-miedzy-kulturami\/#\/schema\/logo\/image\/"}}]}},"_links":{"self":[{"href":"https:\/\/uniwersytetotwarty.us.edu.pl\/nauczyciele-miedzy-kulturami\/wp-json\/wp\/v2\/pages\/261","targetHints":{"allow":["GET"]}}],"collection":[{"href":"https:\/\/uniwersytetotwarty.us.edu.pl\/nauczyciele-miedzy-kulturami\/wp-json\/wp\/v2\/pages"}],"about":[{"href":"https:\/\/uniwersytetotwarty.us.edu.pl\/nauczyciele-miedzy-kulturami\/wp-json\/wp\/v2\/types\/page"}],"author":[{"embeddable":true,"href":"https:\/\/uniwersytetotwarty.us.edu.pl\/nauczyciele-miedzy-kulturami\/wp-json\/wp\/v2\/users\/5"}],"replies":[{"embeddable":true,"href":"https:\/\/uniwersytetotwarty.us.edu.pl\/nauczyciele-miedzy-kulturami\/wp-json\/wp\/v2\/comments?post=261"}],"version-history":[{"count":10,"href":"https:\/\/uniwersytetotwarty.us.edu.pl\/nauczyciele-miedzy-kulturami\/wp-json\/wp\/v2\/pages\/261\/revisions"}],"predecessor-version":[{"id":281,"href":"https:\/\/uniwersytetotwarty.us.edu.pl\/nauczyciele-miedzy-kulturami\/wp-json\/wp\/v2\/pages\/261\/revisions\/281"}],"wp:attachment":[{"href":"https:\/\/uniwersytetotwarty.us.edu.pl\/nauczyciele-miedzy-kulturami\/wp-json\/wp\/v2\/media?parent=261"}],"curies":[{"name":"wp","href":"https:\/\/api.w.org\/{rel}","templated":true}]}}