{"id":244,"date":"2025-04-01T12:08:22","date_gmt":"2025-04-01T10:08:22","guid":{"rendered":"https:\/\/uniwersytetotwarty.us.edu.pl\/mba\/?page_id=244"},"modified":"2025-04-01T12:08:56","modified_gmt":"2025-04-01T10:08:56","slug":"dofinansowanie","status":"publish","type":"page","link":"https:\/\/uniwersytetotwarty.us.edu.pl\/mba\/dofinansowanie\/","title":{"rendered":"Dofinansowanie"},"content":{"rendered":"\t\t<div data-elementor-type=\"wp-page\" data-elementor-id=\"244\" class=\"elementor elementor-244\" data-elementor-post-type=\"page\">\n\t\t\t\t\t\t<section class=\"elementor-section elementor-top-section elementor-element elementor-element-ab28a1a elementor-section-boxed elementor-section-height-default elementor-section-height-default\" data-id=\"ab28a1a\" data-element_type=\"section\" data-e-type=\"section\">\n\t\t\t\t\t\t<div class=\"elementor-container elementor-column-gap-default\">\n\t\t\t\t\t<div class=\"elementor-column elementor-col-100 elementor-top-column elementor-element elementor-element-a79a324\" data-id=\"a79a324\" data-element_type=\"column\" data-e-type=\"column\">\n\t\t\t<div class=\"elementor-widget-wrap elementor-element-populated\">\n\t\t\t\t\t\t<div class=\"elementor-element elementor-element-7e757c2 elementor-widget elementor-widget-text-editor\" data-id=\"7e757c2\" data-element_type=\"widget\" data-e-type=\"widget\" data-widget_type=\"text-editor.default\">\n\t\t\t\t<div class=\"elementor-widget-container\">\n\t\t\t\t\t\t\t\t\t<h2>Krajowy Fundusz Szkoleniowy \u2013 KFS \u2013 Powiatowy Urz\u0105d Pracy<\/h2><p>Region: wszystkie wojew\u00f3dztwa<\/p><p>Wysoko\u015b\u0107 dofinansowania: maksymalne 300% \u015bredniego wynagrodzenia, mikroprzedsi\u0119biorstwa do 100% ceny programu rozwojowego, pozosta\u0142e przedsi\u0119biorstwa do 80% ceny programu rozwojowego.<\/p><p>O dofinansowanie mog\u0105 ubiega\u0107 si\u0119 wszyscy pracodawcy. Dofinansowania udziela Powiatowy Urz\u0105d Pracy. Wi\u0119cej informacji o dofinansowaniu znajdziecie Pa\u0144stwo na stronie odpowiedniego dla powiatu urz\u0119du pracy lub telefonicznie w Powiatowym Urz\u0119dzie Pracy.\u00a0<a href=\"https:\/\/gfkm.pl\/wp-content\/uploads\/2020\/06\/GFKM-spis-powiatowych-urz%C4%99d%C3%B3w-pracy.xlsx\" target=\"_blank\" rel=\"noopener noreferrer\">Tutaj znajduje si\u0119 lista Powiatowych Urz\u0119d\u00f3w Pracy wraz z ich stronami internetowymi.<\/a><\/p><h2>Program SPEKTRUM \u2013 dofinansowanie do us\u0142ug doradczych<\/h2><p>Gda\u0144ska Fundacja Kszta\u0142cenia Mened\u017cer\u00f3w jako akredytowana Instytucja Otoczenia Biznesu zaprasza przedsi\u0119biorstwa M\u015aP do wzi\u0119cia udzia\u0142u w programie dofinansowania zakupu specjalistycznych us\u0142ug doradczych, w kt\u00f3rym mo\u017cna otrzyma\u0107 50% dofinansowania.<\/p><p>GFKM wspiera przedsi\u0119biorstwa, kt\u00f3re chc\u0105 wzi\u0105\u0107 udzia\u0142 w programie poprzez pomoc w przygotowaniu dokumentacji oraz przej\u015bcia przez proces zg\u0142oszenia do Spectrum.<\/p><p>Tak wi\u0119c wybieraj\u0105c GFKM otrzymuj\u0105 Pa\u0144stwo wsparcie od momentu sk\u0142adania wniosku poprzez realizacj\u0119 us\u0142ugi dostosowanej do Pa\u0144stwa potrzeb, a\u017c do zako\u0144czenia udzia\u0142u w projekcie.<\/p><p><a href=\"https:\/\/www.arp.gda.pl\/1999,o-systemie-spektrum\" target=\"_blank\" rel=\"noopener\">Kliknij, aby pozna\u0107 Program Spektrum<\/a>.<\/p><h2>Akademia Menad\u017cera M\u015aP \u2013 oferta dla przedsi\u0119biorc\u00f3w\u00a0\u2013 PARP<\/h2><p>Region:\u00a0<strong>wszystkie wojew\u00f3dztwa<\/strong><\/p><p>Wysoko\u015b\u0107 dofinansowania: 80% ceny programu rozwojowego.<\/p><p>Dofinansowanie wsparcia mikro, ma\u0142ych i \u015brednich przedsi\u0119biorstw w obszarze zarz\u0105dzania przedsi\u0119biorstwem, w tym zasobami ludzkimi dla kadry mened\u017cerskiej.<\/p><p>Wi\u0119cej informacji:\u00a0<a href=\"https:\/\/www.parp.gov.pl\/component\/grants\/grants\/akademia-menadzera-msp\">https:\/\/www.parp.gov.pl\/component\/grants\/grants\/akademia-menadzera-msp<\/a><\/p><h1>Kompetencje dla sektor\u00f3w\u00a0\u2013 oferta dla przedsi\u0119biorc\u00f3w\u00a0\u2013\u00a0PARP<\/h1><p>Region: wszystkie wojew\u00f3dztwa<\/p><p>Wysoko\u015b\u0107 dofinansowania: 80% ceny programu rozwojowego.<\/p><p>Dofinansowanie dla\u00a0<strong>sektora IT\u00a0<\/strong>oraz\u00a0<strong>sektora opieki zdrowotnej i pomocy spo\u0142eczne<\/strong>j na szkolenia i programy MBA.<\/p><p>Wi\u0119cej informacji:\u00a0<a href=\"https:\/\/www.parp.gov.pl\/component\/grants\/grants\/kompetencje-dla-sektorow\">https:\/\/www.parp.gov.pl\/component\/grants\/grants\/kompetencje-dla-sektorow<\/a><\/p><h2>Nowy start \u2013 oferta dla przedsi\u0119biorc\u00f3w \u2013 PARP<\/h2><p>Region: wszystkie wojew\u00f3dztwa<\/p><p>Wysoko\u015b\u0107 dofinansowania: 100% ceny programu rozwojowego.<\/p><p>Projekt skierowany jest do przedsi\u0119biorc\u00f3w, kt\u00f3rzy ponie\u015bli pora\u017ck\u0119 biznesow\u0105 i ponownie rozpocz\u0119li dzia\u0142alno\u015b\u0107 gospodarcz\u0105:<\/p><ul><li>przedsi\u0119biorcy z sektora MSP ponownie rozpoczynaj\u0105cy dzia\u0142alno\u015b\u0107 gospodarcz\u0105, kt\u00f3rzy w ci\u0105gu 24 m-cy przed dniem przyst\u0105pienia do projektu zaprzestali prowadzenia dzia\u0142alno\u015bci gospodarczej, a nast\u0119pnie w okresie 6 m-cy przed dniem przyst\u0105pienia do projektu ponownie podj\u0119li dzia\u0142alno\u015b\u0107 gospodarcz\u0105 w formie jednoosobowej dzia\u0142alno\u015bci gospodarczej lub jako wsp\u00f3lnicy sp\u00f3\u0142ki prawa handlowego<\/li><li>przedsi\u0119biorcy z sektora MSP ponownie rozpoczynaj\u0105cy dzia\u0142alno\u015b\u0107 gospodarcz\u0105, kt\u00f3rzy w ci\u0105gu 24 m-cy przed dniem przyst\u0105pienia do projektu zaprzestali prowadzenia dzia\u0142alno\u015bci gospodarczej, kt\u00f3ra by\u0142a aktywna przez co najmniej 18 m-cy<\/li><\/ul><p>Wi\u0119cej informacji:\u00a0<a href=\"https:\/\/www.parp.gov.pl\/component\/grants\/grants\/nowy-start-1\">https:\/\/www.parp.gov.pl\/component\/grants\/grants\/nowy-start-1<\/a><\/p><h2>Po\u017cyczka na kszta\u0142cenie \u2013 Inwestuj w Rozw\u00f3j<\/h2><p>Region: wszystkie wojew\u00f3dztwa<\/p><p>Wysoko\u015b\u0107 dofinansowania: nieoprocentowana po\u017cyczka w wysoko\u015bci 100% ceny programu rozwojowego z mo\u017cliwo\u015bci\u0105 umorzenia do 25% kwoty po\u017cyczki (20% po\u017cyczki umarzane jest za samo uko\u0144czenie programu rozwojowego).<\/p><p>W ramach projektu osoby posiadaj\u0105ce pe\u0142n\u0105 zdolno\u015b\u0107 do czynno\u015bci prawnych mog\u0105 wnioskowa\u0107 o nieoprocentowan\u0105 po\u017cyczk\u0119 przeznaczon\u0105 na studia podyplomowe, kursy, szkolenia oraz inne formy kszta\u0142cenia os\u00f3b doros\u0142ych oferowane przez krajowe i zagraniczne podmioty.<\/p><p>Wi\u0119cej informacji:\u00a0<a href=\"https:\/\/inwestujwrozwoj.pl\/\">https:\/\/inwestujwrozwoj.pl\/<\/a><\/p><h2>Po\u017cyczka na kszta\u0142cenie \u2013 OPEN<\/h2><p>Region: wszystkie wojew\u00f3dztwa<\/p><p>Wysoko\u015b\u0107 dofinansowania: nieoprocentowana po\u017cyczka w wysoko\u015bci 100% ceny programu rozwojowego z mo\u017cliwo\u015bci\u0105 umorzenia do 25% kwoty po\u017cyczki (15% po\u017cyczki umarzane jest za samo uko\u0144czenie programu rozwojowego).<\/p><p>Dla kogo kierowana jest po\u017cyczka?<\/p><ul><li>Dla os\u00f3b pe\u0142noletnich, zamieszkuj\u0105cych na obszarze Polski.<\/li><li>Dla os\u00f3b posiadaj\u0105cych zdolno\u015b\u0107 do sp\u0142aty po\u017cyczki w postaci odpowiednich przychod\u00f3w lub zabezpieczenia po\u017cyczki.<\/li><li>Dla os\u00f3b zatrudnionych, przedsi\u0119biorc\u00f3w jak i nie niepracuj\u0105cych.<\/li><\/ul><p>Na co mo\u017cna po\u017cyczy\u0107 pieni\u0105dze?<\/p><ul><li>Na ka\u017cd\u0105 dost\u0119pn\u0105 form\u0119 kszta\u0142cenia jak: szkolenia, studia podyplomowe, kursy zwi\u0105zane z nabywaniem uprawnie\u0144 itp. w posiadaj\u0105cej uprawnienia do prowadzenia dzia\u0142alno\u015bci plac\u00f3wce edukacyjnej w kraju i w Unii Europejskiej.<\/li><li>Kszta\u0142cenie mo\u017ce dotyczy\u0107 dowolnego obszaru wiedzy i kompetencji r\u00f3wnie\u017c nie zwi\u0105zany z obecn\u0105 aktywno\u015bci\u0105 zawodow\u0105.<\/li><li>Po\u017cyczka\u00a0<strong>nie mo\u017ce<\/strong>\u00a0by\u0107 wykorzystana na sfinansowanie ca\u0142o\u015bci lub cz\u0119\u015bci formy kszta\u0142cenia je\u015bli jest ona ju\u017c finansowana z innych \u017ar\u00f3de\u0142 np. ze \u015brodk\u00f3w funduszy strukturalnych lub FS lub\/oraz dotacji z krajowych \u015brodk\u00f3w publicznych (krajowych i unijnych).<\/li><\/ul><p>Wi\u0119cej informacji:\u00a0<a href=\"https:\/\/open.frp.pl\/\">https:\/\/open.frp.pl\/<\/a><\/p><h2>Podmiotowy System Finansowania \u2013 PARP<\/h2><p>Region: wszystkie wojew\u00f3dztwa opr\u00f3cz pomorskiego i mazowieckiego<\/p><p>Wysoko\u015b\u0107 dofinansowania: od 50% do 80% ceny programu rozwojowego.<\/p><p>O dofinansowanie mog\u0105 ubiega\u0107 si\u0119 wszyscy pracodawcy a tak\u017ce osoby fizyczne. Dofinansowania udziela Operator Podmiotowego Systemu Finansowania przypisany do danego regionu.\u00a0 Wi\u0119cej informacji o dofinansowaniu znajdziecie Pa\u0144stwo na stronie Operatora danego regionu.<\/p><p>Poni\u017cej wykaz Operator\u00f3w Podmiotowego Systemu Finansowania dla poszczeg\u00f3lnych region\u00f3w:<\/p><p><strong>Wojew\u00f3dztwo dolno\u015bl\u0105skie:<\/strong><\/p><ul><li><a href=\"http:\/\/arleg.eu\/partnerstwo-na-rzecz-rozwoju\/\">Agencja Rozwoju Regionalnego ARLEG S.A.<\/a><\/li><\/ul><p><strong>Wojew\u00f3dztwo kujawsko-pomorskie:<\/strong><\/p><ul><li><a href=\"http:\/\/www.tarr.org.pl\/aktualnosci\/dotacje-na-uslugi-rozwojowe-wpisane-do-bazy-uslug-rozwojowych\/\">\u200bToru\u0144ska Agencja Rozwoju Regionalnego S.A.<\/a><\/li><\/ul><p><strong>Wojew\u00f3dztwo lubelskie:<\/strong><\/p><ul><li>subregion lubelski, \u015bwidnicki, lubartowski, \u0142\u0119czy\u0144ski oraz m. Lublin \u2013\u00a0<a href=\"http:\/\/www.lpnt.pl\/\">Lubelski Park Naukowo-Technologiczny<\/a><\/li><li>subregion pu\u0142awski (powiaty: pu\u0142awski, rycki, opolski, \u0142ukowski, kra\u015bnicki, janowski) \u2013\u00a0<a href=\"http:\/\/www.euro-konsult.pl\/projekty.html\">Instytut Rozwoju i Innowacji Euro-Konsult Sp. z o. o.<\/a><\/li><\/ul><p><strong>Wojew\u00f3dztwo lubuskie:<\/strong><\/p><ul><li>subregion gorzowski \u2013\u00a0<a href=\"http:\/\/www.ziph.pl\/pl\/artykul\/318\/lubuskie-bony-szkoleniowe.html\">Zachodnia Izba Przemys\u0142owo-Handlowa w Gorzowie Wielkopolskim<\/a><\/li><li>subregion zielonog\u00f3rski\u00a0\u2013\u00a0<a href=\"http:\/\/www.region.zgora.pl\/strony\/10,lubuskie_bony_rozwojowe.html\">Agencja Rozwoju Regionalnego S.A.<\/a><\/li><\/ul><p><strong>Wojew\u00f3dztwo \u0142\u00f3dzkie:<\/strong><\/p><ul><li><a href=\"https:\/\/strefarozwoju.lodz.pl\/\"><strong>\u200b<\/strong>\u0141\u00f3dzka Specjalna Strefa Ekonomiczna<\/a><\/li><li><a href=\"http:\/\/www.larr.pl\/bony\">\u0141\u00f3dzka Agencja Rozwoju Regionalnego S.A.<strong>\u200b<\/strong><\/a><\/li><\/ul><p><strong>Wojew\u00f3dztwo ma\u0142opolskie:<\/strong><\/p><ul><li><strong>\u200b<\/strong><a href=\"http:\/\/www.marr.pl\/projekty\">Ma\u0142opolska Agencja Rozwoju Regionalnego S.A.<\/a><\/li><\/ul><p><strong>Wojew\u00f3dztwo opolskie:<\/strong><\/p><ul><li><a href=\"http:\/\/www.ocrg.opolskie.pl\/\">Opolskie Centrum Rozwoju Gospodarki<\/a><\/li><\/ul><p><strong>Wojew\u00f3dztwo podkarpackie:<\/strong><\/p><ul><li>subregion tarnobrzeski\u00a0(powiat tarnobrzeski grodzki, tarnobrzeski ziemski, stalowowolski, mielecki, ni\u017ca\u0144ski, kolbuszowski) \u2013\u00a0<a href=\"http:\/\/www.wektor.org.pl\/\">Wektor Consulting Sp. z o.o.<\/a><\/li><li>subregion rzeszowski (powiat rzeszowski grodzki, rzeszowski ziemski, d\u0119bicki, le\u017cajski, \u0142a\u0144cucki, ropczycko-s\u0119dziszowski) \u2013\u00a0<a href=\"http:\/\/www.cdgpolska.pl\/\">Centrum Doradztwa Gospodarczego Sp. z o. o.<\/a><\/li><li>subregion kro\u015bnie\u0144ski (powiat kro\u015bnie\u0144ski grodzki, kro\u015bnie\u0144ski ziemski, jasielski, brzozowski, sanocki, leski, bieszczadzki, strzy\u017cowski) \u2013\u00a0<a href=\"http:\/\/www.pakd.pl\/\">Podkarpacka Agencja Konsultingowo Doradcza Sp. z o. o.<\/a><\/li><li>subregion przemyski (powiat przemyski grodzki, przemyski ziemski, jaros\u0142awski, lubaczowski, przeworski) \u2013\u00a0<a href=\"http:\/\/www.e-biznes-system.pl\/\">E-BIZNES SYSTEM Sp. z o.o.<\/a><\/li><\/ul><p><strong>Wojew\u00f3dztwo podlaskie:<\/strong><\/p><ul><li><strong>\u200b<\/strong>subregion suwalski (m. Suwa\u0142ki, powiat suwalski, augustowski, sejne\u0144ski, moniecki, grajewski) \u2013\u00a0<a href=\"http:\/\/www.bonynaszkolenia.pl\/\">Miasto Suwa\u0142ki<\/a><\/li><li>subregion \u0142om\u017cy\u0144ski (m. \u0141om\u017ca, powiat bielski, hajnowski, kolne\u0144ski, \u0142om\u017cy\u0144ski, siemiatycki, wysokomazowiecki, zambrowski) \u2013\u00a0<a href=\"http:\/\/www.bonynaszkolenia.pl\/\">Miasto \u0141om\u017ca<\/a><\/li><li>subregion bia\u0142ostocki (m. Bia\u0142ystok, powiat bia\u0142ostocki, sok\u00f3lski) \u2013\u00a0<a href=\"http:\/\/www.bonynaszkolenia.pl\/\">Powiat Sok\u00f3lski<\/a><\/li><\/ul><p><strong>Wojew\u00f3dztwo \u015bl\u0105skie:<\/strong><\/p><ul><li><strong>\u200b<\/strong><a href=\"http:\/\/www.bur.fgsa.pl\/\">Fundusz G\u00f3rno\u015bl\u0105ski S.A.<\/a><\/li><li><a href=\"http:\/\/www.dr-kurnicki-psf.eu\/o-projekcie\">Centrum Szkoleniowo-Doradcze dr Kurnicki sp. k.<\/a><\/li><li><a href=\"http:\/\/www.arr.czestochowa.pl\/projekty\/aktualne\/centrum-uslug-rozwojowych-dla-msp\">Agencja Rozwoju Regionalnego w Cz\u0119stochowie S.A.<\/a><\/li><li><a href=\"http:\/\/www.riph.com.pl\/start\">Regionalna Izba Przemys\u0142owo-Handlowa w Gliwicach<\/a><\/li><li><a href=\"http:\/\/www.szkolenia.wst.pl\/\">Wy\u017csza Szko\u0142a Techniczna\u00a0w Katowicach<\/a><\/li><li><a href=\"http:\/\/www.gapr.pl\/pl\/top\/o_projekcie435\">G\u00f3rno\u015bl\u0105ska Agencja Przedsi\u0119biorczo\u015bci i Rozwoju sp. z o.o. w Gliwicach<\/a><\/li><li><a href=\"http:\/\/www.bari-psf.eu\/kontakt\">Bytomska Agencja Rozwoju Inwestycji Sp. z\u00a0o.o.<\/a><\/li><\/ul><p><strong>Wojew\u00f3dztwo \u015bwi\u0119tokrzyskie:<\/strong><\/p><ul><li><a href=\"http:\/\/www.it.kielce.pl\/o-nas\/aktualnosci-scitt\/item\/775-biznes-adapter-nabor-wnioskow.html\"><strong>\u200b<\/strong><\/a>subregion wojew\u00f3dztwa \u015bwi\u0119tokrzyskiego\u00a0<u>z wy\u0142\u0105czeniem<\/u>\u00a0miast: Ostrowiec \u015awi\u0119tokrzyski, Skar\u017cysko\u2013Kamienna, Starachowice \u2013\u00a0<a href=\"http:\/\/www.it.kielce.pl\/o-nas\/aktualnosci-scitt\/item\/775-biznes-adapter-nabor-wnioskow.html\">\u015awi\u0119tokrzyskie Centrum Innowacji i Transferu Technologii Sp. z o.o.<\/a><\/li><li>subregion wojew\u00f3dztwa \u015bwi\u0119tokrzyskiego\u00a0obejmuj\u0105cy miasta:\u00a0Ostrowiec \u015awi\u0119tokrzyski, Skar\u017cysko\u2013Kamienna, Starachowice \u2013\u00a0<a href=\"http:\/\/www.siph.com.pl\/pl\/OSiph\/BUR\">Staropolska Izba Przemys\u0142owo \u2013 Handlowa<\/a><\/li><\/ul><p><strong>Wojew\u00f3dztwo warmi\u0144sko-mazurskie:<\/strong><\/p><ul><li>subregion elbl\u0105ski \u2013\u00a0<a href=\"http:\/\/screp.pl\/Uslugi-rozwojowe-dla-MSP.html\">Stowarzyszenie \u201eCentrum Rozwoju Ekonomicznego Pas\u0142\u0119ka\u201d<\/a>oraz\u00a0<a href=\"http:\/\/techpal.com.pl\/klucz-do-uslug-rozwojowych-dla-msp-z-subregionu-elblaskiego_588601.html\">Techpal Sp. z o.o.<\/a><\/li><li>subregion e\u0142cki \u2013\u00a0<a href=\"http:\/\/screp.pl\/Uslugi-rozwojowe-dla-MSP.html\">Stowarzyszenie \u201eCentrum Rozwoju Ekonomicznego Pas\u0142\u0119ka\u201d<\/a>,\u00a0<a href=\"http:\/\/techpal.com.pl\/klucz-do-uslug-rozwojowych-msp-z-subregionu-elckiego_588602.html\">Techpal Sp. z o.o.<\/a>oraz\u00a0<a href=\"http:\/\/www.wmzpp.org\/msp\/\">Warmi\u0144sko-Mazurski Zwi\u0105zek Pracodawc\u00f3w Prywatnych<\/a><\/li><li>subregion olszty\u0144ski \u2013\u00a0<a href=\"http:\/\/screp.pl\/Uslugi-rozwojowe-dla-MSP.html\">Stowarzyszenie \u201eCentrum Rozwoju Ekonomicznego Pas\u0142\u0119ka\u201d<\/a>,\u00a0<a href=\"http:\/\/techpal.com.pl\/klucz-do-uslug-rozwojowych-dla-msp-z-subregionu-olsztynskiego_588600.html\">Techpal Sp. z o.o.\u00a0<\/a>oraz\u00a0<a href=\"http:\/\/www.wmzpp.org\/msp\/\">Warmi\u0144sko-Mazurski Zwi\u0105zek Pracodawc\u00f3w Prywatnych<\/a><\/li><\/ul><ul><li><strong>Wojew\u00f3dztwo wielkopolskie:<\/strong><\/li><li>\u200bsubregion kaliski:<br \/>(powiaty: jaroci\u0144ski, pleszewski, kaliski, m. Kalisz) \u2013\u00a0<a href=\"https:\/\/www.kip.kalisz.pl\/2017\/03\/23\/subregion-kaliski-inwestuje-w-kadry\/\">Fundacja Kaliski Inkubator Przedsi\u0119biorczo\u015bci<\/a><br \/>(powiaty: krotoszy\u0144ski, ostrowski, ostrzeszowski, k\u0119pi\u0144ski) \u2013\u00a0<a href=\"http:\/\/ocwp.org.pl\/portfolio-item\/subregion-kaliski-inwestuje-w-kadry\/\">Stowarzyszenie Ostrowskie Centrum Wspierania Przedsi\u0119biorczo\u015bci<\/a><\/li><li>\u200bsubregion koni\u0144ski \u2013\u00a0<a href=\"http:\/\/uslugirozwojowe.arrkonin.org.pl\/\">Agencja Rozwoju Regionalnego S.A. w Koninie<\/a><\/li><li>\u200bsubregion leszczy\u0144ski \u2013\u00a0<a href=\"http:\/\/www.zdz.com.pl\/o-projekcie-4\/\">Zak\u0142ad Doskonalenia Zawodowego<\/a><\/li><li>\u200bsubregion pilski\u00a0\u2013\u00a0<a href=\"http:\/\/rozwijamy.eu\/\">Fundusz Rozwoju i Promocji Wojew\u00f3dztwa Wielkopolskiego S.A.<\/a><\/li><li>\u200bsubregion pozna\u0144ski \u2013\u00a0<a href=\"http:\/\/warp.org.pl\/dotacje\/uslugi-rozwojowe\/o-projekcie-uslugi-rozwojowe\/\">Wielkopolska Agencja Rozwoju Przedsi\u0119biorczo\u015bci Sp. z o.o.<\/a><\/li><\/ul><p><strong>Wojew\u00f3dztwo zachodniopomorskie:<\/strong><\/p><ul><li><a href=\"http:\/\/www.pfp.com.pl\/f8241_dotacje_na_uslugi_rozwojowe.htm\">Polska Fundacja Przedsi\u0119biorczo\u015bci<\/a><\/li><li><a href=\"http:\/\/www.zarr.com.pl\/pl\/aktualnosci\/dofinansowanie-uslug-rozwojowych-dla-mmsp\">Zachodniopomorska Agencja Rozwoju Regionalnego S.A.<\/a><\/li><li><a href=\"http:\/\/karrsa.eu\/2017\/07\/uslugi-rozwojowe-dla-przedsiebiorcow-i-pracownikow-przedsiebiorstw-dostepne-w-ramach-bazy-uslug-rozwojowych\/\">Koszali\u0144ska Agencja Rozwoju Regionalnego S.A.\u00a0<\/a><\/li><\/ul>\t\t\t\t\t\t\t\t<\/div>\n\t\t\t\t<\/div>\n\t\t\t\t\t<\/div>\n\t\t<\/div>\n\t\t\t\t\t<\/div>\n\t\t<\/section>\n\t\t\t\t<\/div>\n\t\t","protected":false},"excerpt":{"rendered":"<p>Krajowy Fundusz Szkoleniowy \u2013 KFS \u2013 Powiatowy Urz\u0105d Pracy Region: wszystkie wojew\u00f3dztwa Wysoko\u015b\u0107 dofinansowania: maksymalne 300% \u015bredniego wynagrodzenia, mikroprzedsi\u0119biorstwa do 100% ceny programu rozwojowego, pozosta\u0142e przedsi\u0119biorstwa do 80% ceny programu rozwojowego. O dofinansowanie mog\u0105 ubiega\u0107 si\u0119 wszyscy pracodawcy. Dofinansowania udziela Powiatowy Urz\u0105d Pracy. Wi\u0119cej informacji o dofinansowaniu znajdziecie Pa\u0144stwo na stronie odpowiedniego dla powiatu urz\u0119du [&hellip;]<\/p>\n","protected":false},"author":2,"featured_media":0,"parent":0,"menu_order":0,"comment_status":"closed","ping_status":"closed","template":"","meta":{"footnotes":""},"class_list":["post-244","page","type-page","status-publish","hentry"],"yoast_head":"<!-- This site is optimized with the Yoast SEO plugin v27.5 - https:\/\/yoast.com\/product\/yoast-seo-wordpress\/ -->\n<title>Dofinansowanie - MBA<\/title>\n<meta name=\"robots\" content=\"noindex, follow, max-snippet:-1, max-image-preview:large, max-video-preview:-1\" \/>\n<meta property=\"og:locale\" content=\"pl_PL\" \/>\n<meta property=\"og:type\" content=\"article\" \/>\n<meta property=\"og:title\" content=\"Dofinansowanie - MBA\" \/>\n<meta property=\"og:description\" content=\"Krajowy Fundusz Szkoleniowy \u2013 KFS \u2013 Powiatowy Urz\u0105d Pracy Region: wszystkie wojew\u00f3dztwa Wysoko\u015b\u0107 dofinansowania: maksymalne 300% \u015bredniego wynagrodzenia, mikroprzedsi\u0119biorstwa do 100% ceny programu rozwojowego, pozosta\u0142e przedsi\u0119biorstwa do 80% ceny programu rozwojowego. O dofinansowanie mog\u0105 ubiega\u0107 si\u0119 wszyscy pracodawcy. Dofinansowania udziela Powiatowy Urz\u0105d Pracy. Wi\u0119cej informacji o dofinansowaniu znajdziecie Pa\u0144stwo na stronie odpowiedniego dla powiatu urz\u0119du [&hellip;]\" \/>\n<meta property=\"og:url\" content=\"https:\/\/uniwersytetotwarty.us.edu.pl\/mba\/dofinansowanie\/\" \/>\n<meta property=\"og:site_name\" content=\"MBA\" \/>\n<meta property=\"article:modified_time\" content=\"2025-04-01T10:08:56+00:00\" \/>\n<meta name=\"twitter:card\" content=\"summary_large_image\" \/>\n<meta name=\"twitter:label1\" content=\"Szacowany czas czytania\" \/>\n\t<meta name=\"twitter:data1\" content=\"7 minut\" \/>\n<script type=\"application\/ld+json\" class=\"yoast-schema-graph\">{\"@context\":\"https:\\\/\\\/schema.org\",\"@graph\":[{\"@type\":\"WebPage\",\"@id\":\"https:\\\/\\\/uniwersytetotwarty.us.edu.pl\\\/mba\\\/dofinansowanie\\\/\",\"url\":\"https:\\\/\\\/uniwersytetotwarty.us.edu.pl\\\/mba\\\/dofinansowanie\\\/\",\"name\":\"Dofinansowanie - MBA\",\"isPartOf\":{\"@id\":\"https:\\\/\\\/uniwersytetotwarty.us.edu.pl\\\/mba\\\/#website\"},\"datePublished\":\"2025-04-01T10:08:22+00:00\",\"dateModified\":\"2025-04-01T10:08:56+00:00\",\"breadcrumb\":{\"@id\":\"https:\\\/\\\/uniwersytetotwarty.us.edu.pl\\\/mba\\\/dofinansowanie\\\/#breadcrumb\"},\"inLanguage\":\"pl-PL\",\"potentialAction\":[{\"@type\":\"ReadAction\",\"target\":[\"https:\\\/\\\/uniwersytetotwarty.us.edu.pl\\\/mba\\\/dofinansowanie\\\/\"]}]},{\"@type\":\"BreadcrumbList\",\"@id\":\"https:\\\/\\\/uniwersytetotwarty.us.edu.pl\\\/mba\\\/dofinansowanie\\\/#breadcrumb\",\"itemListElement\":[{\"@type\":\"ListItem\",\"position\":1,\"name\":\"MBA\",\"item\":\"https:\\\/\\\/uniwersytetotwarty.us.edu.pl\\\/mba\\\/\"},{\"@type\":\"ListItem\",\"position\":2,\"name\":\"Dofinansowanie\"}]},{\"@type\":\"WebSite\",\"@id\":\"https:\\\/\\\/uniwersytetotwarty.us.edu.pl\\\/mba\\\/#website\",\"url\":\"https:\\\/\\\/uniwersytetotwarty.us.edu.pl\\\/mba\\\/\",\"name\":\"MBA\",\"description\":\"\",\"publisher\":{\"@id\":\"https:\\\/\\\/uniwersytetotwarty.us.edu.pl\\\/mba\\\/#organization\"},\"potentialAction\":[{\"@type\":\"SearchAction\",\"target\":{\"@type\":\"EntryPoint\",\"urlTemplate\":\"https:\\\/\\\/uniwersytetotwarty.us.edu.pl\\\/mba\\\/?s={search_term_string}\"},\"query-input\":{\"@type\":\"PropertyValueSpecification\",\"valueRequired\":true,\"valueName\":\"search_term_string\"}}],\"inLanguage\":\"pl-PL\"},{\"@type\":\"Organization\",\"@id\":\"https:\\\/\\\/uniwersytetotwarty.us.edu.pl\\\/mba\\\/#organization\",\"name\":\"Uniwersytet \u015al\u0105ski\",\"url\":\"https:\\\/\\\/uniwersytetotwarty.us.edu.pl\\\/mba\\\/\",\"logo\":{\"@type\":\"ImageObject\",\"inLanguage\":\"pl-PL\",\"@id\":\"https:\\\/\\\/uniwersytetotwarty.us.edu.pl\\\/mba\\\/#\\\/schema\\\/logo\\\/image\\\/\",\"url\":\"https:\\\/\\\/uniwersytetotwarty.us.edu.pl\\\/mba\\\/wp-content\\\/uploads\\\/sites\\\/19\\\/2023\\\/10\\\/US_UO-biale.png\",\"contentUrl\":\"https:\\\/\\\/uniwersytetotwarty.us.edu.pl\\\/mba\\\/wp-content\\\/uploads\\\/sites\\\/19\\\/2023\\\/10\\\/US_UO-biale.png\",\"width\":1923,\"height\":326,\"caption\":\"Uniwersytet \u015al\u0105ski\"},\"image\":{\"@id\":\"https:\\\/\\\/uniwersytetotwarty.us.edu.pl\\\/mba\\\/#\\\/schema\\\/logo\\\/image\\\/\"}}]}<\/script>\n<!-- \/ Yoast SEO plugin. -->","yoast_head_json":{"title":"Dofinansowanie - MBA","robots":{"index":"noindex","follow":"follow","max-snippet":"max-snippet:-1","max-image-preview":"max-image-preview:large","max-video-preview":"max-video-preview:-1"},"og_locale":"pl_PL","og_type":"article","og_title":"Dofinansowanie - MBA","og_description":"Krajowy Fundusz Szkoleniowy \u2013 KFS \u2013 Powiatowy Urz\u0105d Pracy Region: wszystkie wojew\u00f3dztwa Wysoko\u015b\u0107 dofinansowania: maksymalne 300% \u015bredniego wynagrodzenia, mikroprzedsi\u0119biorstwa do 100% ceny programu rozwojowego, pozosta\u0142e przedsi\u0119biorstwa do 80% ceny programu rozwojowego. O dofinansowanie mog\u0105 ubiega\u0107 si\u0119 wszyscy pracodawcy. Dofinansowania udziela Powiatowy Urz\u0105d Pracy. Wi\u0119cej informacji o dofinansowaniu znajdziecie Pa\u0144stwo na stronie odpowiedniego dla powiatu urz\u0119du [&hellip;]","og_url":"https:\/\/uniwersytetotwarty.us.edu.pl\/mba\/dofinansowanie\/","og_site_name":"MBA","article_modified_time":"2025-04-01T10:08:56+00:00","twitter_card":"summary_large_image","twitter_misc":{"Szacowany czas czytania":"7 minut"},"schema":{"@context":"https:\/\/schema.org","@graph":[{"@type":"WebPage","@id":"https:\/\/uniwersytetotwarty.us.edu.pl\/mba\/dofinansowanie\/","url":"https:\/\/uniwersytetotwarty.us.edu.pl\/mba\/dofinansowanie\/","name":"Dofinansowanie - MBA","isPartOf":{"@id":"https:\/\/uniwersytetotwarty.us.edu.pl\/mba\/#website"},"datePublished":"2025-04-01T10:08:22+00:00","dateModified":"2025-04-01T10:08:56+00:00","breadcrumb":{"@id":"https:\/\/uniwersytetotwarty.us.edu.pl\/mba\/dofinansowanie\/#breadcrumb"},"inLanguage":"pl-PL","potentialAction":[{"@type":"ReadAction","target":["https:\/\/uniwersytetotwarty.us.edu.pl\/mba\/dofinansowanie\/"]}]},{"@type":"BreadcrumbList","@id":"https:\/\/uniwersytetotwarty.us.edu.pl\/mba\/dofinansowanie\/#breadcrumb","itemListElement":[{"@type":"ListItem","position":1,"name":"MBA","item":"https:\/\/uniwersytetotwarty.us.edu.pl\/mba\/"},{"@type":"ListItem","position":2,"name":"Dofinansowanie"}]},{"@type":"WebSite","@id":"https:\/\/uniwersytetotwarty.us.edu.pl\/mba\/#website","url":"https:\/\/uniwersytetotwarty.us.edu.pl\/mba\/","name":"MBA","description":"","publisher":{"@id":"https:\/\/uniwersytetotwarty.us.edu.pl\/mba\/#organization"},"potentialAction":[{"@type":"SearchAction","target":{"@type":"EntryPoint","urlTemplate":"https:\/\/uniwersytetotwarty.us.edu.pl\/mba\/?s={search_term_string}"},"query-input":{"@type":"PropertyValueSpecification","valueRequired":true,"valueName":"search_term_string"}}],"inLanguage":"pl-PL"},{"@type":"Organization","@id":"https:\/\/uniwersytetotwarty.us.edu.pl\/mba\/#organization","name":"Uniwersytet \u015al\u0105ski","url":"https:\/\/uniwersytetotwarty.us.edu.pl\/mba\/","logo":{"@type":"ImageObject","inLanguage":"pl-PL","@id":"https:\/\/uniwersytetotwarty.us.edu.pl\/mba\/#\/schema\/logo\/image\/","url":"https:\/\/uniwersytetotwarty.us.edu.pl\/mba\/wp-content\/uploads\/sites\/19\/2023\/10\/US_UO-biale.png","contentUrl":"https:\/\/uniwersytetotwarty.us.edu.pl\/mba\/wp-content\/uploads\/sites\/19\/2023\/10\/US_UO-biale.png","width":1923,"height":326,"caption":"Uniwersytet \u015al\u0105ski"},"image":{"@id":"https:\/\/uniwersytetotwarty.us.edu.pl\/mba\/#\/schema\/logo\/image\/"}}]}},"_links":{"self":[{"href":"https:\/\/uniwersytetotwarty.us.edu.pl\/mba\/wp-json\/wp\/v2\/pages\/244","targetHints":{"allow":["GET"]}}],"collection":[{"href":"https:\/\/uniwersytetotwarty.us.edu.pl\/mba\/wp-json\/wp\/v2\/pages"}],"about":[{"href":"https:\/\/uniwersytetotwarty.us.edu.pl\/mba\/wp-json\/wp\/v2\/types\/page"}],"author":[{"embeddable":true,"href":"https:\/\/uniwersytetotwarty.us.edu.pl\/mba\/wp-json\/wp\/v2\/users\/2"}],"replies":[{"embeddable":true,"href":"https:\/\/uniwersytetotwarty.us.edu.pl\/mba\/wp-json\/wp\/v2\/comments?post=244"}],"version-history":[{"count":4,"href":"https:\/\/uniwersytetotwarty.us.edu.pl\/mba\/wp-json\/wp\/v2\/pages\/244\/revisions"}],"predecessor-version":[{"id":248,"href":"https:\/\/uniwersytetotwarty.us.edu.pl\/mba\/wp-json\/wp\/v2\/pages\/244\/revisions\/248"}],"wp:attachment":[{"href":"https:\/\/uniwersytetotwarty.us.edu.pl\/mba\/wp-json\/wp\/v2\/media?parent=244"}],"curies":[{"name":"wp","href":"https:\/\/api.w.org\/{rel}","templated":true}]}}