{"id":134,"date":"2023-10-28T05:00:43","date_gmt":"2023-10-28T03:00:43","guid":{"rendered":"https:\/\/uniwersytetotwarty.us.edu.pl\/dzieci\/?page_id=134"},"modified":"2023-11-08T10:32:41","modified_gmt":"2023-11-08T09:32:41","slug":"oferta-dla-szkol-i-przedszkoli","status":"publish","type":"page","link":"https:\/\/uniwersytetotwarty.us.edu.pl\/dzieci\/oferta-dla-szkol-i-przedszkoli\/","title":{"rendered":"Oferta dla szk\u00f3\u0142 i przedszkoli"},"content":{"rendered":"\t\t<div data-elementor-type=\"wp-page\" data-elementor-id=\"134\" class=\"elementor elementor-134\" data-elementor-post-type=\"page\">\n\t\t\t\t\t\t<section class=\"elementor-section elementor-top-section elementor-element elementor-element-d670e92 elementor-section-boxed elementor-section-height-default elementor-section-height-default\" data-id=\"d670e92\" data-element_type=\"section\" data-e-type=\"section\">\n\t\t\t\t\t\t<div class=\"elementor-container elementor-column-gap-default\">\n\t\t\t\t\t<div class=\"elementor-column elementor-col-66 elementor-top-column elementor-element elementor-element-010ba40\" data-id=\"010ba40\" data-element_type=\"column\" data-e-type=\"column\">\n\t\t\t<div class=\"elementor-widget-wrap elementor-element-populated\">\n\t\t\t\t\t\t<div class=\"elementor-element elementor-element-3e7fee4 elementor-widget elementor-widget-text-editor\" data-id=\"3e7fee4\" data-element_type=\"widget\" data-e-type=\"widget\" data-widget_type=\"text-editor.default\">\n\t\t\t\t<div class=\"elementor-widget-container\">\n\t\t\t\t\t\t\t\t\t<p><strong>Uniwersytet \u015al\u0105ski Dzieci<\/strong><br><strong>oraz Uniwersytet Otwarty U\u015a<\/strong><\/p>\n<p>zapraszaj\u0105 w czasie ca\u0142ego roku szkolnego na<\/p>\n<p><strong>WYK\u0141ADY z pokazami, WARSZTATY i LABORATORIA na indywidualne ZAM\u00d3WIENIE dla szk\u00f3\u0142 wszystkich stopni oraz przedszkoli<\/strong><\/p>\n<p>Tematyka wyk\u0142ad\u00f3w, warsztat\u00f3w i laboratori\u00f3w, opr\u00f3cz fizyki obejmuje tak\u017ce inne nauki \u015bcis\u0142e, przyrodnicze, humanistyczne oraz dziedziny artystyczne.<\/p>\n<ul>\n<li><strong>Wyk\u0142ady z pokazami eksperyment\u00f3w<\/strong> zam\u00f3wione przez nauczyciela. Koszt wyk\u0142adu &#8211; 25 z\u0142 od osoby za jednogodzinny wyk\u0142ad (godzina lekcyjna) dla grupy nie mniejszej ni\u017c 30 os\u00f3b.<\/li>\n<li><strong>Zaj\u0119cia laboratoryjne i warsztaty<\/strong>&nbsp;(60min) dla szk\u00f3\u0142 wszystkich stopni oraz przedszkoli. Proste, ciekawe eksperymenty wykonywane w ma\u0142ych grupach pod opiek\u0105 prowadz\u0105cych, dopasowane do wieku eksperymentator\u00f3w, dobrane tematycznie do podstawy programowej. Koszt &#8211; 25 z\u0142 od osoby dla grupy nie mniejszej ni\u017c 15 os\u00f3b.<\/li>\n<li><strong>Szkolne do\u015bwiadczenia obowi\u0105zkowe&nbsp;<\/strong>&#8211; warsztaty (60min) lub wyk\u0142ady (90 min.) z pokazami i wykonaniem prostych realizacji eksperyment\u00f3w obowi\u0105zkowych. Koszt &#8211; 25 z\u0142 od osoby za wyk\u0142ad i 25 z\u0142 za zaj\u0119cia laboratoryjne (w grupach nie mniejszych ni\u017c 15 os\u00f3b).<\/li>\n<\/ul>\n<p><strong>Wszystkie zaj\u0119cia &#8211; wyk\u0142ady i warsztaty odbywaj\u0105 si\u0119 w \u015brody, w salach Uniwersytetu Otwartego i Wydzia\u0142u Humanistycznego przy ul. Uniwersyteckiej 4<\/strong><br><strong>w Katowicach, od pa\u017adziernika do ko\u0144ca roku szkolnego.<\/strong><\/p>\n<p><strong>Dla nauczycieli wst\u0119p na zaj\u0119cia jest bezp\u0142atny.<\/strong><\/p>\n<p>Rezerwacji miejsc oraz uzgodnienia temat\u00f3w, termin\u00f3w i godzin rozpocz\u0119cia wyk\u0142ad\u00f3w i warsztat\u00f3w nale\u017cy dokona\u0107 z wyprzedzeniem co najmniej dwutygodniowym.<\/p>\n<ul>\n<li>telefonicznie: 32 359 1170 lub 725 991 943<\/li>\n<li>drog\u0105 e-mail: <a href=\"mailto:jerzy.jarosz@us.edu.pl\"><u>jerzy.jarosz@us.edu.pl<\/u><\/a><\/li>\n<li>lub osobi\u015bcie, w Dziekanacie Uniwersytetu \u015al\u0105skiego Dzieci przy ulicy Uniwersyteckiej 4 pok\u00f3j B0.29 w Katowicach. &nbsp;<\/li>\n<\/ul>\t\t\t\t\t\t\t\t<\/div>\n\t\t\t\t<\/div>\n\t\t\t\t\t<\/div>\n\t\t<\/div>\n\t\t\t\t<div class=\"elementor-column elementor-col-33 elementor-top-column elementor-element elementor-element-dfcb3ec\" data-id=\"dfcb3ec\" data-element_type=\"column\" data-e-type=\"column\">\n\t\t\t<div class=\"elementor-widget-wrap elementor-element-populated\">\n\t\t\t\t\t\t<div class=\"elementor-element elementor-element-1f6985a elementor-widget elementor-widget-gallery\" data-id=\"1f6985a\" data-element_type=\"widget\" data-e-type=\"widget\" data-settings=\"{&quot;columns&quot;:&quot;1&quot;,&quot;lazyload&quot;:&quot;yes&quot;,&quot;gallery_layout&quot;:&quot;grid&quot;,&quot;columns_tablet&quot;:2,&quot;columns_mobile&quot;:1,&quot;gap&quot;:{&quot;unit&quot;:&quot;px&quot;,&quot;size&quot;:10,&quot;sizes&quot;:[]},&quot;gap_tablet&quot;:{&quot;unit&quot;:&quot;px&quot;,&quot;size&quot;:10,&quot;sizes&quot;:[]},&quot;gap_mobile&quot;:{&quot;unit&quot;:&quot;px&quot;,&quot;size&quot;:10,&quot;sizes&quot;:[]},&quot;link_to&quot;:&quot;file&quot;,&quot;aspect_ratio&quot;:&quot;3:2&quot;,&quot;overlay_background&quot;:&quot;yes&quot;,&quot;content_hover_animation&quot;:&quot;fade-in&quot;}\" data-widget_type=\"gallery.default\">\n\t\t\t\t<div class=\"elementor-widget-container\">\n\t\t\t\t\t\t\t<div class=\"elementor-gallery__container\">\n\t\t\t\t\t\t\t<a class=\"e-gallery-item elementor-gallery-item elementor-animated-content\" href=\"https:\/\/uniwersytetotwarty.us.edu.pl\/dzieci\/wp-content\/uploads\/sites\/14\/2023\/10\/336646994_1273466960255868_5974856705112920194_n.jpg\" data-elementor-open-lightbox=\"yes\" data-elementor-lightbox-slideshow=\"1f6985a\" data-elementor-lightbox-title=\"336646994_1273466960255868_5974856705112920194_n\" data-e-action-hash=\"#elementor-action%3Aaction%3Dlightbox%26settings%3DeyJpZCI6MTQwLCJ1cmwiOiJodHRwczpcL1wvdW5pd2Vyc3l0ZXRvdHdhcnR5LnVzLmVkdS5wbFwvZHppZWNpXC93cC1jb250ZW50XC91cGxvYWRzXC9zaXRlc1wvMTRcLzIwMjNcLzEwXC8zMzY2NDY5OTRfMTI3MzQ2Njk2MDI1NTg2OF81OTc0ODU2NzA1MTEyOTIwMTk0X24uanBnIiwic2xpZGVzaG93IjoiMWY2OTg1YSJ9\">\n\t\t\t\t\t<div class=\"e-gallery-image elementor-gallery-item__image\" data-thumbnail=\"https:\/\/uniwersytetotwarty.us.edu.pl\/dzieci\/wp-content\/uploads\/sites\/14\/2023\/10\/336646994_1273466960255868_5974856705112920194_n-300x300.jpg\" data-width=\"300\" data-height=\"300\" aria-label=\"\" role=\"img\" ><\/div>\n\t\t\t\t\t\t\t\t\t\t\t<div class=\"elementor-gallery-item__overlay\"><\/div>\n\t\t\t\t\t\t\t\t\t\t\t\t\t\t<\/a>\n\t\t\t\t\t\t\t<a class=\"e-gallery-item elementor-gallery-item elementor-animated-content\" href=\"https:\/\/uniwersytetotwarty.us.edu.pl\/dzieci\/wp-content\/uploads\/sites\/14\/2023\/10\/347428067_642346881245599_3337130383726650185_n.jpg\" data-elementor-open-lightbox=\"yes\" data-elementor-lightbox-slideshow=\"1f6985a\" data-elementor-lightbox-title=\"347428067_642346881245599_3337130383726650185_n\" data-e-action-hash=\"#elementor-action%3Aaction%3Dlightbox%26settings%3DeyJpZCI6MTQ2LCJ1cmwiOiJodHRwczpcL1wvdW5pd2Vyc3l0ZXRvdHdhcnR5LnVzLmVkdS5wbFwvZHppZWNpXC93cC1jb250ZW50XC91cGxvYWRzXC9zaXRlc1wvMTRcLzIwMjNcLzEwXC8zNDc0MjgwNjdfNjQyMzQ2ODgxMjQ1NTk5XzMzMzcxMzAzODM3MjY2NTAxODVfbi5qcGciLCJzbGlkZXNob3ciOiIxZjY5ODVhIn0%3D\">\n\t\t\t\t\t<div class=\"e-gallery-image elementor-gallery-item__image\" data-thumbnail=\"https:\/\/uniwersytetotwarty.us.edu.pl\/dzieci\/wp-content\/uploads\/sites\/14\/2023\/10\/347428067_642346881245599_3337130383726650185_n-300x300.jpg\" data-width=\"300\" data-height=\"300\" aria-label=\"\" role=\"img\" ><\/div>\n\t\t\t\t\t\t\t\t\t\t\t<div class=\"elementor-gallery-item__overlay\"><\/div>\n\t\t\t\t\t\t\t\t\t\t\t\t\t\t<\/a>\n\t\t\t\t\t\t\t<a class=\"e-gallery-item elementor-gallery-item elementor-animated-content\" href=\"https:\/\/uniwersytetotwarty.us.edu.pl\/dzieci\/wp-content\/uploads\/sites\/14\/2023\/10\/378376133_705183828295237_9123470424370258841_n.jpg\" data-elementor-open-lightbox=\"yes\" data-elementor-lightbox-slideshow=\"1f6985a\" data-elementor-lightbox-title=\"378376133_705183828295237_9123470424370258841_n\" data-e-action-hash=\"#elementor-action%3Aaction%3Dlightbox%26settings%3DeyJpZCI6MjE3LCJ1cmwiOiJodHRwczpcL1wvdW5pd2Vyc3l0ZXRvdHdhcnR5LnVzLmVkdS5wbFwvZHppZWNpXC93cC1jb250ZW50XC91cGxvYWRzXC9zaXRlc1wvMTRcLzIwMjNcLzEwXC8zNzgzNzYxMzNfNzA1MTgzODI4Mjk1MjM3XzkxMjM0NzA0MjQzNzAyNTg4NDFfbi5qcGciLCJzbGlkZXNob3ciOiIxZjY5ODVhIn0%3D\">\n\t\t\t\t\t<div class=\"e-gallery-image elementor-gallery-item__image\" data-thumbnail=\"https:\/\/uniwersytetotwarty.us.edu.pl\/dzieci\/wp-content\/uploads\/sites\/14\/2023\/10\/378376133_705183828295237_9123470424370258841_n-300x200.jpg\" data-width=\"300\" data-height=\"200\" aria-label=\"\" role=\"img\" ><\/div>\n\t\t\t\t\t\t\t\t\t\t\t<div class=\"elementor-gallery-item__overlay\"><\/div>\n\t\t\t\t\t\t\t\t\t\t\t\t\t\t<\/a>\n\t\t\t\t\t<\/div>\n\t\t\t\t\t<\/div>\n\t\t\t\t<\/div>\n\t\t\t\t\t<\/div>\n\t\t<\/div>\n\t\t\t\t\t<\/div>\n\t\t<\/section>\n\t\t\t\t<\/div>\n\t\t","protected":false},"excerpt":{"rendered":"<p>Uniwersytet \u015al\u0105ski Dziecioraz Uniwersytet Otwarty U\u015a zapraszaj\u0105 w czasie ca\u0142ego roku szkolnego na WYK\u0141ADY z pokazami, WARSZTATY i LABORATORIA na indywidualne ZAM\u00d3WIENIE dla szk\u00f3\u0142 wszystkich stopni oraz przedszkoli Tematyka wyk\u0142ad\u00f3w, warsztat\u00f3w i laboratori\u00f3w, opr\u00f3cz fizyki obejmuje tak\u017ce inne nauki \u015bcis\u0142e, przyrodnicze, humanistyczne oraz dziedziny artystyczne. Wyk\u0142ady z pokazami eksperyment\u00f3w zam\u00f3wione przez nauczyciela. Koszt wyk\u0142adu &#8211; [&hellip;]<\/p>\n","protected":false},"author":5,"featured_media":0,"parent":0,"menu_order":0,"comment_status":"closed","ping_status":"closed","template":"","meta":{"footnotes":""},"class_list":["post-134","page","type-page","status-publish","hentry"],"yoast_head":"<!-- This site is optimized with the Yoast SEO plugin v27.3 - https:\/\/yoast.com\/product\/yoast-seo-wordpress\/ -->\n<title>Oferta dla szk\u00f3\u0142 i przedszkoli - U\u015a Dzieci<\/title>\n<meta name=\"robots\" content=\"noindex, follow, max-snippet:-1, max-image-preview:large, max-video-preview:-1\" \/>\n<meta property=\"og:locale\" content=\"pl_PL\" \/>\n<meta property=\"og:type\" content=\"article\" \/>\n<meta property=\"og:title\" content=\"Oferta dla szk\u00f3\u0142 i przedszkoli - U\u015a Dzieci\" \/>\n<meta property=\"og:description\" content=\"Uniwersytet \u015al\u0105ski Dziecioraz Uniwersytet Otwarty U\u015a zapraszaj\u0105 w czasie ca\u0142ego roku szkolnego na WYK\u0141ADY z pokazami, WARSZTATY i LABORATORIA na indywidualne ZAM\u00d3WIENIE dla szk\u00f3\u0142 wszystkich stopni oraz przedszkoli Tematyka wyk\u0142ad\u00f3w, warsztat\u00f3w i laboratori\u00f3w, opr\u00f3cz fizyki obejmuje tak\u017ce inne nauki \u015bcis\u0142e, przyrodnicze, humanistyczne oraz dziedziny artystyczne. Wyk\u0142ady z pokazami eksperyment\u00f3w zam\u00f3wione przez nauczyciela. Koszt wyk\u0142adu &#8211; [&hellip;]\" \/>\n<meta property=\"og:url\" content=\"https:\/\/uniwersytetotwarty.us.edu.pl\/dzieci\/oferta-dla-szkol-i-przedszkoli\/\" \/>\n<meta property=\"og:site_name\" content=\"U\u015a Dzieci\" \/>\n<meta property=\"article:modified_time\" content=\"2023-11-08T09:32:41+00:00\" \/>\n<meta name=\"twitter:card\" content=\"summary_large_image\" \/>\n<meta name=\"twitter:label1\" content=\"Szacowany czas czytania\" \/>\n\t<meta name=\"twitter:data1\" content=\"2 minuty\" \/>\n<script type=\"application\/ld+json\" class=\"yoast-schema-graph\">{\"@context\":\"https:\\\/\\\/schema.org\",\"@graph\":[{\"@type\":\"WebPage\",\"@id\":\"https:\\\/\\\/uniwersytetotwarty.us.edu.pl\\\/dzieci\\\/oferta-dla-szkol-i-przedszkoli\\\/\",\"url\":\"https:\\\/\\\/uniwersytetotwarty.us.edu.pl\\\/dzieci\\\/oferta-dla-szkol-i-przedszkoli\\\/\",\"name\":\"Oferta dla szk\u00f3\u0142 i przedszkoli - U\u015a Dzieci\",\"isPartOf\":{\"@id\":\"https:\\\/\\\/uniwersytetotwarty.us.edu.pl\\\/dzieci\\\/#website\"},\"datePublished\":\"2023-10-28T03:00:43+00:00\",\"dateModified\":\"2023-11-08T09:32:41+00:00\",\"breadcrumb\":{\"@id\":\"https:\\\/\\\/uniwersytetotwarty.us.edu.pl\\\/dzieci\\\/oferta-dla-szkol-i-przedszkoli\\\/#breadcrumb\"},\"inLanguage\":\"pl-PL\",\"potentialAction\":[{\"@type\":\"ReadAction\",\"target\":[\"https:\\\/\\\/uniwersytetotwarty.us.edu.pl\\\/dzieci\\\/oferta-dla-szkol-i-przedszkoli\\\/\"]}]},{\"@type\":\"BreadcrumbList\",\"@id\":\"https:\\\/\\\/uniwersytetotwarty.us.edu.pl\\\/dzieci\\\/oferta-dla-szkol-i-przedszkoli\\\/#breadcrumb\",\"itemListElement\":[{\"@type\":\"ListItem\",\"position\":1,\"name\":\"U\u015a Dzieci\",\"item\":\"https:\\\/\\\/uniwersytetotwarty.us.edu.pl\\\/dzieci\\\/\"},{\"@type\":\"ListItem\",\"position\":2,\"name\":\"Oferta dla szk\u00f3\u0142 i przedszkoli\"}]},{\"@type\":\"WebSite\",\"@id\":\"https:\\\/\\\/uniwersytetotwarty.us.edu.pl\\\/dzieci\\\/#website\",\"url\":\"https:\\\/\\\/uniwersytetotwarty.us.edu.pl\\\/dzieci\\\/\",\"name\":\"U\u015a Dzieci\",\"description\":\"\",\"publisher\":{\"@id\":\"https:\\\/\\\/uniwersytetotwarty.us.edu.pl\\\/dzieci\\\/#organization\"},\"potentialAction\":[{\"@type\":\"SearchAction\",\"target\":{\"@type\":\"EntryPoint\",\"urlTemplate\":\"https:\\\/\\\/uniwersytetotwarty.us.edu.pl\\\/dzieci\\\/?s={search_term_string}\"},\"query-input\":{\"@type\":\"PropertyValueSpecification\",\"valueRequired\":true,\"valueName\":\"search_term_string\"}}],\"inLanguage\":\"pl-PL\"},{\"@type\":\"Organization\",\"@id\":\"https:\\\/\\\/uniwersytetotwarty.us.edu.pl\\\/dzieci\\\/#organization\",\"name\":\"Uniwersytet \u015al\u0105ski\",\"url\":\"https:\\\/\\\/uniwersytetotwarty.us.edu.pl\\\/dzieci\\\/\",\"logo\":{\"@type\":\"ImageObject\",\"inLanguage\":\"pl-PL\",\"@id\":\"https:\\\/\\\/uniwersytetotwarty.us.edu.pl\\\/dzieci\\\/#\\\/schema\\\/logo\\\/image\\\/\",\"url\":\"https:\\\/\\\/uniwersytetotwarty.us.edu.pl\\\/dzieci\\\/wp-content\\\/uploads\\\/sites\\\/14\\\/2023\\\/10\\\/logo-1.svg\",\"contentUrl\":\"https:\\\/\\\/uniwersytetotwarty.us.edu.pl\\\/dzieci\\\/wp-content\\\/uploads\\\/sites\\\/14\\\/2023\\\/10\\\/logo-1.svg\",\"width\":414,\"height\":71,\"caption\":\"Uniwersytet \u015al\u0105ski\"},\"image\":{\"@id\":\"https:\\\/\\\/uniwersytetotwarty.us.edu.pl\\\/dzieci\\\/#\\\/schema\\\/logo\\\/image\\\/\"}}]}<\/script>\n<!-- \/ Yoast SEO plugin. -->","yoast_head_json":{"title":"Oferta dla szk\u00f3\u0142 i przedszkoli - U\u015a Dzieci","robots":{"index":"noindex","follow":"follow","max-snippet":"max-snippet:-1","max-image-preview":"max-image-preview:large","max-video-preview":"max-video-preview:-1"},"og_locale":"pl_PL","og_type":"article","og_title":"Oferta dla szk\u00f3\u0142 i przedszkoli - U\u015a Dzieci","og_description":"Uniwersytet \u015al\u0105ski Dziecioraz Uniwersytet Otwarty U\u015a zapraszaj\u0105 w czasie ca\u0142ego roku szkolnego na WYK\u0141ADY z pokazami, WARSZTATY i LABORATORIA na indywidualne ZAM\u00d3WIENIE dla szk\u00f3\u0142 wszystkich stopni oraz przedszkoli Tematyka wyk\u0142ad\u00f3w, warsztat\u00f3w i laboratori\u00f3w, opr\u00f3cz fizyki obejmuje tak\u017ce inne nauki \u015bcis\u0142e, przyrodnicze, humanistyczne oraz dziedziny artystyczne. Wyk\u0142ady z pokazami eksperyment\u00f3w zam\u00f3wione przez nauczyciela. Koszt wyk\u0142adu &#8211; [&hellip;]","og_url":"https:\/\/uniwersytetotwarty.us.edu.pl\/dzieci\/oferta-dla-szkol-i-przedszkoli\/","og_site_name":"U\u015a Dzieci","article_modified_time":"2023-11-08T09:32:41+00:00","twitter_card":"summary_large_image","twitter_misc":{"Szacowany czas czytania":"2 minuty"},"schema":{"@context":"https:\/\/schema.org","@graph":[{"@type":"WebPage","@id":"https:\/\/uniwersytetotwarty.us.edu.pl\/dzieci\/oferta-dla-szkol-i-przedszkoli\/","url":"https:\/\/uniwersytetotwarty.us.edu.pl\/dzieci\/oferta-dla-szkol-i-przedszkoli\/","name":"Oferta dla szk\u00f3\u0142 i przedszkoli - U\u015a Dzieci","isPartOf":{"@id":"https:\/\/uniwersytetotwarty.us.edu.pl\/dzieci\/#website"},"datePublished":"2023-10-28T03:00:43+00:00","dateModified":"2023-11-08T09:32:41+00:00","breadcrumb":{"@id":"https:\/\/uniwersytetotwarty.us.edu.pl\/dzieci\/oferta-dla-szkol-i-przedszkoli\/#breadcrumb"},"inLanguage":"pl-PL","potentialAction":[{"@type":"ReadAction","target":["https:\/\/uniwersytetotwarty.us.edu.pl\/dzieci\/oferta-dla-szkol-i-przedszkoli\/"]}]},{"@type":"BreadcrumbList","@id":"https:\/\/uniwersytetotwarty.us.edu.pl\/dzieci\/oferta-dla-szkol-i-przedszkoli\/#breadcrumb","itemListElement":[{"@type":"ListItem","position":1,"name":"U\u015a Dzieci","item":"https:\/\/uniwersytetotwarty.us.edu.pl\/dzieci\/"},{"@type":"ListItem","position":2,"name":"Oferta dla szk\u00f3\u0142 i przedszkoli"}]},{"@type":"WebSite","@id":"https:\/\/uniwersytetotwarty.us.edu.pl\/dzieci\/#website","url":"https:\/\/uniwersytetotwarty.us.edu.pl\/dzieci\/","name":"U\u015a Dzieci","description":"","publisher":{"@id":"https:\/\/uniwersytetotwarty.us.edu.pl\/dzieci\/#organization"},"potentialAction":[{"@type":"SearchAction","target":{"@type":"EntryPoint","urlTemplate":"https:\/\/uniwersytetotwarty.us.edu.pl\/dzieci\/?s={search_term_string}"},"query-input":{"@type":"PropertyValueSpecification","valueRequired":true,"valueName":"search_term_string"}}],"inLanguage":"pl-PL"},{"@type":"Organization","@id":"https:\/\/uniwersytetotwarty.us.edu.pl\/dzieci\/#organization","name":"Uniwersytet \u015al\u0105ski","url":"https:\/\/uniwersytetotwarty.us.edu.pl\/dzieci\/","logo":{"@type":"ImageObject","inLanguage":"pl-PL","@id":"https:\/\/uniwersytetotwarty.us.edu.pl\/dzieci\/#\/schema\/logo\/image\/","url":"https:\/\/uniwersytetotwarty.us.edu.pl\/dzieci\/wp-content\/uploads\/sites\/14\/2023\/10\/logo-1.svg","contentUrl":"https:\/\/uniwersytetotwarty.us.edu.pl\/dzieci\/wp-content\/uploads\/sites\/14\/2023\/10\/logo-1.svg","width":414,"height":71,"caption":"Uniwersytet \u015al\u0105ski"},"image":{"@id":"https:\/\/uniwersytetotwarty.us.edu.pl\/dzieci\/#\/schema\/logo\/image\/"}}]}},"_links":{"self":[{"href":"https:\/\/uniwersytetotwarty.us.edu.pl\/dzieci\/wp-json\/wp\/v2\/pages\/134","targetHints":{"allow":["GET"]}}],"collection":[{"href":"https:\/\/uniwersytetotwarty.us.edu.pl\/dzieci\/wp-json\/wp\/v2\/pages"}],"about":[{"href":"https:\/\/uniwersytetotwarty.us.edu.pl\/dzieci\/wp-json\/wp\/v2\/types\/page"}],"author":[{"embeddable":true,"href":"https:\/\/uniwersytetotwarty.us.edu.pl\/dzieci\/wp-json\/wp\/v2\/users\/5"}],"replies":[{"embeddable":true,"href":"https:\/\/uniwersytetotwarty.us.edu.pl\/dzieci\/wp-json\/wp\/v2\/comments?post=134"}],"version-history":[{"count":10,"href":"https:\/\/uniwersytetotwarty.us.edu.pl\/dzieci\/wp-json\/wp\/v2\/pages\/134\/revisions"}],"predecessor-version":[{"id":271,"href":"https:\/\/uniwersytetotwarty.us.edu.pl\/dzieci\/wp-json\/wp\/v2\/pages\/134\/revisions\/271"}],"wp:attachment":[{"href":"https:\/\/uniwersytetotwarty.us.edu.pl\/dzieci\/wp-json\/wp\/v2\/media?parent=134"}],"curies":[{"name":"wp","href":"https:\/\/api.w.org\/{rel}","templated":true}]}}