{"id":278,"date":"2023-11-08T09:40:24","date_gmt":"2023-11-08T08:40:24","guid":{"rendered":"https:\/\/uniwersytetotwarty.us.edu.pl\/centrum-dydaktyki\/?page_id=278"},"modified":"2024-02-01T11:28:58","modified_gmt":"2024-02-01T10:28:58","slug":"projekty","status":"publish","type":"page","link":"https:\/\/uniwersytetotwarty.us.edu.pl\/centrum-dydaktyki\/doskonalenie-dydaktyczne\/projekty\/","title":{"rendered":"Projekty"},"content":{"rendered":"\t\t<div data-elementor-type=\"wp-page\" data-elementor-id=\"278\" class=\"elementor elementor-278\" data-elementor-post-type=\"page\">\n\t\t\t\t\t\t<section class=\"elementor-section elementor-top-section elementor-element elementor-element-1fe9d9a elementor-section-boxed elementor-section-height-default elementor-section-height-default\" data-id=\"1fe9d9a\" data-element_type=\"section\" data-e-type=\"section\">\n\t\t\t\t\t\t<div class=\"elementor-container elementor-column-gap-default\">\n\t\t\t\t\t<div class=\"elementor-column elementor-col-100 elementor-top-column elementor-element elementor-element-2bd5aa1\" data-id=\"2bd5aa1\" data-element_type=\"column\" data-e-type=\"column\">\n\t\t\t<div class=\"elementor-widget-wrap elementor-element-populated\">\n\t\t\t\t\t\t<div class=\"elementor-element elementor-element-b700190 elementor-grid-2 elementor-posts--thumbnail-none elementor-grid-tablet-2 elementor-grid-mobile-1 elementor-card-shadow-yes elementor-posts__hover-gradient elementor-widget elementor-widget-posts\" data-id=\"b700190\" data-element_type=\"widget\" data-e-type=\"widget\" data-settings=\"{&quot;cards_columns&quot;:&quot;2&quot;,&quot;cards_columns_tablet&quot;:&quot;2&quot;,&quot;cards_columns_mobile&quot;:&quot;1&quot;,&quot;cards_row_gap&quot;:{&quot;unit&quot;:&quot;px&quot;,&quot;size&quot;:35,&quot;sizes&quot;:[]},&quot;cards_row_gap_tablet&quot;:{&quot;unit&quot;:&quot;px&quot;,&quot;size&quot;:&quot;&quot;,&quot;sizes&quot;:[]},&quot;cards_row_gap_mobile&quot;:{&quot;unit&quot;:&quot;px&quot;,&quot;size&quot;:&quot;&quot;,&quot;sizes&quot;:[]}}\" data-widget_type=\"posts.cards\">\n\t\t\t\t<div class=\"elementor-widget-container\">\n\t\t\t\t\t\t\t<div class=\"elementor-posts-container elementor-posts elementor-posts--skin-cards elementor-grid\" role=\"list\">\n\t\t\t\t<article class=\"elementor-post elementor-grid-item post-668 post type-post status-publish format-standard hentry category-bez-kategorii-pl category-projekty\" role=\"listitem\">\n\t\t\t<div class=\"elementor-post__card\">\n\t\t\t\t<div class=\"elementor-post__text\">\n\t\t\t\t<h3 class=\"elementor-post__title\">\n\t\t\t<a href=\"https:\/\/uniwersytetotwarty.us.edu.pl\/centrum-dydaktyki\/spotkanie-digi-prof-29-02-2024-r\/\" >\n\t\t\t\tSpotkanie DIGI PROF &#8211; 29.02.2024 r.\t\t\t<\/a>\n\t\t<\/h3>\n\t\t\t\t<div class=\"elementor-post__excerpt\">\n\t\t\t<p>SPOTKANIE PARTNER\u00d3W KONSORCJUM DIGI PROF. W dniach 29 lutego \u2013 1 marca br. w Uniwersytecie \u015al\u0105skim w Katowicach odby\u0142o si\u0119 spotkanie partner\u00f3w konsorcjum mi\u0119dzynarodowego projektu edukacyjnego DIGI-PROF &#8211; Transparent Assessment for Online Learning by Digitally Competent Professors. Projekt jest realizowany we wsp\u00f3\u0142pracy konsorcjum nast\u0119puj\u0105cych uczelni wy\u017cszych: Vytautas Magnus University (Litwa), Universitat Oberta de Catalunya (Hiszpania), Universidade de Aveiro (Portugalia), Duale Hochschule Baden-W\u00fcrttemberg Heilbronn (Niemcy), EDEN Digital Learning Europe (Estonia) oraz Uniwersytet \u015al\u0105ski w Katowicach. Celem projektu DIGI\u2013PROF jest wspieranie nauczycieli i instytucji szkolnictwa wy\u017cszego w projektowaniu i wdra\u017caniu przejrzystej ewaluacji<\/p>\n\t\t<\/div>\n\t\t\n\t\t<a class=\"elementor-post__read-more\" href=\"https:\/\/uniwersytetotwarty.us.edu.pl\/centrum-dydaktyki\/spotkanie-digi-prof-29-02-2024-r\/\" aria-label=\"Read more about Spotkanie DIGI PROF &#8211; 29.02.2024 r.\" tabindex=\"-1\" >\n\t\t\tCzytaj wi\u0119cej \u00bb\t\t<\/a>\n\n\t\t\t\t<\/div>\n\t\t\t\t\t<\/div>\n\t\t<\/article>\n\t\t\t\t<article class=\"elementor-post elementor-grid-item post-458 post type-post status-publish format-standard hentry category-bez-kategorii-pl category-projekty\" role=\"listitem\">\n\t\t\t<div class=\"elementor-post__card\">\n\t\t\t\t<div class=\"elementor-post__text\">\n\t\t\t\t<h3 class=\"elementor-post__title\">\n\t\t\t<a href=\"https:\/\/uniwersytetotwarty.us.edu.pl\/centrum-dydaktyki\/digi-prof-transparent-assessment-for-online-learning-by-digitally-competent-professors\/\" >\n\t\t\t\tDIGI PROF Transparent Assessment for Online Learning by Digitally Competent Professors\t\t\t<\/a>\n\t\t<\/h3>\n\t\t\t\t<div class=\"elementor-post__excerpt\">\n\t\t\t<p>Mi\u0119dzynarodowy projekt edukacyjny realizowany w konsorcjum: Vytautas Magnus University (Litwa) Universitat Oberta de Catalunya (Hiszpania) Universidade de Aveiro (Portugalia) Uniwersytet \u015al\u0105ski (Polska) Duale Hochschule Baden-W\u00fcrttemberg Heilbronn (Niemcy) EDEN Digital Learning Europe&nbsp;(Estonia) Okres realizacji: od 01.01.2022 do 31.12.2024 Celem projektu DIGI \u2013 PROF jest wspieranie nauczycieli i nauczycielek oraz instytucji szkolnictwa wy\u017cszego w projektowaniu i wdra\u017caniu przejrzystej oceny uczenia si\u0119 online oraz uznawaniu efekt\u00f3w uczenia si\u0119 poprzez proponowanie metodologii, wytycznych, praktycznych narz\u0119dzi i materia\u0142\u00f3w szkoleniowych w celu rozwijania ich kompetencji cyfrowych. Cel projektu zostanie realizowany poprzez: \u2013 przygotowanie wskaz\u00f3wek metodologicznych, narz\u0119dzi<\/p>\n\t\t<\/div>\n\t\t\n\t\t<a class=\"elementor-post__read-more\" href=\"https:\/\/uniwersytetotwarty.us.edu.pl\/centrum-dydaktyki\/digi-prof-transparent-assessment-for-online-learning-by-digitally-competent-professors\/\" aria-label=\"Read more about DIGI PROF Transparent Assessment for Online Learning by Digitally Competent Professors\" tabindex=\"-1\" >\n\t\t\tCzytaj wi\u0119cej \u00bb\t\t<\/a>\n\n\t\t\t\t<\/div>\n\t\t\t\t\t<\/div>\n\t\t<\/article>\n\t\t\t\t<article class=\"elementor-post elementor-grid-item post-454 post type-post status-publish format-standard hentry category-bez-kategorii-pl category-projekty\" role=\"listitem\">\n\t\t\t<div class=\"elementor-post__card\">\n\t\t\t\t<div class=\"elementor-post__text\">\n\t\t\t\t<h3 class=\"elementor-post__title\">\n\t\t\t<a href=\"https:\/\/uniwersytetotwarty.us.edu.pl\/centrum-dydaktyki\/slaska-szkola-cwiczen-projekt-edukacyjny-dla-nauczycielek-i-nauczycieli-wspierajacy-rozwoj-kompetencji-kluczowych\/\" >\n\t\t\t\t\u015al\u0105ska Szko\u0142a \u0106wicze\u0144 &#8211; projekt edukacyjny dla nauczycielek i nauczycieli wspieraj\u0105cy rozw\u00f3j kompetencji kluczowych\t\t\t<\/a>\n\t\t<\/h3>\n\t\t\t\t<div class=\"elementor-post__excerpt\">\n\t\t\t<p>\u015al\u0105ska Szko\u0142a \u0106wicze\u0144 Program \/ o\u015b priorytetowa \/ dzia\u0142anie:\u00a0Program Operacyjny Wiedza Edukacja Rozw\u00f3j\/ O\u015b priorytetowa II Efektywne Polityki publiczne dla rynku pracy, gospodarki i edukacji\/ Dzia\u0142anie 2.10 Wysoka jako\u015b\u0107 systemu o\u015bwiaty \u2013 Wsparcie tworzenia sieci szk\u00f3\u0142 \u0107wicze\u0144 \u2013 konkurs. Opis projektu:\u00a0Celem projektu jest poprawa funkcjonowania i zwi\u0119kszenie wykorzystania systemu wspomagania szk\u00f3\u0142 w zakresie rozwoju u uczni\u00f3w kompetencji kluczowych i\u00a0umiej\u0119tno\u015bci uniwersalnych tzw. transversal skills niezb\u0119dnych na rynku pracy obejmuj\u0105cych matematyczno-przyrodnicze, umiej\u0119tno\u015bci pos\u0142ugiwania si\u0119 j\u0119zykami obcymi (w tym j\u0119zyk polski dla cudzoziemc\u00f3w i os\u00f3b powracaj\u0105cych do Polski oraz ich rodzin), ICT, umiej\u0119tno\u015b\u0107<\/p>\n\t\t<\/div>\n\t\t\n\t\t<a class=\"elementor-post__read-more\" href=\"https:\/\/uniwersytetotwarty.us.edu.pl\/centrum-dydaktyki\/slaska-szkola-cwiczen-projekt-edukacyjny-dla-nauczycielek-i-nauczycieli-wspierajacy-rozwoj-kompetencji-kluczowych\/\" aria-label=\"Read more about \u015al\u0105ska Szko\u0142a \u0106wicze\u0144 &#8211; projekt edukacyjny dla nauczycielek i nauczycieli wspieraj\u0105cy rozw\u00f3j kompetencji kluczowych\" tabindex=\"-1\" >\n\t\t\tCzytaj wi\u0119cej \u00bb\t\t<\/a>\n\n\t\t\t\t<\/div>\n\t\t\t\t\t<\/div>\n\t\t<\/article>\n\t\t\t\t<article class=\"elementor-post elementor-grid-item post-452 post type-post status-publish format-standard hentry category-projekty\" role=\"listitem\">\n\t\t\t<div class=\"elementor-post__card\">\n\t\t\t\t<div class=\"elementor-post__text\">\n\t\t\t\t<h3 class=\"elementor-post__title\">\n\t\t\t<a href=\"https:\/\/uniwersytetotwarty.us.edu.pl\/centrum-dydaktyki\/mistrzowie-dydaktyki-program-zaawansowany\/\" >\n\t\t\t\tMistrzowie dydaktyki: program zaawansowany\t\t\t<\/a>\n\t\t<\/h3>\n\t\t\t\t<div class=\"elementor-post__excerpt\">\n\t\t\t<p>Okres realizacji projektu: 09.2021\u201309.2023 Program zaawansowany Mistrz\u00f3w dydaktyki by\u0142 przeznaczony dla \u00a0nauczycieli akademickich, kt\u00f3rzy uko\u0144czyli szkolenia zagraniczne na Uniwersytecie w Groningen, Uniwersytecie w Gandawie, Uniwersytecie w Oslo, Uniwersytecie w Aarhus lub University College London, otrzymali certyfikat i chcieli poszerzy\u0107 swoje kompetencje w jednej z trzech \u015bcie\u017cek zaproponowanych przez Uniwersytet w Groningen: Advanced Qualifications in Teaching &#8211; poszerzenie wiedzy i umiej\u0119tno\u015bci zdobytych podczas kursu podstawowego. \u015acie\u017cka obejmuje 3 zjazdy i jest przeznaczona dla wszystkich, kt\u00f3rzy chc\u0105 podnie\u015b\u0107 kompetencje dydaktyczne. Planowane jest 9 edycji kursu. Train the Trainer &#8211; rozwijanie kompetencji os\u00f3b<\/p>\n\t\t<\/div>\n\t\t\n\t\t<a class=\"elementor-post__read-more\" href=\"https:\/\/uniwersytetotwarty.us.edu.pl\/centrum-dydaktyki\/mistrzowie-dydaktyki-program-zaawansowany\/\" aria-label=\"Read more about Mistrzowie dydaktyki: program zaawansowany\" tabindex=\"-1\" >\n\t\t\tCzytaj wi\u0119cej \u00bb\t\t<\/a>\n\n\t\t\t\t<\/div>\n\t\t\t\t\t<\/div>\n\t\t<\/article>\n\t\t\t\t<article class=\"elementor-post elementor-grid-item post-448 post type-post status-publish format-standard hentry category-projekty\" role=\"listitem\">\n\t\t\t<div class=\"elementor-post__card\">\n\t\t\t\t<div class=\"elementor-post__text\">\n\t\t\t\t<h3 class=\"elementor-post__title\">\n\t\t\t<a href=\"https:\/\/uniwersytetotwarty.us.edu.pl\/centrum-dydaktyki\/projekty\/\" >\n\t\t\t\tMistrzowie dydaktyki\t\t\t<\/a>\n\t\t<\/h3>\n\t\t\t\t<div class=\"elementor-post__excerpt\">\n\t\t\t<p>Mistrzowie dydaktyki: program podstawowy Okres realizacji projektu:\u00a028.03.2019\u201330.09.2023 G\u0142\u00f3wnym celem projektu jest realizacja zadania zleconego przez Ministerstwo Nauki i Szkolnictwa Wy\u017cszego obejmuj\u0105ca udzia\u0142 pracownik\u00f3w badawczo-dydaktycznych w szkoleniach z zakresu innowacyjnej dydaktyki akademickiej i tutoringu na europejskich uczelniach oraz wykorzystanie zdobytych umiej\u0119tno\u015bci w ramach zaj\u0119\u0107 prowadzonych na U\u015a. W trakcie trwania projektu\u00a0 nauczycielki i nauczyciele akademiccy z Uniwersytetu \u015al\u0105skiego rozwijali kompetencje pedagogiczne w zakresie stosowania w kszta\u0142ceniu nowoczesnych, innowacyjnych metod dydaktycznych, takich jak tutoring. W ramach projektu przewiduje si\u0119 opracowanie koncepcji i wdro\u017cenie nowych rozwi\u0105za\u0144 w obszarze tutoringu ukierunkowanych na wsparcie wybitnie<\/p>\n\t\t<\/div>\n\t\t\n\t\t<a class=\"elementor-post__read-more\" href=\"https:\/\/uniwersytetotwarty.us.edu.pl\/centrum-dydaktyki\/projekty\/\" aria-label=\"Read more about Mistrzowie dydaktyki\" tabindex=\"-1\" >\n\t\t\tCzytaj wi\u0119cej \u00bb\t\t<\/a>\n\n\t\t\t\t<\/div>\n\t\t\t\t\t<\/div>\n\t\t<\/article>\n\t\t\t\t<\/div>\n\t\t\n\t\t\t\t\t\t<\/div>\n\t\t\t\t<\/div>\n\t\t\t\t\t<\/div>\n\t\t<\/div>\n\t\t\t\t\t<\/div>\n\t\t<\/section>\n\t\t\t\t<\/div>\n\t\t","protected":false},"excerpt":{"rendered":"","protected":false},"author":8,"featured_media":0,"parent":32,"menu_order":0,"comment_status":"closed","ping_status":"closed","template":"","meta":{"footnotes":""},"class_list":["post-278","page","type-page","status-publish","hentry"],"yoast_head":"<!-- This site is optimized with the Yoast SEO plugin v27.4 - https:\/\/yoast.com\/product\/yoast-seo-wordpress\/ -->\n<title>Projekty - Centrum Dydaktyki<\/title>\n<meta name=\"robots\" content=\"index, follow, max-snippet:-1, max-image-preview:large, max-video-preview:-1\" \/>\n<link rel=\"canonical\" href=\"https:\/\/uniwersytetotwarty.us.edu.pl\/centrum-dydaktyki\/doskonalenie-dydaktyczne\/projekty\/\" \/>\n<meta property=\"og:locale\" content=\"pl_PL\" \/>\n<meta property=\"og:type\" content=\"article\" \/>\n<meta property=\"og:title\" content=\"Projekty - Centrum Dydaktyki\" \/>\n<meta property=\"og:url\" content=\"https:\/\/uniwersytetotwarty.us.edu.pl\/centrum-dydaktyki\/doskonalenie-dydaktyczne\/projekty\/\" \/>\n<meta property=\"og:site_name\" content=\"Centrum Dydaktyki\" \/>\n<meta property=\"article:modified_time\" content=\"2024-02-01T10:28:58+00:00\" \/>\n<meta name=\"twitter:card\" content=\"summary_large_image\" \/>\n<meta name=\"twitter:label1\" content=\"Szacowany czas czytania\" \/>\n\t<meta name=\"twitter:data1\" content=\"3 minuty\" \/>\n<script type=\"application\/ld+json\" class=\"yoast-schema-graph\">{\"@context\":\"https:\\\/\\\/schema.org\",\"@graph\":[{\"@type\":\"WebPage\",\"@id\":\"https:\\\/\\\/uniwersytetotwarty.us.edu.pl\\\/centrum-dydaktyki\\\/doskonalenie-dydaktyczne\\\/projekty\\\/\",\"url\":\"https:\\\/\\\/uniwersytetotwarty.us.edu.pl\\\/centrum-dydaktyki\\\/doskonalenie-dydaktyczne\\\/projekty\\\/\",\"name\":\"Projekty - Centrum Dydaktyki\",\"isPartOf\":{\"@id\":\"https:\\\/\\\/uniwersytetotwarty.us.edu.pl\\\/centrum-dydaktyki\\\/#website\"},\"datePublished\":\"2023-11-08T08:40:24+00:00\",\"dateModified\":\"2024-02-01T10:28:58+00:00\",\"breadcrumb\":{\"@id\":\"https:\\\/\\\/uniwersytetotwarty.us.edu.pl\\\/centrum-dydaktyki\\\/doskonalenie-dydaktyczne\\\/projekty\\\/#breadcrumb\"},\"inLanguage\":\"pl-PL\",\"potentialAction\":[{\"@type\":\"ReadAction\",\"target\":[\"https:\\\/\\\/uniwersytetotwarty.us.edu.pl\\\/centrum-dydaktyki\\\/doskonalenie-dydaktyczne\\\/projekty\\\/\"]}]},{\"@type\":\"BreadcrumbList\",\"@id\":\"https:\\\/\\\/uniwersytetotwarty.us.edu.pl\\\/centrum-dydaktyki\\\/doskonalenie-dydaktyczne\\\/projekty\\\/#breadcrumb\",\"itemListElement\":[{\"@type\":\"ListItem\",\"position\":1,\"name\":\"Centrum Dydaktyki\",\"item\":\"https:\\\/\\\/uniwersytetotwarty.us.edu.pl\\\/centrum-dydaktyki\\\/\"},{\"@type\":\"ListItem\",\"position\":2,\"name\":\"Doskonalenie dydaktyczne\",\"item\":\"https:\\\/\\\/uniwersytetotwarty.us.edu.pl\\\/centrum-dydaktyki\\\/doskonalenie-dydaktyczne\\\/\"},{\"@type\":\"ListItem\",\"position\":3,\"name\":\"Projekty\"}]},{\"@type\":\"WebSite\",\"@id\":\"https:\\\/\\\/uniwersytetotwarty.us.edu.pl\\\/centrum-dydaktyki\\\/#website\",\"url\":\"https:\\\/\\\/uniwersytetotwarty.us.edu.pl\\\/centrum-dydaktyki\\\/\",\"name\":\"Centrum Dydaktyki\",\"description\":\"\",\"publisher\":{\"@id\":\"https:\\\/\\\/uniwersytetotwarty.us.edu.pl\\\/centrum-dydaktyki\\\/#organization\"},\"potentialAction\":[{\"@type\":\"SearchAction\",\"target\":{\"@type\":\"EntryPoint\",\"urlTemplate\":\"https:\\\/\\\/uniwersytetotwarty.us.edu.pl\\\/centrum-dydaktyki\\\/?s={search_term_string}\"},\"query-input\":{\"@type\":\"PropertyValueSpecification\",\"valueRequired\":true,\"valueName\":\"search_term_string\"}}],\"inLanguage\":\"pl-PL\"},{\"@type\":\"Organization\",\"@id\":\"https:\\\/\\\/uniwersytetotwarty.us.edu.pl\\\/centrum-dydaktyki\\\/#organization\",\"name\":\"Uniwersytet \u015al\u0105ski\",\"url\":\"https:\\\/\\\/uniwersytetotwarty.us.edu.pl\\\/centrum-dydaktyki\\\/\",\"logo\":{\"@type\":\"ImageObject\",\"inLanguage\":\"pl-PL\",\"@id\":\"https:\\\/\\\/uniwersytetotwarty.us.edu.pl\\\/centrum-dydaktyki\\\/#\\\/schema\\\/logo\\\/image\\\/\",\"url\":\"https:\\\/\\\/uniwersytetotwarty.us.edu.pl\\\/centrum-dydaktyki\\\/wp-content\\\/uploads\\\/sites\\\/9\\\/2023\\\/10\\\/logo-1.svg\",\"contentUrl\":\"https:\\\/\\\/uniwersytetotwarty.us.edu.pl\\\/centrum-dydaktyki\\\/wp-content\\\/uploads\\\/sites\\\/9\\\/2023\\\/10\\\/logo-1.svg\",\"width\":414,\"height\":71,\"caption\":\"Uniwersytet \u015al\u0105ski\"},\"image\":{\"@id\":\"https:\\\/\\\/uniwersytetotwarty.us.edu.pl\\\/centrum-dydaktyki\\\/#\\\/schema\\\/logo\\\/image\\\/\"}}]}<\/script>\n<!-- \/ Yoast SEO plugin. -->","yoast_head_json":{"title":"Projekty - Centrum Dydaktyki","robots":{"index":"index","follow":"follow","max-snippet":"max-snippet:-1","max-image-preview":"max-image-preview:large","max-video-preview":"max-video-preview:-1"},"canonical":"https:\/\/uniwersytetotwarty.us.edu.pl\/centrum-dydaktyki\/doskonalenie-dydaktyczne\/projekty\/","og_locale":"pl_PL","og_type":"article","og_title":"Projekty - Centrum Dydaktyki","og_url":"https:\/\/uniwersytetotwarty.us.edu.pl\/centrum-dydaktyki\/doskonalenie-dydaktyczne\/projekty\/","og_site_name":"Centrum Dydaktyki","article_modified_time":"2024-02-01T10:28:58+00:00","twitter_card":"summary_large_image","twitter_misc":{"Szacowany czas czytania":"3 minuty"},"schema":{"@context":"https:\/\/schema.org","@graph":[{"@type":"WebPage","@id":"https:\/\/uniwersytetotwarty.us.edu.pl\/centrum-dydaktyki\/doskonalenie-dydaktyczne\/projekty\/","url":"https:\/\/uniwersytetotwarty.us.edu.pl\/centrum-dydaktyki\/doskonalenie-dydaktyczne\/projekty\/","name":"Projekty - Centrum Dydaktyki","isPartOf":{"@id":"https:\/\/uniwersytetotwarty.us.edu.pl\/centrum-dydaktyki\/#website"},"datePublished":"2023-11-08T08:40:24+00:00","dateModified":"2024-02-01T10:28:58+00:00","breadcrumb":{"@id":"https:\/\/uniwersytetotwarty.us.edu.pl\/centrum-dydaktyki\/doskonalenie-dydaktyczne\/projekty\/#breadcrumb"},"inLanguage":"pl-PL","potentialAction":[{"@type":"ReadAction","target":["https:\/\/uniwersytetotwarty.us.edu.pl\/centrum-dydaktyki\/doskonalenie-dydaktyczne\/projekty\/"]}]},{"@type":"BreadcrumbList","@id":"https:\/\/uniwersytetotwarty.us.edu.pl\/centrum-dydaktyki\/doskonalenie-dydaktyczne\/projekty\/#breadcrumb","itemListElement":[{"@type":"ListItem","position":1,"name":"Centrum Dydaktyki","item":"https:\/\/uniwersytetotwarty.us.edu.pl\/centrum-dydaktyki\/"},{"@type":"ListItem","position":2,"name":"Doskonalenie dydaktyczne","item":"https:\/\/uniwersytetotwarty.us.edu.pl\/centrum-dydaktyki\/doskonalenie-dydaktyczne\/"},{"@type":"ListItem","position":3,"name":"Projekty"}]},{"@type":"WebSite","@id":"https:\/\/uniwersytetotwarty.us.edu.pl\/centrum-dydaktyki\/#website","url":"https:\/\/uniwersytetotwarty.us.edu.pl\/centrum-dydaktyki\/","name":"Centrum Dydaktyki","description":"","publisher":{"@id":"https:\/\/uniwersytetotwarty.us.edu.pl\/centrum-dydaktyki\/#organization"},"potentialAction":[{"@type":"SearchAction","target":{"@type":"EntryPoint","urlTemplate":"https:\/\/uniwersytetotwarty.us.edu.pl\/centrum-dydaktyki\/?s={search_term_string}"},"query-input":{"@type":"PropertyValueSpecification","valueRequired":true,"valueName":"search_term_string"}}],"inLanguage":"pl-PL"},{"@type":"Organization","@id":"https:\/\/uniwersytetotwarty.us.edu.pl\/centrum-dydaktyki\/#organization","name":"Uniwersytet \u015al\u0105ski","url":"https:\/\/uniwersytetotwarty.us.edu.pl\/centrum-dydaktyki\/","logo":{"@type":"ImageObject","inLanguage":"pl-PL","@id":"https:\/\/uniwersytetotwarty.us.edu.pl\/centrum-dydaktyki\/#\/schema\/logo\/image\/","url":"https:\/\/uniwersytetotwarty.us.edu.pl\/centrum-dydaktyki\/wp-content\/uploads\/sites\/9\/2023\/10\/logo-1.svg","contentUrl":"https:\/\/uniwersytetotwarty.us.edu.pl\/centrum-dydaktyki\/wp-content\/uploads\/sites\/9\/2023\/10\/logo-1.svg","width":414,"height":71,"caption":"Uniwersytet \u015al\u0105ski"},"image":{"@id":"https:\/\/uniwersytetotwarty.us.edu.pl\/centrum-dydaktyki\/#\/schema\/logo\/image\/"}}]}},"_links":{"self":[{"href":"https:\/\/uniwersytetotwarty.us.edu.pl\/centrum-dydaktyki\/wp-json\/wp\/v2\/pages\/278","targetHints":{"allow":["GET"]}}],"collection":[{"href":"https:\/\/uniwersytetotwarty.us.edu.pl\/centrum-dydaktyki\/wp-json\/wp\/v2\/pages"}],"about":[{"href":"https:\/\/uniwersytetotwarty.us.edu.pl\/centrum-dydaktyki\/wp-json\/wp\/v2\/types\/page"}],"author":[{"embeddable":true,"href":"https:\/\/uniwersytetotwarty.us.edu.pl\/centrum-dydaktyki\/wp-json\/wp\/v2\/users\/8"}],"replies":[{"embeddable":true,"href":"https:\/\/uniwersytetotwarty.us.edu.pl\/centrum-dydaktyki\/wp-json\/wp\/v2\/comments?post=278"}],"version-history":[{"count":4,"href":"https:\/\/uniwersytetotwarty.us.edu.pl\/centrum-dydaktyki\/wp-json\/wp\/v2\/pages\/278\/revisions"}],"predecessor-version":[{"id":629,"href":"https:\/\/uniwersytetotwarty.us.edu.pl\/centrum-dydaktyki\/wp-json\/wp\/v2\/pages\/278\/revisions\/629"}],"up":[{"embeddable":true,"href":"https:\/\/uniwersytetotwarty.us.edu.pl\/centrum-dydaktyki\/wp-json\/wp\/v2\/pages\/32"}],"wp:attachment":[{"href":"https:\/\/uniwersytetotwarty.us.edu.pl\/centrum-dydaktyki\/wp-json\/wp\/v2\/media?parent=278"}],"curies":[{"name":"wp","href":"https:\/\/api.w.org\/{rel}","templated":true}]}}